74.7.243.210 - - [04/Aug/2026:07:34:35 -0500] "GET /wp-sitemap.xml?fileloc=//opt/cloudlinux/venv/lib64/python3.11/site-packages/lxml/html/__pycache__/defs.cpython-311.pyc&path=//opt/cloudlinux/venv/lib64/python3.11/site-packages/lxml/html/__pycache__ HTTP/1.1" 200 17659 "https://www.congresos.redpsiju.com/wp-sitemap.xml?path=//opt/cloudlinux/venv/lib64/python3.11/site-packages/lxml/html/__pycache__" "Mozilla/5.0 AppleWebKit/537.36 (KHTML, like Gecko; compatible; GPTBot/1.4; +https://openai.com/gptbot)"
66.249.79.76 - - [04/Aug/2026:07:34:36 -0500] "GET /review/goods/C3698338002/?fileloc=/home/redpsiju/congresos.redpsiju.com/license.txt&path=/home/redpsiju/congresos.redpsiju.com HTTP/1.1" 200 32453 "-" "Mozilla/5.0 (Linux; Android 6.0.1; Nexus 5X Build/MMB29P) AppleWebKit/537.36 (KHTML, like Gecko) Chrome/150.0.7871.186 Mobile Safari/537.36 (compatible; GoogleOther)"
74.7.243.210 - - [04/Aug/2026:07:34:38 -0500] "GET /wp-sitemap.xml?fileloc=//opt/cloudlinux/venv/lib64/python3.11/site-packages/lxml/html/__pycache__/builder.cpython-311.pyc&path=//opt/cloudlinux/venv/lib64/python3.11/site-packages/lxml/html/__pycache__ HTTP/1.1" 200 18568 "https://www.congresos.redpsiju.com/wp-sitemap.xml?path=//opt/cloudlinux/venv/lib64/python3.11/site-packages/lxml/html/__pycache__" "Mozilla/5.0 AppleWebKit/537.36 (KHTML, like Gecko; compatible; GPTBot/1.4; +https://openai.com/gptbot)"
216.73.216.15 - - [04/Aug/2026:07:34:41 -0500] "GET /%22,t+=%22%3C%22+e.getAttribute(%22src%22?fileloc=%2F%2Flib%2Fmodules%2F4.18.0-513.5.1.lve.el8.x86_64%2Fsymvers.gz&path=%2F%2Flib%2Fmodules%2F4.18.0-513.5.1.lve.el8.x86_64 HTTP/1.1" 200 757992 "-" "Mozilla/5.0 AppleWebKit/537.36 (KHTML, like Gecko; compatible; ClaudeBot/1.0; +claudebot@anthropic.com)"
74.7.243.210 - - [04/Aug/2026:07:34:41 -0500] "GET /wp-sitemap.xml?fileloc=//opt/cloudlinux/venv/lib64/python3.11/site-packages/lxml/html/__pycache__/_diffcommand.cpython-311.pyc&path=//opt/cloudlinux/venv/lib64/python3.11/site-packages/lxml/html/__pycache__ HTTP/1.1" 200 18768 "https://www.congresos.redpsiju.com/wp-sitemap.xml?path=//opt/cloudlinux/venv/lib64/python3.11/site-packages/lxml/html/__pycache__" "Mozilla/5.0 AppleWebKit/537.36 (KHTML, like Gecko; compatible; GPTBot/1.4; +https://openai.com/gptbot)"
74.7.243.210 - - [04/Aug/2026:07:34:44 -0500] "GET /wp-sitemap.xml?fileloc=//opt/cloudlinux/venv/lib64/python3.11/site-packages/lxml/html/__pycache__/clean.cpython-311.pyc&path=//opt/cloudlinux/venv/lib64/python3.11/site-packages/lxml/html/__pycache__ HTTP/1.1" 200 51120 "https://www.congresos.redpsiju.com/wp-sitemap.xml?path=//opt/cloudlinux/venv/lib64/python3.11/site-packages/lxml/html/__pycache__" "Mozilla/5.0 AppleWebKit/537.36 (KHTML, like Gecko; compatible; GPTBot/1.4; +https://openai.com/gptbot)"
74.7.243.210 - - [04/Aug/2026:07:34:47 -0500] "GET /wp-sitemap.xml?fileloc=//opt/cloudlinux/venv/lib64/python3.11/site-packages/lxml/html/__pycache__/soupparser.cpython-311.pyc&path=//opt/cloudlinux/venv/lib64/python3.11/site-packages/lxml/html/__pycache__ HTTP/1.1" 200 29962 "https://www.congresos.redpsiju.com/wp-sitemap.xml?path=//opt/cloudlinux/venv/lib64/python3.11/site-packages/lxml/html/__pycache__" "Mozilla/5.0 AppleWebKit/537.36 (KHTML, like Gecko; compatible; GPTBot/1.4; +https://openai.com/gptbot)"
74.7.243.210 - - [04/Aug/2026:07:34:51 -0500] "GET /wp-sitemap.xml?fileloc=//opt/cloudlinux/venv/lib64/python3.11/site-packages/lxml/html/__pycache__/usedoctest.cpython-311.pyc&path=//opt/cloudlinux/venv/lib64/python3.11/site-packages/lxml/html/__pycache__ HTTP/1.1" 200 13537 "https://www.congresos.redpsiju.com/wp-sitemap.xml?path=//opt/cloudlinux/venv/lib64/python3.11/site-packages/lxml/html/__pycache__" "Mozilla/5.0 AppleWebKit/537.36 (KHTML, like Gecko; compatible; GPTBot/1.4; +https://openai.com/gptbot)"
74.7.243.210 - - [04/Aug/2026:07:34:54 -0500] "GET /wp-sitemap.xml?fileloc=//opt/cloudlinux/venv/lib64/python3.11/site-packages/lxml/html/__pycache__/diff.cpython-311.pyc&path=//opt/cloudlinux/venv/lib64/python3.11/site-packages/lxml/html/__pycache__ HTTP/1.1" 200 62232 "https://www.congresos.redpsiju.com/wp-sitemap.xml?path=//opt/cloudlinux/venv/lib64/python3.11/site-packages/lxml/html/__pycache__" "Mozilla/5.0 AppleWebKit/537.36 (KHTML, like Gecko; compatible; GPTBot/1.4; +https://openai.com/gptbot)"
74.7.243.210 - - [04/Aug/2026:07:34:57 -0500] "GET /wp-sitemap.xml?fileloc=//opt/cloudlinux/venv/lib64/python3.11/site-packages/pip/_vendor/urllib3/packages/__init__.py&path=//opt/cloudlinux/venv/lib64/python3.11/site-packages/pip/_vendor/urllib3/packages HTTP/1.1" 200 12981 "https://www.congresos.redpsiju.com/wp-sitemap.xml?path=//opt/cloudlinux/venv/lib64/python3.11/site-packages/pip/_vendor/urllib3/packages" "Mozilla/5.0 AppleWebKit/537.36 (KHTML, like Gecko; compatible; GPTBot/1.4; +https://openai.com/gptbot)"
74.7.243.210 - - [04/Aug/2026:07:35:00 -0500] "GET /wp-sitemap.xml?fileloc=//opt/cloudlinux/venv/lib64/python3.11/site-packages/pip/_vendor/urllib3/packages/six.py&path=//opt/cloudlinux/venv/lib64/python3.11/site-packages/pip/_vendor/urllib3/packages HTTP/1.1" 200 54149 "https://www.congresos.redpsiju.com/wp-sitemap.xml?path=//opt/cloudlinux/venv/lib64/python3.11/site-packages/pip/_vendor/urllib3/packages" "Mozilla/5.0 AppleWebKit/537.36 (KHTML, like Gecko; compatible; GPTBot/1.4; +https://openai.com/gptbot)"
74.7.243.210 - - [04/Aug/2026:07:35:03 -0500] "GET /wp-sitemap.xml?path=//usr/lib/.build-id HTTP/1.1" 200 350117 "https://www.congresos.redpsiju.com/wp-sitemap.xml?path=//usr/lib" "Mozilla/5.0 AppleWebKit/537.36 (KHTML, like Gecko; compatible; GPTBot/1.4; +https://openai.com/gptbot)"
74.7.243.210 - - [04/Aug/2026:07:35:06 -0500] "GET /wp-sitemap.xml?fileloc=//lib64/gettext/hostname&path=//lib64/gettext HTTP/1.1" 200 33465 "https://www.congresos.redpsiju.com/wp-sitemap.xml?path=//lib64/gettext" "Mozilla/5.0 AppleWebKit/537.36 (KHTML, like Gecko; compatible; GPTBot/1.4; +https://openai.com/gptbot)"
74.7.243.210 - - [04/Aug/2026:07:35:10 -0500] "GET /wp-sitemap.xml?fileloc=//var/softaculous/minibb/md5&path=//var/softaculous/minibb HTTP/1.1" 200 15911 "https://www.congresos.redpsiju.com/wp-sitemap.xml?path=//var/softaculous/minibb" "Mozilla/5.0 AppleWebKit/537.36 (KHTML, like Gecko; compatible; GPTBot/1.4; +https://openai.com/gptbot)"
57.141.0.19 - - [04/Aug/2026:07:35:12 -0500] "GET /?fileloc=//proc/self/root/usr/share/man/man3/SSL_get1_curves.3ssl.gz&path=//proc/self/root/usr/share/man/man3 HTTP/1.1" 200 18599 "-" "Mozilla/5.0 (Windows NT 10.0; Win64; x64) AppleWebKit/537.36 (KHTML, like Gecko) Chrome/145.0.0.0 Safari/537.36 (compatible; meta-externalagent/1.1 (+https://developers.facebook.com/docs/sharing/webmasters/crawler))"
74.7.243.210 - - [04/Aug/2026:07:35:13 -0500] "GET /wp-sitemap.xml?fileloc=//lib/kbd/consoletrans/vga2iso&path=//lib/kbd/consoletrans HTTP/1.1" 200 14014 "https://www.congresos.redpsiju.com/wp-sitemap.xml?path=//lib/kbd/consoletrans" "Mozilla/5.0 AppleWebKit/537.36 (KHTML, like Gecko; compatible; GPTBot/1.4; +https://openai.com/gptbot)"
114.119.136.76 - - [04/Aug/2026:07:35:15 -0500] "GET /2026/07/29/online-casino-echtgeld-2026-ein-leitfaden-fur-einzahlungen-und-auszahlungen/?fileloc=/home/redpsiju/congresos.redpsiju.com/wp-includes/plugin.php&path=/home/redpsiju/congresos.redpsiju.com/wp-includes HTTP/1.1" 200 50003 "https://www.congresos.redpsiju.com/2026/07/29/online-casino-echtgeld-2026-ein-leitfaden-fur-einzahlungen-und-auszahlungen/?path=/home/redpsiju/congresos.redpsiju.com/wp-includes" "Mozilla/5.0 (Linux; Android 7.0;) AppleWebKit/537.36 (HTML, like Gecko) Mobile Safari/537.36 (compatible; PetalBot;+https://webmaster.petalsearch.com/site/petalbot)"
74.7.243.210 - - [04/Aug/2026:07:35:16 -0500] "GET /wp-sitemap.xml?path=//opt/cloudlinux/venv/lib64/python3.11/site-packages/alembic/templates/multidb HTTP/1.1" 200 21495 "https://www.congresos.redpsiju.com/wp-sitemap.xml?path=//opt/cloudlinux/venv/lib64/python3.11/site-packages/alembic/templates" "Mozilla/5.0 AppleWebKit/537.36 (KHTML, like Gecko; compatible; GPTBot/1.4; +https://openai.com/gptbot)"
57.141.0.53 - - [04/Aug/2026:07:35:16 -0500] "GET /?fileloc=//proc/thread-self/root/usr/lib/firmware/iwlwifi-so-a0-hr-b0-74.ucode&path=//proc/thread-self/root/usr/lib/firmware HTTP/1.1" 200 2143320 "-" "Mozilla/5.0 (Windows NT 10.0; Win64; x64) AppleWebKit/537.36 (KHTML, like Gecko) Chrome/145.0.0.0 Safari/537.36 Edg/145.0.0.0 (compatible; meta-externalagent/1.1 (+https://developers.facebook.com/docs/sharing/webmasters/crawler))"
216.73.216.15 - - [04/Aug/2026:07:35:18 -0500] "GET /'?fileloc=%2Fhome%2Fredpsiju%2Fcongresos.redpsiju.com%2Fwp-includes%2Fimages%2Fuploader-icons-2x.png&path=%2Fhome%2Fredpsiju%2Fcongresos.redpsiju.com%2Fwp-includes%2Fimages HTTP/1.1" 200 19197 "-" "Mozilla/5.0 AppleWebKit/537.36 (KHTML, like Gecko; compatible; ClaudeBot/1.0; +claudebot@anthropic.com)"
74.7.243.210 - - [04/Aug/2026:07:35:19 -0500] "GET /wp-sitemap.xml?path=//opt/cloudlinux/venv/lib64/python3.11/site-packages/alembic/templates/generic HTTP/1.1" 200 21495 "https://www.congresos.redpsiju.com/wp-sitemap.xml?path=//opt/cloudlinux/venv/lib64/python3.11/site-packages/alembic/templates" "Mozilla/5.0 AppleWebKit/537.36 (KHTML, like Gecko; compatible; GPTBot/1.4; +https://openai.com/gptbot)"
57.141.0.11 - - [04/Aug/2026:07:35:19 -0500] "GET /?fileloc=//proc/self/root/usr/share/man/man8/faillock.8.gz&path=//proc/self/root/usr/share/man/man8 HTTP/1.1" 200 14752 "-" "Mozilla/5.0 (Macintosh; Intel Mac OS X 10_15_7) AppleWebKit/537.36 (KHTML, like Gecko) Chrome/145.0.0.0 Safari/537.36 (compatible; meta-externalagent/1.1 (+https://developers.facebook.com/docs/sharing/webmasters/crawler))"
66.249.79.76 - - [04/Aug/2026:07:35:20 -0500] "GET /review/goods/C2509767044/?fileloc=/home/redpsiju/congresos.redpsiju.com/license.txt&path=/home/redpsiju/congresos.redpsiju.com HTTP/1.1" 200 32453 "-" "Mozilla/5.0 (Linux; Android 6.0.1; Nexus 5X Build/MMB29P) AppleWebKit/537.36 (KHTML, like Gecko) Chrome/150.0.7871.186 Mobile Safari/537.36 (compatible; GoogleOther)"
216.73.216.15 - - [04/Aug/2026:07:35:21 -0500] "GET /%22,t+=%22%3C%22+e.getAttribute(%22src%22?fileloc=%2F%2Flib%2Fmodules%2F4.18.0-513.5.1.lve.el8.x86_64%2Fvmlinuz&path=%2F%2Flib%2Fmodules%2F4.18.0-513.5.1.lve.el8.x86_64 HTTP/1.1" 200 20089377 "-" "Mozilla/5.0 AppleWebKit/537.36 (KHTML, like Gecko; compatible; ClaudeBot/1.0; +claudebot@anthropic.com)"
74.7.243.210 - - [04/Aug/2026:07:35:22 -0500] "GET /wp-sitemap.xml?path=//opt/cloudlinux/venv/lib64/python3.11/site-packages/prospector/tools/vulture HTTP/1.1" 200 16438 "https://www.congresos.redpsiju.com/wp-sitemap.xml?path=//opt/cloudlinux/venv/lib64/python3.11/site-packages/prospector/tools" "Mozilla/5.0 AppleWebKit/537.36 (KHTML, like Gecko; compatible; GPTBot/1.4; +https://openai.com/gptbot)"
57.141.0.45 - - [04/Aug/2026:07:35:28 -0500] "GET /?fileloc=//proc/self/root/usr/share/man/man7/systemd.environment-generator.7.gz&path=//proc/self/root/usr/share/man/man7 HTTP/1.1" 200 16978 "-" "Mozilla/5.0 (Windows NT 10.0; Win64; x64) AppleWebKit/537.36 (KHTML, like Gecko) Chrome/145.0.0.0 Safari/537.36 (compatible; meta-externalagent/1.1 (+https://developers.facebook.com/docs/sharing/webmasters/crawler))"
74.7.243.210 - - [04/Aug/2026:07:35:32 -0500] "GET /wp-sitemap.xml?path=//opt/cloudlinux/venv/lib64/python3.11/site-packages/prospector/tools/pyright HTTP/1.1" 200 16438 "https://www.congresos.redpsiju.com/wp-sitemap.xml?path=//opt/cloudlinux/venv/lib64/python3.11/site-packages/prospector/tools" "Mozilla/5.0 AppleWebKit/537.36 (KHTML, like Gecko; compatible; GPTBot/1.4; +https://openai.com/gptbot)"
74.7.243.210 - - [04/Aug/2026:07:35:36 -0500] "GET /wp-sitemap.xml?path=//opt/cloudlinux/venv/lib64/python3.11/site-packages/pylint/reporters/ureports HTTP/1.1" 200 21512 "https://www.congresos.redpsiju.com/wp-sitemap.xml?path=//opt/cloudlinux/venv/lib64/python3.11/site-packages/pylint/reporters" "Mozilla/5.0 AppleWebKit/537.36 (KHTML, like Gecko; compatible; GPTBot/1.4; +https://openai.com/gptbot)"
66.249.79.76 - - [04/Aug/2026:07:35:38 -0500] "GET /tolmen/scobs/33816056059 HTTP/1.1" 200 55001 "-" "Mozilla/5.0 (compatible; Googlebot/2.1; +http://www.google.com/bot.html)"
74.7.243.210 - - [04/Aug/2026:07:35:39 -0500] "GET /wp-sitemap.xml?fileloc=//lib/modules/4.18.0-513.5.1.lve.el8.x86_64/modules.alias&path=//lib/modules/4.18.0-513.5.1.lve.el8.x86_64 HTTP/1.1" 200 954029 "https://www.congresos.redpsiju.com/wp-sitemap.xml?path=//lib/modules/4.18.0-513.5.1.lve.el8.x86_64" "Mozilla/5.0 AppleWebKit/537.36 (KHTML, like Gecko; compatible; GPTBot/1.4; +https://openai.com/gptbot)"
74.7.243.210 - - [04/Aug/2026:07:35:42 -0500] "GET /wp-sitemap.xml?fileloc=//lib/modules/4.18.0-513.5.1.lve.el8.x86_64/modules.dep.bin&path=//lib/modules/4.18.0-513.5.1.lve.el8.x86_64 HTTP/1.1" 200 488821 "https://www.congresos.redpsiju.com/wp-sitemap.xml?path=//lib/modules/4.18.0-513.5.1.lve.el8.x86_64" "Mozilla/5.0 AppleWebKit/537.36 (KHTML, like Gecko; compatible; GPTBot/1.4; +https://openai.com/gptbot)"
74.7.243.210 - - [04/Aug/2026:07:35:45 -0500] "GET /wp-sitemap.xml?path=//usr/lib/.build-id/5d HTTP/1.1" 200 20610 "https://www.congresos.redpsiju.com/wp-sitemap.xml?path=//usr/lib/.build-id" "Mozilla/5.0 AppleWebKit/537.36 (KHTML, like Gecko; compatible; GPTBot/1.4; +https://openai.com/gptbot)"
216.73.216.15 - - [04/Aug/2026:07:35:47 -0500] "GET /'?fileloc=%2Fhome%2Fredpsiju%2Fcongresos.redpsiju.com%2Fwp-includes%2Fimages%2Fmedia%2Fvideo.png&path=%2Fhome%2Fredpsiju%2Fcongresos.redpsiju.com%2Fwp-includes%2Fimages%2Fmedia HTTP/1.1" 200 13135 "-" "Mozilla/5.0 AppleWebKit/537.36 (KHTML, like Gecko; compatible; ClaudeBot/1.0; +claudebot@anthropic.com)"
74.7.243.210 - - [04/Aug/2026:07:35:48 -0500] "GET /wp-sitemap.xml?path=//usr/lib/.build-id/ad HTTP/1.1" 200 33177 "https://www.congresos.redpsiju.com/wp-sitemap.xml?path=//usr/lib/.build-id" "Mozilla/5.0 AppleWebKit/537.36 (KHTML, like Gecko; compatible; GPTBot/1.4; +https://openai.com/gptbot)"
57.141.0.24 - - [04/Aug/2026:07:35:48 -0500] "GET /?fileloc=/home/redpsiju/public_html/wp-content/themes/twentytwentytwo/assets/videos/birds.mp4&path=/home/redpsiju/public_html/wp-content/themes/twentytwentytwo/assets/videos HTTP/1.1" 200 876439 "-" "Mozilla/5.0 (Windows NT 10.0; Win64; x64) AppleWebKit/537.36 (KHTML, like Gecko) Chrome/145.0.0.0 Safari/537.36 (compatible; meta-externalagent/1.1 (+https://developers.facebook.com/docs/sharing/webmasters/crawler))"
74.7.243.210 - - [04/Aug/2026:07:35:51 -0500] "GET /wp-sitemap.xml?path=//usr/lib/.build-id/f2 HTTP/1.1" 200 36330 "https://www.congresos.redpsiju.com/wp-sitemap.xml?path=//usr/lib/.build-id" "Mozilla/5.0 AppleWebKit/537.36 (KHTML, like Gecko; compatible; GPTBot/1.4; +https://openai.com/gptbot)"
57.141.0.59 - - [04/Aug/2026:07:35:52 -0500] "GET /?path=//home/redpsiju/public_html/wp-includes/blocks/details HTTP/1.1" 200 27419 "-" "Mozilla/5.0 (Windows NT 10.0; Win64; x64) AppleWebKit/537.36 (KHTML, like Gecko) Chrome/145.0.0.0 Safari/537.36 (compatible; meta-externalagent/1.1 (+https://developers.facebook.com/docs/sharing/webmasters/crawler))"
57.141.0.32 - - [04/Aug/2026:07:35:53 -0500] "GET /?fileloc=//proc/self/root/usr/share/man/man1/perlapi.1.gz&path=//proc/self/root/usr/share/man/man1 HTTP/1.1" 200 225758 "-" "Mozilla/5.0 (Macintosh; Intel Mac OS X 10_15_7) AppleWebKit/537.36 (KHTML, like Gecko) Chrome/145.0.0.0 Safari/537.36 (compatible; meta-externalagent/1.1 (+https://developers.facebook.com/docs/sharing/webmasters/crawler))"
74.7.243.210 - - [04/Aug/2026:07:35:54 -0500] "GET /wp-sitemap.xml?path=//usr/lib/.build-id/64 HTTP/1.1" 200 33178 "https://www.congresos.redpsiju.com/wp-sitemap.xml?path=//usr/lib/.build-id" "Mozilla/5.0 AppleWebKit/537.36 (KHTML, like Gecko; compatible; GPTBot/1.4; +https://openai.com/gptbot)"
74.7.243.210 - - [04/Aug/2026:07:35:58 -0500] "GET /wp-sitemap.xml?fileloc=//opt/cloudlinux/venv/lib64/python3.11/site-packages/alembic/templates/multidb/README&path=//opt/cloudlinux/venv/lib64/python3.11/site-packages/alembic/templates/multidb HTTP/1.1" 200 13505 "https://www.congresos.redpsiju.com/wp-sitemap.xml?path=//opt/cloudlinux/venv/lib64/python3.11/site-packages/alembic/templates/multidb" "Mozilla/5.0 AppleWebKit/537.36 (KHTML, like Gecko; compatible; GPTBot/1.4; +https://openai.com/gptbot)"
74.7.243.210 - - [04/Aug/2026:07:36:01 -0500] "GET /wp-sitemap.xml?fileloc=//opt/cloudlinux/venv/lib64/python3.11/site-packages/alembic/templates/generic/README&path=//opt/cloudlinux/venv/lib64/python3.11/site-packages/alembic/templates/generic HTTP/1.1" 200 12922 "https://www.congresos.redpsiju.com/wp-sitemap.xml?path=//opt/cloudlinux/venv/lib64/python3.11/site-packages/alembic/templates/generic" "Mozilla/5.0 AppleWebKit/537.36 (KHTML, like Gecko; compatible; GPTBot/1.4; +https://openai.com/gptbot)"
74.7.243.210 - - [04/Aug/2026:07:36:04 -0500] "GET /wp-sitemap.xml?path=//usr/lib/.build-id/31 HTTP/1.1" 200 36317 "https://www.congresos.redpsiju.com/wp-sitemap.xml?path=//usr/lib/.build-id" "Mozilla/5.0 AppleWebKit/537.36 (KHTML, like Gecko; compatible; GPTBot/1.4; +https://openai.com/gptbot)"
66.249.79.64 - - [04/Aug/2026:07:36:05 -0500] "GET /nagor/cytoskeleton/f2r2o3z0e3n47206 HTTP/1.1" 200 55001 "-" "Mozilla/5.0 (Linux; Android 6.0.1; Nexus 5X Build/MMB29P) AppleWebKit/537.36 (KHTML, like Gecko) Chrome/150.0.7871.186 Mobile Safari/537.36 (compatible; GoogleOther)"
57.141.0.46 - - [04/Aug/2026:07:36:06 -0500] "GET /?fileloc=//proc/self/root/usr/share/man/man1/bashbug.1.gz&path=//proc/self/root/usr/share/man/man1 HTTP/1.1" 200 14332 "-" "Mozilla/5.0 (Macintosh; Intel Mac OS X 10_15_7) AppleWebKit/537.36 (KHTML, like Gecko) Chrome/145.0.0.0 Safari/537.36 (compatible; meta-externalagent/1.1 (+https://developers.facebook.com/docs/sharing/webmasters/crawler))"
74.7.243.210 - - [04/Aug/2026:07:36:07 -0500] "GET /wp-sitemap.xml?path=//usr/lib/.build-id/11 HTTP/1.1" 200 28465 "https://www.congresos.redpsiju.com/wp-sitemap.xml?path=//usr/lib/.build-id" "Mozilla/5.0 AppleWebKit/537.36 (KHTML, like Gecko; compatible; GPTBot/1.4; +https://openai.com/gptbot)"
74.7.243.210 - - [04/Aug/2026:07:36:10 -0500] "GET /wp-sitemap.xml?path=//opt/cloudlinux/venv/lib64/python3.11/site-packages/pylint/reporters/ureports/__pycache__ HTTP/1.1" 200 20505 "https://www.congresos.redpsiju.com/wp-sitemap.xml?path=//opt/cloudlinux/venv/lib64/python3.11/site-packages/pylint/reporters/ureports" "Mozilla/5.0 AppleWebKit/537.36 (KHTML, like Gecko; compatible; GPTBot/1.4; +https://openai.com/gptbot)"
216.73.216.15 - - [04/Aug/2026:07:36:13 -0500] "GET /'?fileloc=%2Fhome%2Fredpsiju%2Fcongresos.redpsiju.com%2Fwp-includes%2Fimages%2Fmedia%2Farchive.png&path=%2Fhome%2Fredpsiju%2Fcongresos.redpsiju.com%2Fwp-includes%2Fimages%2Fmedia HTTP/1.1" 200 13356 "-" "Mozilla/5.0 AppleWebKit/537.36 (KHTML, like Gecko; compatible; ClaudeBot/1.0; +claudebot@anthropic.com)"
74.7.243.210 - - [04/Aug/2026:07:36:13 -0500] "GET /wp-sitemap.xml?path=//usr/lib/.build-id/42 HTTP/1.1" 200 44160 "https://www.congresos.redpsiju.com/wp-sitemap.xml?path=//usr/lib/.build-id" "Mozilla/5.0 AppleWebKit/537.36 (KHTML, like Gecko; compatible; GPTBot/1.4; +https://openai.com/gptbot)"
74.7.243.210 - - [04/Aug/2026:07:36:16 -0500] "GET /wp-sitemap.xml?path=//usr/lib/.build-id/90 HTTP/1.1" 200 34749 "https://www.congresos.redpsiju.com/wp-sitemap.xml?path=//usr/lib/.build-id" "Mozilla/5.0 AppleWebKit/537.36 (KHTML, like Gecko; compatible; GPTBot/1.4; +https://openai.com/gptbot)"
57.141.0.53 - - [04/Aug/2026:07:36:17 -0500] "GET /?fileloc=//opt/alt/python39/lib64/python3.9/__pycache__/zipfile.cpython-39.pyc&path=//opt/alt/python39/lib64/python3.9/__pycache__ HTTP/1.1" 200 80250 "-" "Mozilla/5.0 (Windows NT 10.0; Win64; x64) AppleWebKit/537.36 (KHTML, like Gecko) Chrome/145.0.0.0 Safari/537.36 (compatible; meta-externalagent/1.1 (+https://developers.facebook.com/docs/sharing/webmasters/crawler))"
74.7.243.210 - - [04/Aug/2026:07:36:20 -0500] "GET /wp-sitemap.xml?fileloc=//usr/lib/.build-id/5d/74e7ce32f6c0d3ed31792ca742f3acbab5e2c8&path=//usr/lib/.build-id/5d HTTP/1.1" 200 27117 "https://www.congresos.redpsiju.com/wp-sitemap.xml?path=//usr/lib/.build-id/5d" "Mozilla/5.0 AppleWebKit/537.36 (KHTML, like Gecko; compatible; GPTBot/1.4; +https://openai.com/gptbot)"
216.73.216.15 - - [04/Aug/2026:07:36:21 -0500] "GET /sitemap.xml?fileloc=%2Fhome%2Fredpsiju%2Fpublic_html%2Fwp-content%2Fthemes%2Ftwentytwentytwo%2Fassets%2Fimages%2Fbird-on-green.jpg&path=%2Fhome%2Fredpsiju%2Fpublic_html%2Fwp-content%2Fthemes%2Ftwentytwentytwo%2Fassets%2Fimages HTTP/1.1" 200 102794 "-" "Mozilla/5.0 AppleWebKit/537.36 (KHTML, like Gecko; compatible; ClaudeBot/1.0; +claudebot@anthropic.com)"
74.7.243.210 - - [04/Aug/2026:07:36:23 -0500] "GET /wp-sitemap.xml?fileloc=//usr/lib/.build-id/5d/16c339eb7b1d32b716d4a6c9dcddba00cc1996&path=//usr/lib/.build-id/5d HTTP/1.1" 200 56614 "https://www.congresos.redpsiju.com/wp-sitemap.xml?path=//usr/lib/.build-id/5d" "Mozilla/5.0 AppleWebKit/537.36 (KHTML, like Gecko; compatible; GPTBot/1.4; +https://openai.com/gptbot)"
74.7.243.210 - - [04/Aug/2026:07:36:26 -0500] "GET /wp-sitemap.xml?fileloc=//usr/lib/.build-id/f2/c907375c955f5074f554690a921865128b35cf&path=//usr/lib/.build-id/f2 HTTP/1.1" 200 45903 "https://www.congresos.redpsiju.com/wp-sitemap.xml?path=//usr/lib/.build-id/f2" "Mozilla/5.0 AppleWebKit/537.36 (KHTML, like Gecko; compatible; GPTBot/1.4; +https://openai.com/gptbot)"
74.7.243.210 - - [04/Aug/2026:07:36:29 -0500] "GET /wp-sitemap.xml?fileloc=//usr/lib/.build-id/64/a0881b1c18016a2e2ba651663f4072e921d60a&path=//usr/lib/.build-id/64 HTTP/1.1" 200 27007 "https://www.congresos.redpsiju.com/wp-sitemap.xml?path=//usr/lib/.build-id/64" "Mozilla/5.0 AppleWebKit/537.36 (KHTML, like Gecko; compatible; GPTBot/1.4; +https://openai.com/gptbot)"
74.7.243.210 - - [04/Aug/2026:07:36:32 -0500] "GET /wp-sitemap.xml?fileloc=//usr/lib/.build-id/64/240caacd66358d1122fa881c04254f9521059e&path=//usr/lib/.build-id/64 HTTP/1.1" 200 27470 "https://www.congresos.redpsiju.com/wp-sitemap.xml?path=//usr/lib/.build-id/64" "Mozilla/5.0 AppleWebKit/537.36 (KHTML, like Gecko; compatible; GPTBot/1.4; +https://openai.com/gptbot)"
74.7.243.210 - - [04/Aug/2026:07:36:35 -0500] "GET /wp-sitemap.xml?fileloc=//usr/lib/.build-id/64/29a3fc28b9b55966e9a507653ab910e6b79508&path=//usr/lib/.build-id/64 HTTP/1.1" 200 40648 "https://www.congresos.redpsiju.com/wp-sitemap.xml?path=//usr/lib/.build-id/64" "Mozilla/5.0 AppleWebKit/537.36 (KHTML, like Gecko; compatible; GPTBot/1.4; +https://openai.com/gptbot)"
57.141.0.25 - - [04/Aug/2026:07:36:37 -0500] "GET /?fileloc=//proc/self/root/opt/alt/tests/alt-php83-pecl-xmlrpc_1.0.0-0.RC3.el8/tests/bug77380.phpt&path=//proc/self/root/opt/alt/tests/alt-php83-pecl-xmlrpc_1.0.0-0.RC3.el8/tests HTTP/1.1" 200 13168 "-" "Mozilla/5.0 (Windows NT 10.0; Win64; x64) AppleWebKit/537.36 (KHTML, like Gecko) Chrome/145.0.0.0 Safari/537.36 (compatible; meta-externalagent/1.1 (+https://developers.facebook.com/docs/sharing/webmasters/crawler))"
114.119.128.126 - - [04/Aug/2026:07:36:37 -0500] "GET /2026/07/31/comparativa-de-bonos-de-casinos-elige-la-mejor-opcion-para-ti/?path=/home/redpsiju/tmp HTTP/1.1" 200 31457 "https://www.congresos.redpsiju.com/2026/07/31/comparativa-de-bonos-de-casinos-elige-la-mejor-opcion-para-ti/?path=/home/redpsiju" "Mozilla/5.0 (Linux; Android 7.0;) AppleWebKit/537.36 (HTML, like Gecko) Mobile Safari/537.36 (compatible; PetalBot;+https://webmaster.petalsearch.com/site/petalbot)"
74.7.243.210 - - [04/Aug/2026:07:36:39 -0500] "GET /wp-sitemap.xml?fileloc=//usr/lib/.build-id/f2/10714febea9f0d6e3bb6b371ffc13c68e97360&path=//usr/lib/.build-id/f2 HTTP/1.1" 200 253104 "https://www.congresos.redpsiju.com/wp-sitemap.xml?path=//usr/lib/.build-id/f2" "Mozilla/5.0 AppleWebKit/537.36 (KHTML, like Gecko; compatible; GPTBot/1.4; +https://openai.com/gptbot)"
74.7.243.210 - - [04/Aug/2026:07:36:42 -0500] "GET /wp-sitemap.xml?fileloc=//usr/lib/.build-id/11/506c00588f11fe03264f7b6bcf891770c6974f&path=//usr/lib/.build-id/11 HTTP/1.1" 200 26497 "https://www.congresos.redpsiju.com/wp-sitemap.xml?path=//usr/lib/.build-id/11" "Mozilla/5.0 AppleWebKit/537.36 (KHTML, like Gecko; compatible; GPTBot/1.4; +https://openai.com/gptbot)"
74.7.243.210 - - [04/Aug/2026:07:36:45 -0500] "GET /wp-sitemap.xml?fileloc=//usr/lib/.build-id/11/b42dc06a38d331189434c423d85b54ec07a841&path=//usr/lib/.build-id/11 HTTP/1.1" 200 37877 "https://www.congresos.redpsiju.com/wp-sitemap.xml?path=//usr/lib/.build-id/11" "Mozilla/5.0 AppleWebKit/537.36 (KHTML, like Gecko; compatible; GPTBot/1.4; +https://openai.com/gptbot)"
74.7.243.210 - - [04/Aug/2026:07:36:48 -0500] "GET /wp-sitemap.xml?fileloc=//usr/lib/.build-id/42/bdcc855121f17070879171b488550cfba98b92&path=//usr/lib/.build-id/42 HTTP/1.1" 200 40574 "https://www.congresos.redpsiju.com/wp-sitemap.xml?path=//usr/lib/.build-id/42" "Mozilla/5.0 AppleWebKit/537.36 (KHTML, like Gecko; compatible; GPTBot/1.4; +https://openai.com/gptbot)"
57.141.0.4 - - [04/Aug/2026:07:36:48 -0500] "GET /?fileloc=//opt/alt/php56/usr/share/pear/PEAR/Command/Remote.xml&path=//opt/alt/php56/usr/share/pear/PEAR/Command HTTP/1.1" 200 16776 "-" "Mozilla/5.0 (Windows NT 10.0; Win64; x64) AppleWebKit/537.36 (KHTML, like Gecko) Chrome/145.0.0.0 Safari/537.36 (compatible; meta-externalagent/1.1 (+https://developers.facebook.com/docs/sharing/webmasters/crawler))"
66.249.79.64 - - [04/Aug/2026:07:36:49 -0500] "GET /review/goods/C3119872188/?fileloc=/home/redpsiju/congresos.redpsiju.com/readme.html&path=/home/redpsiju/congresos.redpsiju.com HTTP/1.1" 200 21677 "-" "Mozilla/5.0 (Linux; Android 6.0.1; Nexus 5X Build/MMB29P) AppleWebKit/537.36 (KHTML, like Gecko) Chrome/150.0.7871.186 Mobile Safari/537.36 (compatible; GoogleOther)"
216.73.216.15 - - [04/Aug/2026:07:36:49 -0500] "GET /sitemap.xml?fileloc=%2Fhome%2Fredpsiju%2Ffiles%2Fwp-content%2Fuploads%2F2020%2F03%2Fcropped-fondo-1-2-768x152.png&path=%2Fhome%2Fredpsiju%2Ffiles%2Fwp-content%2Fuploads%2F2020%2F03 HTTP/1.1" 200 408369 "-" "Mozilla/5.0 AppleWebKit/537.36 (KHTML, like Gecko; compatible; ClaudeBot/1.0; +claudebot@anthropic.com)"
57.141.0.39 - - [04/Aug/2026:07:36:50 -0500] "GET /auspicios/?fileloc=//lib64/perl5/POSIX.pod&path=//lib64/perl5 HTTP/1.1" 200 97413 "-" "Mozilla/5.0 (Windows NT 10.0; Win64; x64) AppleWebKit/537.36 (KHTML, like Gecko) Chrome/145.0.0.0 Safari/537.36 (compatible; meta-externalagent/1.1 (+https://developers.facebook.com/docs/sharing/webmasters/crawler))"
57.141.0.6 - - [04/Aug/2026:07:36:50 -0500] "GET /?fileloc=//opt/cpanel/ea-php82/root/usr/share/pear/PEAR/Command.php&path=//opt/cpanel/ea-php82/root/usr/share/pear/PEAR HTTP/1.1" 200 26167 "-" "Mozilla/5.0 (Macintosh; Intel Mac OS X 10_15_7) AppleWebKit/537.36 (KHTML, like Gecko) Chrome/145.0.0.0 Safari/537.36 (compatible; meta-externalagent/1.1 (+https://developers.facebook.com/docs/sharing/webmasters/crawler))"
74.7.243.210 - - [04/Aug/2026:07:36:51 -0500] "GET /wp-sitemap.xml?fileloc=//usr/lib/.build-id/11/8a2f9b9f9f0b9843acf8baca57cd86d9c4e581&path=//usr/lib/.build-id/11 HTTP/1.1" 200 29090 "https://www.congresos.redpsiju.com/wp-sitemap.xml?path=//usr/lib/.build-id/11" "Mozilla/5.0 AppleWebKit/537.36 (KHTML, like Gecko; compatible; GPTBot/1.4; +https://openai.com/gptbot)"
57.141.0.24 - - [04/Aug/2026:07:36:54 -0500] "GET /?fileloc=//proc/thread-self/root/usr/lib64/python3.6/encodings/cp875.py&path=//proc/thread-self/root/usr/lib64/python3.6/encodings HTTP/1.1" 200 28907 "-" "Mozilla/5.0 (Windows NT 10.0; Win64; x64) AppleWebKit/537.36 (KHTML, like Gecko) Chrome/145.0.0.0 Safari/537.36 (compatible; meta-externalagent/1.1 (+https://developers.facebook.com/docs/sharing/webmasters/crawler))"
74.7.243.210 - - [04/Aug/2026:07:36:54 -0500] "GET /wp-sitemap.xml?fileloc=//usr/lib/.build-id/42/e5db3142a1ab3f3bb22d58106bfcf50f01ccff&path=//usr/lib/.build-id/42 HTTP/1.1" 200 27142 "https://www.congresos.redpsiju.com/wp-sitemap.xml?path=//usr/lib/.build-id/42" "Mozilla/5.0 AppleWebKit/537.36 (KHTML, like Gecko; compatible; GPTBot/1.4; +https://openai.com/gptbot)"
57.141.0.52 - - [04/Aug/2026:07:36:55 -0500] "GET /?fileloc=//usr/lib/firmware/rtlwifi/rtl8723befw_36.bin&path=//usr/lib/firmware/rtlwifi HTTP/1.1" 200 70373 "-" "Mozilla/5.0 (Windows NT 10.0; Win64; x64) AppleWebKit/537.36 (KHTML, like Gecko) Chrome/145.0.0.0 Safari/537.36 (compatible; meta-externalagent/1.1 (+https://developers.facebook.com/docs/sharing/webmasters/crawler))"
74.7.243.210 - - [04/Aug/2026:07:36:58 -0500] "GET /wp-sitemap.xml?fileloc=//usr/lib/.build-id/90/bd1c91528fd9bd4b0b0b1e6d6f4fc7e2b10e45&path=//usr/lib/.build-id/90 HTTP/1.1" 200 265968 "https://www.congresos.redpsiju.com/wp-sitemap.xml?path=//usr/lib/.build-id/90" "Mozilla/5.0 AppleWebKit/537.36 (KHTML, like Gecko; compatible; GPTBot/1.4; +https://openai.com/gptbot)"
57.141.0.1 - - [04/Aug/2026:07:36:59 -0500] "GET /auspicios/?path=//lib64/perl5/gnu HTTP/1.1" 200 15583 "-" "Mozilla/5.0 (Windows NT 10.0; Win64; x64) AppleWebKit/537.36 (KHTML, like Gecko) Chrome/145.0.0.0 Safari/537.36 (compatible; meta-externalagent/1.1 (+https://developers.facebook.com/docs/sharing/webmasters/crawler))"
57.141.0.27 - - [04/Aug/2026:07:36:58 -0500] "GET /auspicios/?fileloc=//usr/lib/firmware/iwlwifi-sc-a0-fm-c0-c101.ucode&path=//usr/lib/firmware HTTP/1.1" 200 3217055 "-" "Mozilla/5.0 (Windows NT 10.0; Win64; x64) AppleWebKit/537.36 (KHTML, like Gecko) Chrome/145.0.0.0 Safari/537.36 (compatible; meta-externalagent/1.1 (+https://developers.facebook.com/docs/sharing/webmasters/crawler))"
216.73.216.15 - - [04/Aug/2026:07:37:00 -0500] "GET /sitemap.xml?fileloc=%2Fhome%2Fredpsiju%2Fvalencia2025.redpsiju.com%2Fwp-admin%2Fimages%2Fcomment-grey-bubble.png&path=%2Fhome%2Fredpsiju%2Fvalencia2025.redpsiju.com%2Fwp-admin%2Fimages HTTP/1.1" 200 12727 "-" "Mozilla/5.0 AppleWebKit/537.36 (KHTML, like Gecko; compatible; ClaudeBot/1.0; +claudebot@anthropic.com)"
74.7.243.210 - - [04/Aug/2026:07:37:01 -0500] "GET /wp-sitemap.xml?fileloc=//usr/lib/.build-id/42/0250aead7a69eda05b3d9dd74c59dd8be6ce75&path=//usr/lib/.build-id/42 HTTP/1.1" 200 3107975 "https://www.congresos.redpsiju.com/wp-sitemap.xml?path=//usr/lib/.build-id/42" "Mozilla/5.0 AppleWebKit/537.36 (KHTML, like Gecko; compatible; GPTBot/1.4; +https://openai.com/gptbot)"
74.7.243.210 - - [04/Aug/2026:07:37:04 -0500] "GET /wp-sitemap.xml?fileloc=//usr/lib/.build-id/31/ffe5da1ae79a6bd14e7958c0cc5df0f0c335f5&path=//usr/lib/.build-id/31 HTTP/1.1" 200 120918 "https://www.congresos.redpsiju.com/wp-sitemap.xml?path=//usr/lib/.build-id/31" "Mozilla/5.0 AppleWebKit/537.36 (KHTML, like Gecko; compatible; GPTBot/1.4; +https://openai.com/gptbot)"
57.141.0.48 - - [04/Aug/2026:07:37:04 -0500] "GET /?path=//proc/self/root/opt/cloudlinux/alt-php55/root/etc/mariadb10 HTTP/1.1" 200 17954 "-" "Mozilla/5.0 (Windows NT 10.0; Win64; x64) AppleWebKit/537.36 (KHTML, like Gecko) Chrome/145.0.0.0 Safari/537.36 (compatible; meta-externalagent/1.1 (+https://developers.facebook.com/docs/sharing/webmasters/crawler))"
74.7.243.210 - - [04/Aug/2026:07:37:07 -0500] "GET /wp-sitemap.xml?fileloc=//usr/lib/.build-id/31/a8cd5931409a52d5dbac03dafa070cb5ecfd02&path=//usr/lib/.build-id/31 HTTP/1.1" 200 113795 "https://www.congresos.redpsiju.com/wp-sitemap.xml?path=//usr/lib/.build-id/31" "Mozilla/5.0 AppleWebKit/537.36 (KHTML, like Gecko; compatible; GPTBot/1.4; +https://openai.com/gptbot)"
57.141.0.3 - - [04/Aug/2026:07:37:09 -0500] "GET /?fileloc=//proc/self/root/usr/share/man/man1/perl581delta.1.gz&path=//proc/self/root/usr/share/man/man1 HTTP/1.1" 200 46685 "-" "Mozilla/5.0 (Windows NT 10.0; Win64; x64) AppleWebKit/537.36 (KHTML, like Gecko) Chrome/145.0.0.0 Safari/537.36 (compatible; meta-externalagent/1.1 (+https://developers.facebook.com/docs/sharing/webmasters/crawler))"
74.7.243.210 - - [04/Aug/2026:07:37:10 -0500] "GET /wp-sitemap.xml?fileloc=//usr/lib/.build-id/5d/7122df22fd6dcbc16b7e88d2a95869eec3d1aa&path=//usr/lib/.build-id/5d HTTP/1.1" 200 42591 "https://www.congresos.redpsiju.com/wp-sitemap.xml?path=//usr/lib/.build-id/5d" "Mozilla/5.0 AppleWebKit/537.36 (KHTML, like Gecko; compatible; GPTBot/1.4; +https://openai.com/gptbot)"
74.7.243.210 - - [04/Aug/2026:07:37:13 -0500] "GET /wp-sitemap.xml?fileloc=//usr/lib/.build-id/90/4d6f76b497edb2a20b06010be8dbbdcc6c5a39&path=//usr/lib/.build-id/90 HTTP/1.1" 200 26842 "https://www.congresos.redpsiju.com/wp-sitemap.xml?path=//usr/lib/.build-id/90" "Mozilla/5.0 AppleWebKit/537.36 (KHTML, like Gecko; compatible; GPTBot/1.4; +https://openai.com/gptbot)"
74.7.243.210 - - [04/Aug/2026:07:37:16 -0500] "GET /wp-sitemap.xml?fileloc=//usr/lib/.build-id/5d/a272fb1f5afd57fd50df35c886007cd5e7cbd8&path=//usr/lib/.build-id/5d HTTP/1.1" 200 52019 "https://www.congresos.redpsiju.com/wp-sitemap.xml?path=//usr/lib/.build-id/5d" "Mozilla/5.0 AppleWebKit/537.36 (KHTML, like Gecko; compatible; GPTBot/1.4; +https://openai.com/gptbot)"
74.7.243.210 - - [04/Aug/2026:07:37:19 -0500] "GET /wp-sitemap.xml?fileloc=//usr/lib/.build-id/ad/54e859dd18b36d22a22663f4a7340fbf71562e&path=//usr/lib/.build-id/ad HTTP/1.1" 200 40281 "https://www.congresos.redpsiju.com/wp-sitemap.xml?path=//usr/lib/.build-id/ad" "Mozilla/5.0 AppleWebKit/537.36 (KHTML, like Gecko; compatible; GPTBot/1.4; +https://openai.com/gptbot)"
74.7.243.210 - - [04/Aug/2026:07:37:23 -0500] "GET /wp-sitemap.xml?fileloc=//usr/lib/.build-id/90/f4fe5060c0b4bad078bd5fda0cf0d90bf5bf88&path=//usr/lib/.build-id/90 HTTP/1.1" 200 28558 "https://www.congresos.redpsiju.com/wp-sitemap.xml?path=//usr/lib/.build-id/90" "Mozilla/5.0 AppleWebKit/537.36 (KHTML, like Gecko; compatible; GPTBot/1.4; +https://openai.com/gptbot)"
57.141.0.41 - - [04/Aug/2026:07:37:25 -0500] "GET /?fileloc=//proc/thread-self/root/lib/node_modules/npm/man/mann/tkwait.n.gz&path=//proc/thread-self/root/lib/node_modules/npm/man/mann HTTP/1.1" 200 18583 "-" "Mozilla/5.0 (Windows NT 10.0; Win64; x64) AppleWebKit/537.36 (KHTML, like Gecko) Chrome/145.0.0.0 Safari/537.36 (compatible; meta-externalagent/1.1 (+https://developers.facebook.com/docs/sharing/webmasters/crawler))"
57.141.0.59 - - [04/Aug/2026:07:37:26 -0500] "GET /auspicios/?fileloc=//proc/self/root/lib64/dovecot/libdovecot-sql.so.0&path=//proc/self/root/lib64/dovecot HTTP/1.1" 200 100073 "-" "Mozilla/5.0 (Windows NT 10.0; Win64; x64) AppleWebKit/537.36 (KHTML, like Gecko) Chrome/145.0.0.0 Safari/537.36 (compatible; meta-externalagent/1.1 (+https://developers.facebook.com/docs/sharing/webmasters/crawler))"
74.7.243.210 - - [04/Aug/2026:07:37:26 -0500] "GET /wp-sitemap.xml?fileloc=//usr/lib/.build-id/5d/ec07f8ddbc7c4d5816aea0df5ead5c9a9341bc&path=//usr/lib/.build-id/5d HTTP/1.1" 200 32716 "https://www.congresos.redpsiju.com/wp-sitemap.xml?path=//usr/lib/.build-id/5d" "Mozilla/5.0 AppleWebKit/537.36 (KHTML, like Gecko; compatible; GPTBot/1.4; +https://openai.com/gptbot)"
57.141.0.9 - - [04/Aug/2026:07:37:27 -0500] "GET /?fileloc=//opt/alt/python39/lib64/python3.9/__pycache__/telnetlib.cpython-39.pyc&path=//opt/alt/python39/lib64/python3.9/__pycache__ HTTP/1.1" 200 32654 "-" "Mozilla/5.0 (Windows NT 10.0; Win64; x64) AppleWebKit/537.36 (KHTML, like Gecko) Chrome/145.0.0.0 Safari/537.36 (compatible; meta-externalagent/1.1 (+https://developers.facebook.com/docs/sharing/webmasters/crawler))"
57.141.0.31 - - [04/Aug/2026:07:37:27 -0500] "GET /?fileloc=//lib/firmware/intel/iwlwifi/iwlwifi-ty-a0-gf-a0-78.ucode&path=//lib/firmware/intel/iwlwifi HTTP/1.1" 200 2365991 "-" "Mozilla/5.0 (Windows NT 10.0; Win64; x64) AppleWebKit/537.36 (KHTML, like Gecko) Chrome/145.0.0.0 Safari/537.36 (compatible; meta-externalagent/1.1 (+https://developers.facebook.com/docs/sharing/webmasters/crawler))"
74.7.243.210 - - [04/Aug/2026:07:37:29 -0500] "GET /wp-sitemap.xml?fileloc=//usr/lib/.build-id/64/a9d92fedb05cfcbe4ed73f45efc0ea66dc5bc8&path=//usr/lib/.build-id/64 HTTP/1.1" 200 32982 "https://www.congresos.redpsiju.com/wp-sitemap.xml?path=//usr/lib/.build-id/64" "Mozilla/5.0 AppleWebKit/537.36 (KHTML, like Gecko; compatible; GPTBot/1.4; +https://openai.com/gptbot)"
57.141.0.56 - - [04/Aug/2026:07:37:30 -0500] "GET /?path=//proc/thread-self/root/usr/lib/firmware/nvidia/gp106 HTTP/1.1" 200 18764 "-" "Mozilla/5.0 (Windows NT 10.0; Win64; x64) AppleWebKit/537.36 (KHTML, like Gecko) Chrome/145.0.0.0 Safari/537.36 (compatible; meta-externalagent/1.1 (+https://developers.facebook.com/docs/sharing/webmasters/crawler))"
57.141.0.19 - - [04/Aug/2026:07:37:31 -0500] "GET /?fileloc=//proc/self/root/usr/share/perl5/URI/http.pm&path=//proc/self/root/usr/share/perl5/URI HTTP/1.1" 200 13054 "-" "Mozilla/5.0 (Windows NT 10.0; Win64; x64) AppleWebKit/537.36 (KHTML, like Gecko) Chrome/145.0.0.0 Safari/537.36 (compatible; meta-externalagent/1.1 (+https://developers.facebook.com/docs/sharing/webmasters/crawler))"
57.141.0.33 - - [04/Aug/2026:07:37:32 -0500] "GET /?fileloc=//proc/thread-self/root/usr/lib/firmware/8F7B-1-0x9.bin&path=//proc/thread-self/root/usr/lib/firmware HTTP/1.1" 200 60586 "-" "Mozilla/5.0 (Windows NT 10.0; Win64; x64) AppleWebKit/537.36 (KHTML, like Gecko) Chrome/145.0.0.0 Safari/537.36 (compatible; meta-externalagent/1.1 (+https://developers.facebook.com/docs/sharing/webmasters/crawler))"
74.7.243.210 - - [04/Aug/2026:07:37:32 -0500] "GET /wp-sitemap.xml?path=//usr/lib/.build-id/57 HTTP/1.1" 200 34749 "https://www.congresos.redpsiju.com/wp-sitemap.xml?path=//usr/lib/.build-id" "Mozilla/5.0 AppleWebKit/537.36 (KHTML, like Gecko; compatible; GPTBot/1.4; +https://openai.com/gptbot)"
66.249.79.76 - - [04/Aug/2026:07:37:33 -0500] "GET /review/goods/C3733812936?fileloc=/home/redpsiju/congresos.redpsiju.com/readme.html&path=/home/redpsiju/congresos.redpsiju.com HTTP/1.1" 200 21677 "-" "Mozilla/5.0 (Linux; Android 6.0.1; Nexus 5X Build/MMB29P) AppleWebKit/537.36 (KHTML, like Gecko) Chrome/150.0.7871.186 Mobile Safari/537.36 (compatible; GoogleOther)"
57.141.0.23 - - [04/Aug/2026:07:37:34 -0500] "GET /?fileloc=//opt/cpanel/ea-openssl11/share/doc/openssl/html/man7/RAND.html&path=//opt/cpanel/ea-openssl11/share/doc/openssl/html/man7 HTTP/1.1" 200 18286 "-" "Mozilla/5.0 (Windows NT 10.0; Win64; x64) AppleWebKit/537.36 (KHTML, like Gecko) Chrome/145.0.0.0 Safari/537.36 (compatible; meta-externalagent/1.1 (+https://developers.facebook.com/docs/sharing/webmasters/crawler))"
74.7.243.210 - - [04/Aug/2026:07:37:35 -0500] "GET /wp-sitemap.xml?path=//usr/lib/.build-id/74 HTTP/1.1" 200 26892 "https://www.congresos.redpsiju.com/wp-sitemap.xml?path=//usr/lib/.build-id" "Mozilla/5.0 AppleWebKit/537.36 (KHTML, like Gecko; compatible; GPTBot/1.4; +https://openai.com/gptbot)"
74.7.243.210 - - [04/Aug/2026:07:37:39 -0500] "GET /wp-sitemap.xml?path=//usr/lib/.build-id/81 HTTP/1.1" 200 30036 "https://www.congresos.redpsiju.com/wp-sitemap.xml?path=//usr/lib/.build-id" "Mozilla/5.0 AppleWebKit/537.36 (KHTML, like Gecko; compatible; GPTBot/1.4; +https://openai.com/gptbot)"
57.141.0.60 - - [04/Aug/2026:07:37:39 -0500] "GET /?fileloc=//opt/alt/python-internal/lib64/python3.11/lib2to3/fixes/fix_standarderror.py&path=//opt/alt/python-internal/lib64/python3.11/lib2to3/fixes HTTP/1.1" 200 13195 "-" "Mozilla/5.0 (Macintosh; Intel Mac OS X 10_15_7) AppleWebKit/537.36 (KHTML, like Gecko) Chrome/145.0.0.0 Safari/537.36 (compatible; meta-externalagent/1.1 (+https://developers.facebook.com/docs/sharing/webmasters/crawler))"
57.141.0.31 - - [04/Aug/2026:07:37:39 -0500] "GET /auspicios/?fileloc=//lib/python3.6/site-packages/urllib3/connectionpool.py&path=//lib/python3.6/site-packages/urllib3 HTTP/1.1" 200 50087 "-" "Mozilla/5.0 (Windows NT 10.0; Win64; x64) AppleWebKit/537.36 (KHTML, like Gecko) Chrome/145.0.0.0 Safari/537.36 (compatible; meta-externalagent/1.1 (+https://developers.facebook.com/docs/sharing/webmasters/crawler))"
74.7.243.210 - - [04/Aug/2026:07:37:42 -0500] "GET /wp-sitemap.xml?path=//usr/lib/.build-id/68 HTTP/1.1" 200 30031 "https://www.congresos.redpsiju.com/wp-sitemap.xml?path=//usr/lib/.build-id" "Mozilla/5.0 AppleWebKit/537.36 (KHTML, like Gecko; compatible; GPTBot/1.4; +https://openai.com/gptbot)"
74.7.243.210 - - [04/Aug/2026:07:37:45 -0500] "GET /wp-sitemap.xml?path=//usr/lib/.build-id/91 HTTP/1.1" 200 28461 "https://www.congresos.redpsiju.com/wp-sitemap.xml?path=//usr/lib/.build-id" "Mozilla/5.0 AppleWebKit/537.36 (KHTML, like Gecko; compatible; GPTBot/1.4; +https://openai.com/gptbot)"
74.7.243.210 - - [04/Aug/2026:07:37:48 -0500] "GET /wp-sitemap.xml?path=//usr/lib/.build-id/36 HTTP/1.1" 200 33180 "https://www.congresos.redpsiju.com/wp-sitemap.xml?path=//usr/lib/.build-id" "Mozilla/5.0 AppleWebKit/537.36 (KHTML, like Gecko; compatible; GPTBot/1.4; +https://openai.com/gptbot)"
57.141.0.20 - - [04/Aug/2026:07:37:50 -0500] "GET /?fileloc=//opt/cpanel/ea-ruby27/src/passenger-release-6.1.5/build/packaging.rb&path=//opt/cpanel/ea-ruby27/src/passenger-release-6.1.5/build HTTP/1.1" 200 27142 "-" "Mozilla/5.0 (Windows NT 10.0; Win64; x64) AppleWebKit/537.36 (KHTML, like Gecko) Chrome/145.0.0.0 Safari/537.36 (compatible; meta-externalagent/1.1 (+https://developers.facebook.com/docs/sharing/webmasters/crawler))"
74.7.243.210 - - [04/Aug/2026:07:37:51 -0500] "GET /wp-sitemap.xml?path=//usr/lib/.build-id/69 HTTP/1.1" 200 28465 "https://www.congresos.redpsiju.com/wp-sitemap.xml?path=//usr/lib/.build-id" "Mozilla/5.0 AppleWebKit/537.36 (KHTML, like Gecko; compatible; GPTBot/1.4; +https://openai.com/gptbot)"
216.73.216.15 - - [04/Aug/2026:07:37:51 -0500] "GET /sitemap.xml?fileloc=%2Fhome%2Fredpsiju%2Fvalencia2025.redpsiju.com%2Fwp-includes%2Fimages%2Ficon-library%2Fthumbs-up.svg&path=%2Fhome%2Fredpsiju%2Fvalencia2025.redpsiju.com%2Fwp-includes%2Fimages%2Ficon-library HTTP/1.1" 200 13172 "-" "Mozilla/5.0 AppleWebKit/537.36 (KHTML, like Gecko; compatible; ClaudeBot/1.0; +claudebot@anthropic.com)"
74.7.243.210 - - [04/Aug/2026:07:37:54 -0500] "GET /wp-sitemap.xml?path=//usr/lib/.build-id/34 HTTP/1.1" 200 31606 "https://www.congresos.redpsiju.com/wp-sitemap.xml?path=//usr/lib/.build-id" "Mozilla/5.0 AppleWebKit/537.36 (KHTML, like Gecko; compatible; GPTBot/1.4; +https://openai.com/gptbot)"
57.141.0.27 - - [04/Aug/2026:07:37:55 -0500] "GET /?fileloc=//proc/self/root/usr/share/man/man7/DROP_SEQUENCE.7.gz&path=//proc/self/root/usr/share/man/man7 HTTP/1.1" 200 14401 "-" "Mozilla/5.0 (Windows NT 10.0; Win64; x64) AppleWebKit/537.36 (KHTML, like Gecko) Chrome/145.0.0.0 Safari/537.36 (compatible; meta-externalagent/1.1 (+https://developers.facebook.com/docs/sharing/webmasters/crawler))"
74.7.243.210 - - [04/Aug/2026:07:37:57 -0500] "GET /wp-sitemap.xml?path=//usr/lib/.build-id/44 HTTP/1.1" 200 36323 "https://www.congresos.redpsiju.com/wp-sitemap.xml?path=//usr/lib/.build-id" "Mozilla/5.0 AppleWebKit/537.36 (KHTML, like Gecko; compatible; GPTBot/1.4; +https://openai.com/gptbot)"
74.7.243.210 - - [04/Aug/2026:07:38:01 -0500] "GET /wp-sitemap.xml?path=//usr/lib/.build-id/12 HTTP/1.1" 200 31609 "https://www.congresos.redpsiju.com/wp-sitemap.xml?path=//usr/lib/.build-id" "Mozilla/5.0 AppleWebKit/537.36 (KHTML, like Gecko; compatible; GPTBot/1.4; +https://openai.com/gptbot)"
57.141.0.12 - - [04/Aug/2026:07:38:02 -0500] "GET /auspicios/?fileloc=//proc/self/root/usr/bin/preunzip&path=//proc/self/root/usr/bin HTTP/1.1" 200 18890 "-" "Mozilla/5.0 (Windows NT 10.0; Win64; x64) AppleWebKit/537.36 (KHTML, like Gecko) Chrome/145.0.0.0 Safari/537.36 (compatible; meta-externalagent/1.1 (+https://developers.facebook.com/docs/sharing/webmasters/crawler))"
74.7.243.210 - - [04/Aug/2026:07:38:04 -0500] "GET /wp-sitemap.xml?path=//usr/lib/.build-id/21 HTTP/1.1" 200 33180 "https://www.congresos.redpsiju.com/wp-sitemap.xml?path=//usr/lib/.build-id" "Mozilla/5.0 AppleWebKit/537.36 (KHTML, like Gecko; compatible; GPTBot/1.4; +https://openai.com/gptbot)"
114.119.145.130 - - [04/Aug/2026:07:38:04 -0500] "GET /2026/07/29/online-casino-echtgeld-2026-ein-leitfaden-fur-einzahlungen-und-auszahlungen/?fileloc=/home/redpsiju/congresos.redpsiju.com/wp-includes/ms-deprecated.php&path=/home/redpsiju/congresos.redpsiju.com/wp-includes HTTP/1.1" 200 36604 "https://www.congresos.redpsiju.com/2026/07/29/online-casino-echtgeld-2026-ein-leitfaden-fur-einzahlungen-und-auszahlungen/?path=/home/redpsiju/congresos.redpsiju.com/wp-includes" "Mozilla/5.0 (Linux; Android 7.0;) AppleWebKit/537.36 (HTML, like Gecko) Mobile Safari/537.36 (compatible; PetalBot;+https://webmaster.petalsearch.com/site/petalbot)"
57.141.0.36 - - [04/Aug/2026:07:38:06 -0500] "GET /auspicios/?fileloc=//lib/dracut/modules.d/98ecryptfs/README&path=//lib/dracut/modules.d/98ecryptfs HTTP/1.1" 200 14880 "-" "Mozilla/5.0 (Macintosh; Intel Mac OS X 10_15_7) AppleWebKit/537.36 (KHTML, like Gecko) Chrome/145.0.0.0 Safari/537.36 (compatible; meta-externalagent/1.1 (+https://developers.facebook.com/docs/sharing/webmasters/crawler))"
74.7.243.210 - - [04/Aug/2026:07:38:07 -0500] "GET /wp-sitemap.xml?fileloc=//usr/lib/.build-id/57/f03c859b3c0beb409ba12c081aaf5dc8de3d18&path=//usr/lib/.build-id/57 HTTP/1.1" 200 231745 "https://www.congresos.redpsiju.com/wp-sitemap.xml?path=//usr/lib/.build-id/57" "Mozilla/5.0 AppleWebKit/537.36 (KHTML, like Gecko; compatible; GPTBot/1.4; +https://openai.com/gptbot)"
57.141.0.26 - - [04/Aug/2026:07:38:10 -0500] "GET /auspicios/?fileloc=//proc/irq/44/effective_affinity_list&path=//proc/irq/44 HTTP/1.1" 200 12310 "-" "Mozilla/5.0 (Macintosh; Intel Mac OS X 10_15_7) AppleWebKit/537.36 (KHTML, like Gecko) Chrome/145.0.0.0 Safari/537.36 (compatible; meta-externalagent/1.1 (+https://developers.facebook.com/docs/sharing/webmasters/crawler))"
74.7.243.210 - - [04/Aug/2026:07:38:10 -0500] "GET /wp-sitemap.xml?fileloc=//usr/lib/.build-id/74/1f3bb6565ddbe95653f063203297ea1311998f&path=//usr/lib/.build-id/74 HTTP/1.1" 200 33707 "https://www.congresos.redpsiju.com/wp-sitemap.xml?path=//usr/lib/.build-id/74" "Mozilla/5.0 AppleWebKit/537.36 (KHTML, like Gecko; compatible; GPTBot/1.4; +https://openai.com/gptbot)"
74.7.243.210 - - [04/Aug/2026:07:38:13 -0500] "GET /wp-sitemap.xml?fileloc=//usr/lib/.build-id/81/8adb03a0991679c29ff43158d058031426e0d4&path=//usr/lib/.build-id/81 HTTP/1.1" 200 21541 "https://www.congresos.redpsiju.com/wp-sitemap.xml?path=//usr/lib/.build-id/81" "Mozilla/5.0 AppleWebKit/537.36 (KHTML, like Gecko; compatible; GPTBot/1.4; +https://openai.com/gptbot)"
74.7.243.210 - - [04/Aug/2026:07:38:16 -0500] "GET /wp-sitemap.xml?fileloc=//usr/lib/.build-id/74/b330f3551dad648fdf1172e228072a0331f689&path=//usr/lib/.build-id/74 HTTP/1.1" 200 28088 "https://www.congresos.redpsiju.com/wp-sitemap.xml?path=//usr/lib/.build-id/74" "Mozilla/5.0 AppleWebKit/537.36 (KHTML, like Gecko; compatible; GPTBot/1.4; +https://openai.com/gptbot)"
57.141.0.36 - - [04/Aug/2026:07:38:17 -0500] "GET /?fileloc=/home/redpsiju/public_html/wp-content/themes/twentytwenty/assets/images/2020-three-quarters-2.png&path=/home/redpsiju/public_html/wp-content/themes/twentytwenty/assets/images HTTP/1.1" 200 17439 "-" "Mozilla/5.0 (Macintosh; Intel Mac OS X 10_15_7) AppleWebKit/537.36 (KHTML, like Gecko) Chrome/145.0.0.0 Safari/537.36 (compatible; meta-externalagent/1.1 (+https://developers.facebook.com/docs/sharing/webmasters/crawler))"
66.249.79.65 - - [04/Aug/2026:07:38:18 -0500] "GET /review/goods/C3314951512?fileloc=/home/redpsiju/congresos.redpsiju.com/readme.html&path=/home/redpsiju/congresos.redpsiju.com HTTP/1.1" 200 21677 "-" "Mozilla/5.0 (Linux; Android 6.0.1; Nexus 5X Build/MMB29P) AppleWebKit/537.36 (KHTML, like Gecko) Chrome/150.0.7871.186 Mobile Safari/537.36 (compatible; GoogleOther)"
74.7.243.210 - - [04/Aug/2026:07:38:19 -0500] "GET /wp-sitemap.xml?fileloc=//usr/lib/.build-id/74/83403c49d49f6e4f953aae4a6262c313f72061&path=//usr/lib/.build-id/74 HTTP/1.1" 200 26301 "https://www.congresos.redpsiju.com/wp-sitemap.xml?path=//usr/lib/.build-id/74" "Mozilla/5.0 AppleWebKit/537.36 (KHTML, like Gecko; compatible; GPTBot/1.4; +https://openai.com/gptbot)"
216.73.216.15 - - [04/Aug/2026:07:38:20 -0500] "GET /sitemap.xml?fileloc=%2F%2Flib64%2Fpython2.7%2Fimghdr.pyc&path=%2F%2Flib64%2Fpython2.7 HTTP/1.1" 200 17316 "-" "Mozilla/5.0 AppleWebKit/537.36 (KHTML, like Gecko; compatible; ClaudeBot/1.0; +claudebot@anthropic.com)"
74.7.243.210 - - [04/Aug/2026:07:38:23 -0500] "GET /wp-sitemap.xml?fileloc=//usr/lib/.build-id/36/4a09599ea198319bd048ab57bc08890249a4c9&path=//usr/lib/.build-id/36 HTTP/1.1" 200 52601 "https://www.congresos.redpsiju.com/wp-sitemap.xml?path=//usr/lib/.build-id/36" "Mozilla/5.0 AppleWebKit/537.36 (KHTML, like Gecko; compatible; GPTBot/1.4; +https://openai.com/gptbot)"
216.73.216.15 - - [04/Aug/2026:07:38:23 -0500] "GET /sitemap.xml?fileloc=%2F%2Flib64%2Fpython3.6%2Fasynchat.py&path=%2F%2Flib64%2Fpython3.6 HTTP/1.1" 200 24095 "-" "Mozilla/5.0 AppleWebKit/537.36 (KHTML, like Gecko; compatible; ClaudeBot/1.0; +claudebot@anthropic.com)"
74.7.243.210 - - [04/Aug/2026:07:38:26 -0500] "GET /wp-sitemap.xml?fileloc=//usr/lib/.build-id/69/278a69b5a3ba3e00d1959180312ee386a3800c&path=//usr/lib/.build-id/69 HTTP/1.1" 200 994120 "https://www.congresos.redpsiju.com/wp-sitemap.xml?path=//usr/lib/.build-id/69" "Mozilla/5.0 AppleWebKit/537.36 (KHTML, like Gecko; compatible; GPTBot/1.4; +https://openai.com/gptbot)"
216.73.216.15 - - [04/Aug/2026:07:38:26 -0500] "GET /sitemap.xml?fileloc=%2F%2Flib64%2Fpython2.7%2Fpdb.pyo&path=%2F%2Flib64%2Fpython2.7 HTTP/1.1" 200 58184 "-" "Mozilla/5.0 AppleWebKit/537.36 (KHTML, like Gecko; compatible; ClaudeBot/1.0; +claudebot@anthropic.com)"
74.7.243.210 - - [04/Aug/2026:07:38:29 -0500] "GET /wp-sitemap.xml?fileloc=//usr/lib/.build-id/69/9a0c4c1a15a9d80f79863d90413087105c402b&path=//usr/lib/.build-id/69 HTTP/1.1" 200 66833 "https://www.congresos.redpsiju.com/wp-sitemap.xml?path=//usr/lib/.build-id/69" "Mozilla/5.0 AppleWebKit/537.36 (KHTML, like Gecko; compatible; GPTBot/1.4; +https://openai.com/gptbot)"
