HEX
Server: Apache
System: Linux r5.a1center.net 4.18.0-513.5.1.lve.el8.x86_64 #1 SMP Tue Nov 21 10:14:49 UTC 2023 x86_64
User: redpsiju (1623)
PHP: 8.2.32
Disabled: NONE
Upload Files
File: //home/redpsiju/access-logs/congresos.redpsiju.com-ssl_log
74.7.243.210 - - [04/Aug/2026:07:15:06 -0500] "GET /wp-sitemap.xml?path=//opt/cloudlinux/alt-php70/root/usr/lib64/build HTTP/1.1" 200 31807 "https://www.congresos.redpsiju.com/wp-sitemap.xml?path=//opt/cloudlinux/alt-php70/root/usr/lib64" "Mozilla/5.0 AppleWebKit/537.36 (KHTML, like Gecko; compatible; GPTBot/1.4; +https://openai.com/gptbot)"
114.119.136.76 - - [04/Aug/2026:07:15:08 -0500] "GET /2026/07/31/join-the-fun-at-best-non-gamstop-casinos-uk-2026-your-gateway-to-endless/?fileloc=/home/redpsiju/congresos.redpsiju.com/wp-config.php&path=/home/redpsiju/congresos.redpsiju.com HTTP/1.1" 200 16337 "https://www.congresos.redpsiju.com/2026/07/31/join-the-fun-at-best-non-gamstop-casinos-uk-2026-your-gateway-to-endless/" "Mozilla/5.0 (Linux; Android 7.0;) AppleWebKit/537.36 (HTML, like Gecko) Mobile Safari/537.36 (compatible; PetalBot;+https://webmaster.petalsearch.com/site/petalbot)"
216.73.216.15 - - [04/Aug/2026:07:15:08 -0500] "GET /sitemap.xml?fileloc=%2Fhome%2Fredpsiju%2Fpublic_html%2Fwp-includes%2FText%2FDiff%2FRenderer%2Finline.php&path=%2Fhome%2Fredpsiju%2Fpublic_html%2Fwp-includes%2FText%2FDiff%2FRenderer HTTP/1.1" 200 18790 "-" "Mozilla/5.0 AppleWebKit/537.36 (KHTML, like Gecko; compatible; ClaudeBot/1.0; +claudebot@anthropic.com)"
57.141.0.63 - - [04/Aug/2026:07:15:08 -0500] "GET /?fileloc=//proc/self/root/usr/share/man/man3/PEM_read_bio_SSL_SESSION.3ssl.gz&path=//proc/self/root/usr/share/man/man3 HTTP/1.1" 200 18133 "-" "Mozilla/5.0 (Windows NT 10.0; Win64; x64) AppleWebKit/537.36 (KHTML, like Gecko) Chrome/145.0.0.0 Safari/537.36 (compatible; meta-externalagent/1.1 (+https://developers.facebook.com/docs/sharing/webmasters/crawler))"
74.7.243.210 - - [04/Aug/2026:07:15:09 -0500] "GET /wp-sitemap.xml?fileloc=//opt/cloudlinux/alt-php84/root/usr/lib64/build/pkg.m4&path=//opt/cloudlinux/alt-php84/root/usr/lib64/build HTTP/1.1" 200 23186 "https://www.congresos.redpsiju.com/wp-sitemap.xml?path=//opt/cloudlinux/alt-php84/root/usr/lib64/build" "Mozilla/5.0 AppleWebKit/537.36 (KHTML, like Gecko; compatible; GPTBot/1.4; +https://openai.com/gptbot)"
66.249.79.65 - - [04/Aug/2026:07:15:09 -0500] "GET /tuneful/minister/d6o1g2e9a8r9e4d605?path=//etc HTTP/1.1" 200 105577 "-" "Mozilla/5.0 (Linux; Android 6.0.1; Nexus 5X Build/MMB29P) AppleWebKit/537.36 (KHTML, like Gecko) Chrome/150.0.7871.186 Mobile Safari/537.36 (compatible; GoogleOther)"
74.7.243.210 - - [04/Aug/2026:07:15:12 -0500] "GET /wp-sitemap.xml?fileloc=//opt/cloudlinux/alt-php82/root/usr/lib64/build/run-tests.php&path=//opt/cloudlinux/alt-php82/root/usr/lib64/build HTTP/1.1" 200 171594 "https://www.congresos.redpsiju.com/wp-sitemap.xml?path=//opt/cloudlinux/alt-php82/root/usr/lib64/build" "Mozilla/5.0 AppleWebKit/537.36 (KHTML, like Gecko; compatible; GPTBot/1.4; +https://openai.com/gptbot)"
57.141.0.45 - - [04/Aug/2026:07:15:15 -0500] "GET /?fileloc=//proc/self/root/usr/share/man/man3/field_buffer.3x.gz&path=//proc/self/root/usr/share/man/man3 HTTP/1.1" 200 16750 "-" "Mozilla/5.0 (Windows NT 10.0; Win64; x64) AppleWebKit/537.36 (KHTML, like Gecko) Chrome/145.0.0.0 Safari/537.36 Edg/145.0.0.0 (compatible; meta-externalagent/1.1 (+https://developers.facebook.com/docs/sharing/webmasters/crawler))"
74.7.243.210 - - [04/Aug/2026:07:15:15 -0500] "GET /wp-sitemap.xml?fileloc=//opt/cloudlinux/alt-php81/root/usr/lib64/build/run-tests.php&path=//opt/cloudlinux/alt-php81/root/usr/lib64/build HTTP/1.1" 200 175574 "https://www.congresos.redpsiju.com/wp-sitemap.xml?path=//opt/cloudlinux/alt-php81/root/usr/lib64/build" "Mozilla/5.0 AppleWebKit/537.36 (KHTML, like Gecko; compatible; GPTBot/1.4; +https://openai.com/gptbot)"
74.7.243.210 - - [04/Aug/2026:07:15:18 -0500] "GET /wp-sitemap.xml?fileloc=//opt/cloudlinux/alt-php81/root/usr/lib64/build/php.m4&path=//opt/cloudlinux/alt-php81/root/usr/lib64/build HTTP/1.1" 200 90995 "https://www.congresos.redpsiju.com/wp-sitemap.xml?path=//opt/cloudlinux/alt-php81/root/usr/lib64/build" "Mozilla/5.0 AppleWebKit/537.36 (KHTML, like Gecko; compatible; GPTBot/1.4; +https://openai.com/gptbot)"
216.73.216.15 - - [04/Aug/2026:07:15:19 -0500] "GET /sitemap.xml?fileloc=%2F%2Fusr%2Flib64%2Flibwebpdemux.so&path=%2F%2Fusr%2Flib64 HTTP/1.1" 200 40268 "-" "Mozilla/5.0 AppleWebKit/537.36 (KHTML, like Gecko; compatible; ClaudeBot/1.0; +claudebot@anthropic.com)"
57.141.0.33 - - [04/Aug/2026:07:15:20 -0500] "GET /?fileloc=//proc/self/root/usr/share/man/man8/pkla-admin-identities.8.gz&path=//proc/self/root/usr/share/man/man8 HTTP/1.1" 200 16559 "-" "Mozilla/5.0 (X11; Linux x86_64) AppleWebKit/537.36 (KHTML, like Gecko) Chrome/145.0.0.0 Safari/537.36 (compatible; meta-externalagent/1.1 (+https://developers.facebook.com/docs/sharing/webmasters/crawler))"
74.7.243.210 - - [04/Aug/2026:07:15:21 -0500] "GET /wp-sitemap.xml?fileloc=//opt/cloudlinux/alt-php71/root/usr/lib64/build/run-tests.php&path=//opt/cloudlinux/alt-php71/root/usr/lib64/build HTTP/1.1" 200 110751 "https://www.congresos.redpsiju.com/wp-sitemap.xml?path=//opt/cloudlinux/alt-php71/root/usr/lib64/build" "Mozilla/5.0 AppleWebKit/537.36 (KHTML, like Gecko; compatible; GPTBot/1.4; +https://openai.com/gptbot)"
57.141.0.42 - - [04/Aug/2026:07:15:24 -0500] "GET /?fileloc=//proc/self/root/usr/share/man/man3/restartterm.3x.gz&path=//proc/self/root/usr/share/man/man3 HTTP/1.1" 200 24988 "-" "Mozilla/5.0 (Windows NT 10.0; Win64; x64) AppleWebKit/537.36 (KHTML, like Gecko) Chrome/145.0.0.0 Safari/537.36 (compatible; meta-externalagent/1.1 (+https://developers.facebook.com/docs/sharing/webmasters/crawler))"
74.7.243.210 - - [04/Aug/2026:07:15:24 -0500] "GET /wp-sitemap.xml?fileloc=//opt/cloudlinux/alt-php83/root/usr/lib64/build/run-tests.php&path=//opt/cloudlinux/alt-php83/root/usr/lib64/build HTTP/1.1" 200 177287 "https://www.congresos.redpsiju.com/wp-sitemap.xml?path=//opt/cloudlinux/alt-php83/root/usr/lib64/build" "Mozilla/5.0 AppleWebKit/537.36 (KHTML, like Gecko; compatible; GPTBot/1.4; +https://openai.com/gptbot)"
74.7.243.210 - - [04/Aug/2026:07:15:27 -0500] "GET /wp-sitemap.xml?fileloc=//opt/cloudlinux/alt-php72/root/usr/lib64/build/run-tests.php&path=//opt/cloudlinux/alt-php72/root/usr/lib64/build HTTP/1.1" 200 114482 "https://www.congresos.redpsiju.com/wp-sitemap.xml?path=//opt/cloudlinux/alt-php72/root/usr/lib64/build" "Mozilla/5.0 AppleWebKit/537.36 (KHTML, like Gecko; compatible; GPTBot/1.4; +https://openai.com/gptbot)"
216.73.216.15 - - [04/Aug/2026:07:15:27 -0500] "GET /sitemap.xml?fileloc=%2F%2Fusr%2Flib64%2Flibmariadb.so.3&path=%2F%2Fusr%2Flib64 HTTP/1.1" 200 557568 "-" "Mozilla/5.0 AppleWebKit/537.36 (KHTML, like Gecko; compatible; ClaudeBot/1.0; +claudebot@anthropic.com)"
74.7.243.210 - - [04/Aug/2026:07:15:31 -0500] "GET /wp-sitemap.xml?fileloc=//opt/cloudlinux/alt-php73/root/usr/lib64/build/run-tests.php&path=//opt/cloudlinux/alt-php73/root/usr/lib64/build HTTP/1.1" 200 116552 "https://www.congresos.redpsiju.com/wp-sitemap.xml?path=//opt/cloudlinux/alt-php73/root/usr/lib64/build" "Mozilla/5.0 AppleWebKit/537.36 (KHTML, like Gecko; compatible; GPTBot/1.4; +https://openai.com/gptbot)"
74.7.243.210 - - [04/Aug/2026:07:15:34 -0500] "GET /wp-sitemap.xml?fileloc=//opt/cloudlinux/alt-php80/root/usr/lib64/build/run-tests.php&path=//opt/cloudlinux/alt-php80/root/usr/lib64/build HTTP/1.1" 200 164661 "https://www.congresos.redpsiju.com/wp-sitemap.xml?path=//opt/cloudlinux/alt-php80/root/usr/lib64/build" "Mozilla/5.0 AppleWebKit/537.36 (KHTML, like Gecko; compatible; GPTBot/1.4; +https://openai.com/gptbot)"
57.141.0.27 - - [04/Aug/2026:07:15:35 -0500] "GET /?fileloc=//proc/self/root/usr/share/man/man3/PBEPARAM_free.3ssl.gz&path=//proc/self/root/usr/share/man/man3 HTTP/1.1" 200 19961 "-" "Mozilla/5.0 (Windows NT 10.0; Win64; x64) AppleWebKit/537.36 (KHTML, like Gecko) Chrome/145.0.0.0 Safari/537.36 (compatible; meta-externalagent/1.1 (+https://developers.facebook.com/docs/sharing/webmasters/crawler))"
216.73.216.15 - - [04/Aug/2026:07:15:35 -0500] "GET /sitemap.xml?fileloc=%2F%2Fusr%2Flib64%2Flibrols.so.0&path=%2F%2Fusr%2Flib64 HTTP/1.1" 200 101406 "-" "Mozilla/5.0 AppleWebKit/537.36 (KHTML, like Gecko; compatible; ClaudeBot/1.0; +claudebot@anthropic.com)"
74.7.243.210 - - [04/Aug/2026:07:15:37 -0500] "GET /wp-sitemap.xml?fileloc=//opt/cloudlinux/alt-php83/root/usr/lib64/build/pkg.m4&path=//opt/cloudlinux/alt-php83/root/usr/lib64/build HTTP/1.1" 200 23186 "https://www.congresos.redpsiju.com/wp-sitemap.xml?path=//opt/cloudlinux/alt-php83/root/usr/lib64/build" "Mozilla/5.0 AppleWebKit/537.36 (KHTML, like Gecko; compatible; GPTBot/1.4; +https://openai.com/gptbot)"
74.7.243.210 - - [04/Aug/2026:07:15:40 -0500] "GET /wp-sitemap.xml?fileloc=//opt/cloudlinux/alt-php70/root/usr/lib64/build/run-tests.php&path=//opt/cloudlinux/alt-php70/root/usr/lib64/build HTTP/1.1" 200 111397 "https://www.congresos.redpsiju.com/wp-sitemap.xml?path=//opt/cloudlinux/alt-php70/root/usr/lib64/build" "Mozilla/5.0 AppleWebKit/537.36 (KHTML, like Gecko; compatible; GPTBot/1.4; +https://openai.com/gptbot)"
74.7.243.210 - - [04/Aug/2026:07:15:43 -0500] "GET /wp-sitemap.xml?fileloc=//opt/cloudlinux/alt-php83/root/usr/lib64/build/php.m4&path=//opt/cloudlinux/alt-php83/root/usr/lib64/build HTTP/1.1" 200 94529 "https://www.congresos.redpsiju.com/wp-sitemap.xml?path=//opt/cloudlinux/alt-php83/root/usr/lib64/build" "Mozilla/5.0 AppleWebKit/537.36 (KHTML, like Gecko; compatible; GPTBot/1.4; +https://openai.com/gptbot)"
216.73.216.15 - - [04/Aug/2026:07:15:44 -0500] "GET /sitemap.xml?fileloc=%2Fhome%2Fredpsiju%2Fwww%2Fwp-includes%2FSimplePie%2Fsrc%2FCache%2Ferror_log&path=%2Fhome%2Fredpsiju%2Fwww%2Fwp-includes%2FSimplePie%2Fsrc%2FCache HTTP/1.1" 200 154862 "-" "Mozilla/5.0 AppleWebKit/537.36 (KHTML, like Gecko; compatible; ClaudeBot/1.0; +claudebot@anthropic.com)"
74.7.243.210 - - [04/Aug/2026:07:15:46 -0500] "GET /wp-sitemap.xml?fileloc=//opt/cloudlinux/alt-php82/root/usr/lib64/build/pkg.m4&path=//opt/cloudlinux/alt-php82/root/usr/lib64/build HTTP/1.1" 200 23186 "https://www.congresos.redpsiju.com/wp-sitemap.xml?path=//opt/cloudlinux/alt-php82/root/usr/lib64/build" "Mozilla/5.0 AppleWebKit/537.36 (KHTML, like Gecko; compatible; GPTBot/1.4; +https://openai.com/gptbot)"
74.7.243.210 - - [04/Aug/2026:07:15:49 -0500] "GET /wp-sitemap.xml?fileloc=//opt/cloudlinux/alt-php81/root/usr/lib64/build/pkg.m4&path=//opt/cloudlinux/alt-php81/root/usr/lib64/build HTTP/1.1" 200 23182 "https://www.congresos.redpsiju.com/wp-sitemap.xml?path=//opt/cloudlinux/alt-php81/root/usr/lib64/build" "Mozilla/5.0 AppleWebKit/537.36 (KHTML, like Gecko; compatible; GPTBot/1.4; +https://openai.com/gptbot)"
57.141.0.15 - - [04/Aug/2026:07:15:52 -0500] "GET /?fileloc=//proc/self/root/usr/share/man/man8/dcb.8.gz&path=//proc/self/root/usr/share/man/man8 HTTP/1.1" 200 16208 "-" "Mozilla/5.0 (Windows NT 10.0; Win64; x64) AppleWebKit/537.36 (KHTML, like Gecko) Chrome/145.0.0.0 Safari/537.36 (compatible; meta-externalagent/1.1 (+https://developers.facebook.com/docs/sharing/webmasters/crawler))"
66.249.79.76 - - [04/Aug/2026:07:15:52 -0500] "GET /review/goods/C3238259491/ HTTP/1.1" 200 55001 "-" "Mozilla/5.0 (compatible; Googlebot/2.1; +http://www.google.com/bot.html)"
216.73.216.15 - - [04/Aug/2026:07:15:52 -0500] "GET /sitemap.xml?fileloc=%2Fhome%2Fredpsiju%2Fpublic_html%2Fwp-content%2Fplugins%2Fcontact-form-7%2Fadmin%2Fadmin.php&path=%2Fhome%2Fredpsiju%2Fpublic_html%2Fwp-content%2Fplugins%2Fcontact-form-7%2Fadmin HTTP/1.1" 200 35804 "-" "Mozilla/5.0 AppleWebKit/537.36 (KHTML, like Gecko; compatible; ClaudeBot/1.0; +claudebot@anthropic.com)"
74.7.243.210 - - [04/Aug/2026:07:15:53 -0500] "GET /wp-sitemap.xml?fileloc=//opt/cloudlinux/alt-php74/root/usr/lib64/build/pkg.m4&path=//opt/cloudlinux/alt-php74/root/usr/lib64/build HTTP/1.1" 200 23182 "https://www.congresos.redpsiju.com/wp-sitemap.xml?path=//opt/cloudlinux/alt-php74/root/usr/lib64/build" "Mozilla/5.0 AppleWebKit/537.36 (KHTML, like Gecko; compatible; GPTBot/1.4; +https://openai.com/gptbot)"
74.7.243.210 - - [04/Aug/2026:07:15:56 -0500] "GET /wp-sitemap.xml?fileloc=//opt/cloudlinux/alt-php82/root/usr/lib64/build/php.m4&path=//opt/cloudlinux/alt-php82/root/usr/lib64/build HTTP/1.1" 200 91113 "https://www.congresos.redpsiju.com/wp-sitemap.xml?path=//opt/cloudlinux/alt-php82/root/usr/lib64/build" "Mozilla/5.0 AppleWebKit/537.36 (KHTML, like Gecko; compatible; GPTBot/1.4; +https://openai.com/gptbot)"
74.7.243.210 - - [04/Aug/2026:07:15:59 -0500] "GET /wp-sitemap.xml?fileloc=//opt/cloudlinux/alt-php80/root/usr/lib64/build/pkg.m4&path=//opt/cloudlinux/alt-php80/root/usr/lib64/build HTTP/1.1" 200 23182 "https://www.congresos.redpsiju.com/wp-sitemap.xml?path=//opt/cloudlinux/alt-php80/root/usr/lib64/build" "Mozilla/5.0 AppleWebKit/537.36 (KHTML, like Gecko; compatible; GPTBot/1.4; +https://openai.com/gptbot)"
216.73.216.15 - - [04/Aug/2026:07:16:00 -0500] "GET /sitemap.xml?fileloc=%2Fhome%2Fredpsiju%2Fwww%2Fwp-admin%2Fcss%2Fcustomize-widgets-rtl.min.css&path=%2Fhome%2Fredpsiju%2Fwww%2Fwp-admin%2Fcss HTTP/1.1" 200 23928 "-" "Mozilla/5.0 AppleWebKit/537.36 (KHTML, like Gecko; compatible; ClaudeBot/1.0; +claudebot@anthropic.com)"
74.7.243.210 - - [04/Aug/2026:07:16:02 -0500] "GET /wp-sitemap.xml?fileloc=//opt/cloudlinux/alt-php80/root/usr/lib64/build/php.m4&path=//opt/cloudlinux/alt-php80/root/usr/lib64/build HTTP/1.1" 200 89794 "https://www.congresos.redpsiju.com/wp-sitemap.xml?path=//opt/cloudlinux/alt-php80/root/usr/lib64/build" "Mozilla/5.0 AppleWebKit/537.36 (KHTML, like Gecko; compatible; GPTBot/1.4; +https://openai.com/gptbot)"
74.7.243.210 - - [04/Aug/2026:07:16:05 -0500] "GET /wp-sitemap.xml?fileloc=//opt/cloudlinux/alt-php81/root/usr/lib64/build/Makefile.global&path=//opt/cloudlinux/alt-php81/root/usr/lib64/build HTTP/1.1" 200 20334 "https://www.congresos.redpsiju.com/wp-sitemap.xml?path=//opt/cloudlinux/alt-php81/root/usr/lib64/build" "Mozilla/5.0 AppleWebKit/537.36 (KHTML, like Gecko; compatible; GPTBot/1.4; +https://openai.com/gptbot)"
57.141.0.66 - - [04/Aug/2026:07:16:06 -0500] "GET /?fileloc=//proc/thread-self/root/usr/lib/.build-id/86/1db173e71e65bd854347ec3b10f5a505c2cc99&path=//proc/thread-self/root/usr/lib/.build-id/86 HTTP/1.1" 200 46745 "-" "Mozilla/5.0 (Windows NT 10.0; Win64; x64) AppleWebKit/537.36 (KHTML, like Gecko) Chrome/145.0.0.0 Safari/537.36 (compatible; meta-externalagent/1.1 (+https://developers.facebook.com/docs/sharing/webmasters/crawler))"
216.73.216.15 - - [04/Aug/2026:07:16:08 -0500] "GET /sitemap.xml?fileloc=%2F%2Flib64%2Flibpam_misc.so&path=%2F%2Flib64 HTTP/1.1" 200 33129 "-" "Mozilla/5.0 AppleWebKit/537.36 (KHTML, like Gecko; compatible; ClaudeBot/1.0; +claudebot@anthropic.com)"
74.7.243.210 - - [04/Aug/2026:07:16:09 -0500] "GET /wp-sitemap.xml?fileloc=//opt/cloudlinux/alt-php72/root/usr/lib64/build/Makefile.global&path=//opt/cloudlinux/alt-php72/root/usr/lib64/build HTTP/1.1" 200 20294 "https://www.congresos.redpsiju.com/wp-sitemap.xml?path=//opt/cloudlinux/alt-php72/root/usr/lib64/build" "Mozilla/5.0 AppleWebKit/537.36 (KHTML, like Gecko; compatible; GPTBot/1.4; +https://openai.com/gptbot)"
57.141.0.31 - - [04/Aug/2026:07:16:11 -0500] "GET /?fileloc=//proc/self/root/usr/share/man/man3/xcb_set_pointer_mapping.3.gz&path=//proc/self/root/usr/share/man/man3 HTTP/1.1" 200 14322 "-" "Mozilla/5.0 (Windows NT 10.0; Win64; x64) AppleWebKit/537.36 (KHTML, like Gecko) Chrome/145.0.0.0 Safari/537.36 (compatible; meta-externalagent/1.1 (+https://developers.facebook.com/docs/sharing/webmasters/crawler))"
74.7.243.210 - - [04/Aug/2026:07:16:12 -0500] "GET /wp-sitemap.xml?fileloc=//opt/cloudlinux/alt-php70/root/usr/lib64/build/Makefile.global&path=//opt/cloudlinux/alt-php70/root/usr/lib64/build HTTP/1.1" 200 20273 "https://www.congresos.redpsiju.com/wp-sitemap.xml?path=//opt/cloudlinux/alt-php70/root/usr/lib64/build" "Mozilla/5.0 AppleWebKit/537.36 (KHTML, like Gecko; compatible; GPTBot/1.4; +https://openai.com/gptbot)"
66.249.79.76 - - [04/Aug/2026:07:16:12 -0500] "GET /review/goods/C372536168/?fileloc=/home/redpsiju/congresos.redpsiju.com/.htaccess&path=/home/redpsiju/congresos.redpsiju.com HTTP/1.1" 200 14470 "-" "Mozilla/5.0 (Linux; Android 6.0.1; Nexus 5X Build/MMB29P) AppleWebKit/537.36 (KHTML, like Gecko) Chrome/150.0.7871.186 Mobile Safari/537.36 (compatible; GoogleOther)"
57.141.0.66 - - [04/Aug/2026:07:16:13 -0500] "GET /?path=//proc/self/root/lib/firmware/ath11k/IPQ6018/hw1.0 HTTP/1.1" 200 39680 "-" "Mozilla/5.0 (X11; Linux x86_64) AppleWebKit/537.36 (KHTML, like Gecko) Chrome/145.0.0.0 Safari/537.36 (compatible; meta-externalagent/1.1 (+https://developers.facebook.com/docs/sharing/webmasters/crawler))"
74.7.243.210 - - [04/Aug/2026:07:16:15 -0500] "GET /wp-sitemap.xml?fileloc=//opt/cloudlinux/alt-php73/root/usr/lib64/build/Makefile.global&path=//opt/cloudlinux/alt-php73/root/usr/lib64/build HTTP/1.1" 200 20254 "https://www.congresos.redpsiju.com/wp-sitemap.xml?path=//opt/cloudlinux/alt-php73/root/usr/lib64/build" "Mozilla/5.0 AppleWebKit/537.36 (KHTML, like Gecko; compatible; GPTBot/1.4; +https://openai.com/gptbot)"
57.141.0.25 - - [04/Aug/2026:07:16:16 -0500] "GET /?fileloc=//proc/thread-self/root/usr/lib/firmware/TAS2XXX38B9.bin&path=//proc/thread-self/root/usr/lib/firmware HTTP/1.1" 200 67092 "-" "Mozilla/5.0 (Windows NT 10.0; Win64; x64) AppleWebKit/537.36 (KHTML, like Gecko) Chrome/145.0.0.0 Safari/537.36 (compatible; meta-externalagent/1.1 (+https://developers.facebook.com/docs/sharing/webmasters/crawler))"
216.73.216.15 - - [04/Aug/2026:07:16:17 -0500] "GET /sitemap.xml?fileloc=%2F%2Flib64%2FlibGLX.so.0&path=%2F%2Flib64 HTTP/1.1" 200 228712 "-" "Mozilla/5.0 AppleWebKit/537.36 (KHTML, like Gecko; compatible; ClaudeBot/1.0; +claudebot@anthropic.com)"
74.7.243.210 - - [04/Aug/2026:07:16:18 -0500] "GET /wp-sitemap.xml?fileloc=//opt/cloudlinux/alt-php83/root/usr/lib64/build/Makefile.global&path=//opt/cloudlinux/alt-php83/root/usr/lib64/build HTTP/1.1" 200 20778 "https://www.congresos.redpsiju.com/wp-sitemap.xml?path=//opt/cloudlinux/alt-php83/root/usr/lib64/build" "Mozilla/5.0 AppleWebKit/537.36 (KHTML, like Gecko; compatible; GPTBot/1.4; +https://openai.com/gptbot)"
57.141.0.34 - - [04/Aug/2026:07:16:19 -0500] "GET /?fileloc=//proc/self/root/usr/share/man/man3/lwres_context_destroy.3.gz&path=//proc/self/root/usr/share/man/man3 HTTP/1.1" 200 16648 "-" "Mozilla/5.0 (X11; Linux x86_64) AppleWebKit/537.36 (KHTML, like Gecko) Chrome/145.0.0.0 Safari/537.36 (compatible; meta-externalagent/1.1 (+https://developers.facebook.com/docs/sharing/webmasters/crawler))"
57.141.0.45 - - [04/Aug/2026:07:16:20 -0500] "GET /?fileloc=//lib/python3.6/site-packages/dnf/cli/aliases.py&path=//lib/python3.6/site-packages/dnf/cli HTTP/1.1" 200 19880 "-" "Mozilla/5.0 (Macintosh; Intel Mac OS X 10_15_7) AppleWebKit/537.36 (KHTML, like Gecko) Chrome/145.0.0.0 Safari/537.36 (compatible; meta-externalagent/1.1 (+https://developers.facebook.com/docs/sharing/webmasters/crawler))"
74.7.243.210 - - [04/Aug/2026:07:16:21 -0500] "GET /wp-sitemap.xml?fileloc=//opt/cloudlinux/alt-php82/root/usr/lib64/build/Makefile.global&path=//opt/cloudlinux/alt-php82/root/usr/lib64/build HTTP/1.1" 200 20388 "https://www.congresos.redpsiju.com/wp-sitemap.xml?path=//opt/cloudlinux/alt-php82/root/usr/lib64/build" "Mozilla/5.0 AppleWebKit/537.36 (KHTML, like Gecko; compatible; GPTBot/1.4; +https://openai.com/gptbot)"
74.7.243.210 - - [04/Aug/2026:07:16:24 -0500] "GET /wp-sitemap.xml?fileloc=//opt/cloudlinux/alt-php71/root/usr/lib64/build/Makefile.global&path=//opt/cloudlinux/alt-php71/root/usr/lib64/build HTTP/1.1" 200 20294 "https://www.congresos.redpsiju.com/wp-sitemap.xml?path=//opt/cloudlinux/alt-php71/root/usr/lib64/build" "Mozilla/5.0 AppleWebKit/537.36 (KHTML, like Gecko; compatible; GPTBot/1.4; +https://openai.com/gptbot)"
57.141.0.27 - - [04/Aug/2026:07:16:25 -0500] "GET /?fileloc=//opt/cpanel/ea-wappspector/vendor/rector/rector/src/PHPStanStaticTypeMapper/PHPStanStaticTypeMapper.php&path=//opt/cpanel/ea-wappspector/vendor/rector/rector/src/PHPStanStaticTypeMapper HTTP/1.1" 200 14610 "-" "Mozilla/5.0 (Windows NT 10.0; Win64; x64) AppleWebKit/537.36 (KHTML, like Gecko) Chrome/145.0.0.0 Safari/537.36 (compatible; meta-externalagent/1.1 (+https://developers.facebook.com/docs/sharing/webmasters/crawler))"
216.73.216.15 - - [04/Aug/2026:07:16:27 -0500] "GET /sitemap.xml?fileloc=%2Fhome%2Fredpsiju%2Ffiles%2Fwp-includes%2Fjs%2Fjquery%2Fui%2Feffect-transfer.js&path=%2Fhome%2Fredpsiju%2Ffiles%2Fwp-includes%2Fjs%2Fjquery%2Fui HTTP/1.1" 200 13611 "-" "Mozilla/5.0 AppleWebKit/537.36 (KHTML, like Gecko; compatible; ClaudeBot/1.0; +claudebot@anthropic.com)"
74.7.243.210 - - [04/Aug/2026:07:16:27 -0500] "GET /wp-sitemap.xml?fileloc=//opt/cloudlinux/alt-php80/root/usr/lib64/build/Makefile.global&path=//opt/cloudlinux/alt-php80/root/usr/lib64/build HTTP/1.1" 200 20470 "https://www.congresos.redpsiju.com/wp-sitemap.xml?path=//opt/cloudlinux/alt-php80/root/usr/lib64/build" "Mozilla/5.0 AppleWebKit/537.36 (KHTML, like Gecko; compatible; GPTBot/1.4; +https://openai.com/gptbot)"
57.141.0.60 - - [04/Aug/2026:07:16:27 -0500] "GET /auspicios/?fileloc=//proc/self/root/usr/bin/shred&path=//proc/self/root/usr/bin HTTP/1.1" 200 107275 "-" "Mozilla/5.0 (Windows NT 10.0; Win64; x64) AppleWebKit/537.36 (KHTML, like Gecko) Chrome/145.0.0.0 Safari/537.36 (compatible; meta-externalagent/1.1 (+https://developers.facebook.com/docs/sharing/webmasters/crawler))"
74.7.243.210 - - [04/Aug/2026:07:16:30 -0500] "GET /wp-sitemap.xml?fileloc=//opt/cloudlinux/alt-php74/root/usr/lib64/build/Makefile.global&path=//opt/cloudlinux/alt-php74/root/usr/lib64/build HTTP/1.1" 200 20169 "https://www.congresos.redpsiju.com/wp-sitemap.xml?path=//opt/cloudlinux/alt-php74/root/usr/lib64/build" "Mozilla/5.0 AppleWebKit/537.36 (KHTML, like Gecko; compatible; GPTBot/1.4; +https://openai.com/gptbot)"
57.141.0.5 - - [04/Aug/2026:07:16:31 -0500] "GET /auspicios/?fileloc=//lib64/libpoco-plesk-1.12.4/libPocoJSON.so.94&path=//lib64/libpoco-plesk-1.12.4 HTTP/1.1" 200 623824 "-" "Mozilla/5.0 (Macintosh; Intel Mac OS X 10_15_7) AppleWebKit/537.36 (KHTML, like Gecko) Chrome/145.0.0.0 Safari/537.36 (compatible; meta-externalagent/1.1 (+https://developers.facebook.com/docs/sharing/webmasters/crawler))"
114.119.128.126 - - [04/Aug/2026:07:16:32 -0500] "GET /2026/07/29/online-casino-echtgeld-2026-ein-leitfaden-fur-einzahlungen-und-auszahlungen/?fileloc=/home/redpsiju/congresos.redpsiju.com/wp-includes/class-wp-block-supports.php&path=/home/redpsiju/congresos.redpsiju.com/wp-includes HTTP/1.1" 200 19456 "https://www.congresos.redpsiju.com/2026/07/29/online-casino-echtgeld-2026-ein-leitfaden-fur-einzahlungen-und-auszahlungen/?path=/home/redpsiju/congresos.redpsiju.com/wp-includes" "Mozilla/5.0 (Linux; Android 7.0;) AppleWebKit/537.36 (HTML, like Gecko) Mobile Safari/537.36 (compatible; PetalBot;+https://webmaster.petalsearch.com/site/petalbot)"
74.7.243.210 - - [04/Aug/2026:07:16:33 -0500] "GET /wp-sitemap.xml?fileloc=//opt/cloudlinux/alt-php84/root/usr/lib64/build/Makefile.global&path=//opt/cloudlinux/alt-php84/root/usr/lib64/build HTTP/1.1" 200 20647 "https://www.congresos.redpsiju.com/wp-sitemap.xml?path=//opt/cloudlinux/alt-php84/root/usr/lib64/build" "Mozilla/5.0 AppleWebKit/537.36 (KHTML, like Gecko; compatible; GPTBot/1.4; +https://openai.com/gptbot)"
216.73.216.15 - - [04/Aug/2026:07:16:35 -0500] "GET /sitemap.xml?fileloc=%2Fhome%2Fredpsiju%2Fvalencia2025.redpsiju.com%2Fwp-includes%2FSimplePie%2Fsrc%2FSource.php&path=%2Fhome%2Fredpsiju%2Fvalencia2025.redpsiju.com%2Fwp-includes%2FSimplePie%2Fsrc HTTP/1.1" 200 39741 "-" "Mozilla/5.0 AppleWebKit/537.36 (KHTML, like Gecko; compatible; ClaudeBot/1.0; +claudebot@anthropic.com)"
74.7.243.210 - - [04/Aug/2026:07:16:37 -0500] "GET /wp-sitemap.xml?fileloc=//opt/cloudlinux/alt-php74/root/usr/lib64/build/libtool.m4&path=//opt/cloudlinux/alt-php74/root/usr/lib64/build HTTP/1.1" 200 371044 "https://www.congresos.redpsiju.com/wp-sitemap.xml?path=//opt/cloudlinux/alt-php74/root/usr/lib64/build" "Mozilla/5.0 AppleWebKit/537.36 (KHTML, like Gecko; compatible; GPTBot/1.4; +https://openai.com/gptbot)"
74.7.243.210 - - [04/Aug/2026:07:16:40 -0500] "GET /wp-sitemap.xml?fileloc=//opt/cloudlinux/alt-php84/root/usr/lib64/build/libtool.m4&path=//opt/cloudlinux/alt-php84/root/usr/lib64/build HTTP/1.1" 200 371044 "https://www.congresos.redpsiju.com/wp-sitemap.xml?path=//opt/cloudlinux/alt-php84/root/usr/lib64/build" "Mozilla/5.0 AppleWebKit/537.36 (KHTML, like Gecko; compatible; GPTBot/1.4; +https://openai.com/gptbot)"
216.73.216.15 - - [04/Aug/2026:07:16:43 -0500] "GET /sitemap.xml?fileloc=%2F%2Flib64%2Flibudev.so.1&path=%2F%2Flib64 HTTP/1.1" 200 1055108 "-" "Mozilla/5.0 AppleWebKit/537.36 (KHTML, like Gecko; compatible; ClaudeBot/1.0; +claudebot@anthropic.com)"
74.7.243.210 - - [04/Aug/2026:07:16:43 -0500] "GET /wp-sitemap.xml?fileloc=//opt/cloudlinux/alt-php74/root/usr/lib64/build/shtool&path=//opt/cloudlinux/alt-php74/root/usr/lib64/build HTTP/1.1" 200 91953 "https://www.congresos.redpsiju.com/wp-sitemap.xml?path=//opt/cloudlinux/alt-php74/root/usr/lib64/build" "Mozilla/5.0 AppleWebKit/537.36 (KHTML, like Gecko; compatible; GPTBot/1.4; +https://openai.com/gptbot)"
74.7.243.210 - - [04/Aug/2026:07:16:46 -0500] "GET /wp-sitemap.xml?fileloc=//opt/cloudlinux/alt-php84/root/usr/lib64/build/shtool&path=//opt/cloudlinux/alt-php84/root/usr/lib64/build HTTP/1.1" 200 91957 "https://www.congresos.redpsiju.com/wp-sitemap.xml?path=//opt/cloudlinux/alt-php84/root/usr/lib64/build" "Mozilla/5.0 AppleWebKit/537.36 (KHTML, like Gecko; compatible; GPTBot/1.4; +https://openai.com/gptbot)"
74.7.243.210 - - [04/Aug/2026:07:16:49 -0500] "GET /wp-sitemap.xml?fileloc=//opt/cloudlinux/alt-php83/root/usr/lib64/build/php_cxx_compile_stdcxx.m4&path=//opt/cloudlinux/alt-php83/root/usr/lib64/build HTTP/1.1" 200 32635 "https://www.congresos.redpsiju.com/wp-sitemap.xml?path=//opt/cloudlinux/alt-php83/root/usr/lib64/build" "Mozilla/5.0 AppleWebKit/537.36 (KHTML, like Gecko; compatible; GPTBot/1.4; +https://openai.com/gptbot)"
216.73.216.15 - - [04/Aug/2026:07:16:51 -0500] "GET /'?fileloc=%2Fhome%2Fredpsiju%2Fcongresos.redpsiju.com%2Fwp-includes%2Frest-api%2Fclass-wp-rest-request.php&path=%2Fhome%2Fredpsiju%2Fcongresos.redpsiju.com%2Fwp-includes%2Frest-api HTTP/1.1" 200 40732 "-" "Mozilla/5.0 AppleWebKit/537.36 (KHTML, like Gecko; compatible; ClaudeBot/1.0; +claudebot@anthropic.com)"
74.7.243.210 - - [04/Aug/2026:07:16:53 -0500] "GET /wp-sitemap.xml?fileloc=//opt/cloudlinux/alt-php80/root/usr/lib64/build/php_cxx_compile_stdcxx.m4&path=//opt/cloudlinux/alt-php80/root/usr/lib64/build HTTP/1.1" 200 31586 "https://www.congresos.redpsiju.com/wp-sitemap.xml?path=//opt/cloudlinux/alt-php80/root/usr/lib64/build" "Mozilla/5.0 AppleWebKit/537.36 (KHTML, like Gecko; compatible; GPTBot/1.4; +https://openai.com/gptbot)"
74.7.243.210 - - [04/Aug/2026:07:16:56 -0500] "GET /wp-sitemap.xml?fileloc=//opt/cloudlinux/alt-php74/root/usr/lib64/build/php_cxx_compile_stdcxx.m4&path=//opt/cloudlinux/alt-php74/root/usr/lib64/build HTTP/1.1" 200 31586 "https://www.congresos.redpsiju.com/wp-sitemap.xml?path=//opt/cloudlinux/alt-php74/root/usr/lib64/build" "Mozilla/5.0 AppleWebKit/537.36 (KHTML, like Gecko; compatible; GPTBot/1.4; +https://openai.com/gptbot)"
57.141.0.28 - - [04/Aug/2026:07:16:58 -0500] "GET /?fileloc=//home/redpsiju/congresos.redpsiju.com/wp-includes/query.php&path=//home/redpsiju/congresos.redpsiju.com/wp-includes HTTP/1.1" 200 51294 "-" "Mozilla/5.0 (Windows NT 10.0; Win64; x64) AppleWebKit/537.36 (KHTML, like Gecko) Chrome/145.0.0.0 Safari/537.36 (compatible; meta-externalagent/1.1 (+https://developers.facebook.com/docs/sharing/webmasters/crawler))"
57.141.0.23 - - [04/Aug/2026:07:16:58 -0500] "GET /auspicios/?fileloc=//lib/.build-id/a7/f405d3097e30de906dedfd55152f09a4b6a4c5&path=//lib/.build-id/a7 HTTP/1.1" 200 31895 "-" "Mozilla/5.0 (X11; Linux x86_64) AppleWebKit/537.36 (KHTML, like Gecko) Chrome/145.0.0.0 Safari/537.36 (compatible; meta-externalagent/1.1 (+https://developers.facebook.com/docs/sharing/webmasters/crawler))"
74.7.243.210 - - [04/Aug/2026:07:16:59 -0500] "GET /wp-sitemap.xml?fileloc=//opt/cloudlinux/alt-php84/root/usr/lib64/build/ax_gcc_func_attribute.m4&path=//opt/cloudlinux/alt-php84/root/usr/lib64/build HTTP/1.1" 200 21183 "https://www.congresos.redpsiju.com/wp-sitemap.xml?path=//opt/cloudlinux/alt-php84/root/usr/lib64/build" "Mozilla/5.0 AppleWebKit/537.36 (KHTML, like Gecko; compatible; GPTBot/1.4; +https://openai.com/gptbot)"
216.73.216.15 - - [04/Aug/2026:07:16:59 -0500] "GET /sitemap.xml?fileloc=%2F%2Flib%2Ftmpfiles.d%2Fhome.conf&path=%2F%2Flib%2Ftmpfiles.d HTTP/1.1" 200 12632 "-" "Mozilla/5.0 AppleWebKit/537.36 (KHTML, like Gecko; compatible; ClaudeBot/1.0; +claudebot@anthropic.com)"
57.141.0.10 - - [04/Aug/2026:07:17:00 -0500] "GET /?fileloc=//proc/self/root/usr/share/man/man3/ENGINE_set_ciphers.3ssl.gz&path=//proc/self/root/usr/share/man/man3 HTTP/1.1" 200 33690 "-" "Mozilla/5.0 (X11; Linux x86_64) AppleWebKit/537.36 (KHTML, like Gecko) Chrome/145.0.0.0 Safari/537.36 (compatible; meta-externalagent/1.1 (+https://developers.facebook.com/docs/sharing/webmasters/crawler))"
74.7.243.210 - - [04/Aug/2026:07:17:02 -0500] "GET /wp-sitemap.xml?fileloc=//opt/cloudlinux/alt-php84/root/usr/lib64/build/php_cxx_compile_stdcxx.m4&path=//opt/cloudlinux/alt-php84/root/usr/lib64/build HTTP/1.1" 200 32635 "https://www.congresos.redpsiju.com/wp-sitemap.xml?path=//opt/cloudlinux/alt-php84/root/usr/lib64/build" "Mozilla/5.0 AppleWebKit/537.36 (KHTML, like Gecko; compatible; GPTBot/1.4; +https://openai.com/gptbot)"
57.141.0.48 - - [04/Aug/2026:07:17:03 -0500] "GET /?fileloc=//proc/self/root/usr/share/man/man3/BIO_meth_get_read_ex.3ssl.gz&path=//proc/self/root/usr/share/man/man3 HTTP/1.1" 200 19622 "-" "Mozilla/5.0 (Windows NT 10.0; Win64; x64) AppleWebKit/537.36 (KHTML, like Gecko) Chrome/145.0.0.0 Safari/537.36 (compatible; meta-externalagent/1.1 (+https://developers.facebook.com/docs/sharing/webmasters/crawler))"
57.141.0.42 - - [04/Aug/2026:07:17:04 -0500] "GET /?fileloc=//proc/self/root/usr/share/man/man3/xcb_dri2_wait_msc.3.gz&path=//proc/self/root/usr/share/man/man3 HTTP/1.1" 200 14297 "-" "Mozilla/5.0 (Windows NT 10.0; Win64; x64) AppleWebKit/537.36 (KHTML, like Gecko) Chrome/145.0.0.0 Safari/537.36 (compatible; meta-externalagent/1.1 (+https://developers.facebook.com/docs/sharing/webmasters/crawler))"
57.141.0.2 - - [04/Aug/2026:07:17:05 -0500] "GET /?fileloc=//proc/self/root/usr/share/man/man3/xcb_dri2_connect_device_name.3.gz&path=//proc/self/root/usr/share/man/man3 HTTP/1.1" 200 12635 "-" "Mozilla/5.0 (Windows NT 10.0; Win64; x64) AppleWebKit/537.36 (KHTML, like Gecko) Chrome/145.0.0.0 Safari/537.36 (compatible; meta-externalagent/1.1 (+https://developers.facebook.com/docs/sharing/webmasters/crawler))"
74.7.243.210 - - [04/Aug/2026:07:17:05 -0500] "GET /wp-sitemap.xml?fileloc=//opt/cloudlinux/alt-php74/root/usr/lib64/build/ax_gcc_func_attribute.m4&path=//opt/cloudlinux/alt-php74/root/usr/lib64/build HTTP/1.1" 200 21190 "https://www.congresos.redpsiju.com/wp-sitemap.xml?path=//opt/cloudlinux/alt-php74/root/usr/lib64/build" "Mozilla/5.0 AppleWebKit/537.36 (KHTML, like Gecko; compatible; GPTBot/1.4; +https://openai.com/gptbot)"
57.141.0.3 - - [04/Aug/2026:07:17:07 -0500] "GET /?fileloc=//proc/self/root/usr/share/man/man8/wdctl.8.gz&path=//proc/self/root/usr/share/man/man8 HTTP/1.1" 200 14158 "-" "Mozilla/5.0 (X11; Linux x86_64) AppleWebKit/537.36 (KHTML, like Gecko) Chrome/145.0.0.0 Safari/537.36 (compatible; meta-externalagent/1.1 (+https://developers.facebook.com/docs/sharing/webmasters/crawler))"
216.73.216.15 - - [04/Aug/2026:07:17:07 -0500] "GET /%22,t+=%22%3C%22+e.getAttribute(%22src%22?path=%2F%2Fproc%2F359297 HTTP/1.1" 200 12668 "-" "Mozilla/5.0 AppleWebKit/537.36 (KHTML, like Gecko; compatible; ClaudeBot/1.0; +claudebot@anthropic.com)"
74.7.243.210 - - [04/Aug/2026:07:17:08 -0500] "GET /wp-sitemap.xml?fileloc=//opt/cloudlinux/alt-php81/root/usr/lib64/build/php_cxx_compile_stdcxx.m4&path=//opt/cloudlinux/alt-php81/root/usr/lib64/build HTTP/1.1" 200 31586 "https://www.congresos.redpsiju.com/wp-sitemap.xml?path=//opt/cloudlinux/alt-php81/root/usr/lib64/build" "Mozilla/5.0 AppleWebKit/537.36 (KHTML, like Gecko; compatible; GPTBot/1.4; +https://openai.com/gptbot)"
57.141.0.31 - - [04/Aug/2026:07:17:09 -0500] "GET /auspicios/?fileloc=//proc/self/root/usr/lib64/libgpg-error.so&path=//proc/self/root/usr/lib64 HTTP/1.1" 200 225740 "-" "Mozilla/5.0 (Windows NT 10.0; Win64; x64) AppleWebKit/537.36 (KHTML, like Gecko) Chrome/145.0.0.0 Safari/537.36 (compatible; meta-externalagent/1.1 (+https://developers.facebook.com/docs/sharing/webmasters/crawler))"
74.7.243.210 - - [04/Aug/2026:07:17:12 -0500] "GET /wp-sitemap.xml?fileloc=//opt/cloudlinux/alt-php82/root/usr/lib64/build/php_cxx_compile_stdcxx.m4&path=//opt/cloudlinux/alt-php82/root/usr/lib64/build HTTP/1.1" 200 32635 "https://www.congresos.redpsiju.com/wp-sitemap.xml?path=//opt/cloudlinux/alt-php82/root/usr/lib64/build" "Mozilla/5.0 AppleWebKit/537.36 (KHTML, like Gecko; compatible; GPTBot/1.4; +https://openai.com/gptbot)"
57.141.0.67 - - [04/Aug/2026:07:17:13 -0500] "GET /?path=//var/lib/spamassassin/compiled/5.042/4.000001/Mail/SpamAssassin HTTP/1.1" 200 14596 "-" "Mozilla/5.0 (Macintosh; Intel Mac OS X 10_15_7) AppleWebKit/537.36 (KHTML, like Gecko) Chrome/145.0.0.0 Safari/537.36 (compatible; meta-externalagent/1.1 (+https://developers.facebook.com/docs/sharing/webmasters/crawler))"
57.141.0.7 - - [04/Aug/2026:07:17:13 -0500] "GET /auspicios/?fileloc=//proc/self/root/usr/lib64/libImath-2_2.so.12&path=//proc/self/root/usr/lib64 HTTP/1.1" 200 126649 "-" "Mozilla/5.0 (Macintosh; Intel Mac OS X 10_15_7) AppleWebKit/537.36 (KHTML, like Gecko) Chrome/145.0.0.0 Safari/537.36 (compatible; meta-externalagent/1.1 (+https://developers.facebook.com/docs/sharing/webmasters/crawler))"
66.249.79.76 - - [04/Aug/2026:07:17:13 -0500] "GET /review/goods/C2961152029?fileloc=/home/redpsiju/congresos.redpsiju.com/readme.html&path=/home/redpsiju/congresos.redpsiju.com HTTP/1.1" 200 21677 "-" "Mozilla/5.0 (Linux; Android 6.0.1; Nexus 5X Build/MMB29P) AppleWebKit/537.36 (KHTML, like Gecko) Chrome/150.0.7871.186 Mobile Safari/537.36 (compatible; GoogleOther)"
74.7.243.210 - - [04/Aug/2026:07:17:15 -0500] "GET /wp-sitemap.xml?fileloc=//opt/cloudlinux/alt-php71/root/usr/lib64/build/scan_makefile_in.awk&path=//opt/cloudlinux/alt-php71/root/usr/lib64/build HTTP/1.1" 200 13091 "https://www.congresos.redpsiju.com/wp-sitemap.xml?path=//opt/cloudlinux/alt-php71/root/usr/lib64/build" "Mozilla/5.0 AppleWebKit/537.36 (KHTML, like Gecko; compatible; GPTBot/1.4; +https://openai.com/gptbot)"
216.73.216.15 - - [04/Aug/2026:07:17:15 -0500] "GET /sitemap.xml?fileloc=%2F%2Flib64%2Flibrrd.so.8&path=%2F%2Flib64 HTTP/1.1" 200 581201 "-" "Mozilla/5.0 AppleWebKit/537.36 (KHTML, like Gecko; compatible; ClaudeBot/1.0; +claudebot@anthropic.com)"
57.141.0.44 - - [04/Aug/2026:07:17:16 -0500] "GET /?fileloc=//home/redpsiju/public_html/wp-content/languages/es_ES-0ce75ad2f775d1cac9696967d484808c.json&path=//home/redpsiju/public_html/wp-content/languages HTTP/1.1" 200 13225 "-" "Mozilla/5.0 (Windows NT 10.0; Win64; x64) AppleWebKit/537.36 (KHTML, like Gecko) Chrome/145.0.0.0 Safari/537.36 (compatible; meta-externalagent/1.1 (+https://developers.facebook.com/docs/sharing/webmasters/crawler))"
74.7.243.210 - - [04/Aug/2026:07:17:18 -0500] "GET /wp-sitemap.xml?fileloc=//opt/cloudlinux/alt-php73/root/usr/lib64/build/scan_makefile_in.awk&path=//opt/cloudlinux/alt-php73/root/usr/lib64/build HTTP/1.1" 200 13091 "https://www.congresos.redpsiju.com/wp-sitemap.xml?path=//opt/cloudlinux/alt-php73/root/usr/lib64/build" "Mozilla/5.0 AppleWebKit/537.36 (KHTML, like Gecko; compatible; GPTBot/1.4; +https://openai.com/gptbot)"
74.7.243.210 - - [04/Aug/2026:07:17:21 -0500] "GET /wp-sitemap.xml?fileloc=//opt/cloudlinux/alt-php70/root/usr/lib64/build/scan_makefile_in.awk&path=//opt/cloudlinux/alt-php70/root/usr/lib64/build HTTP/1.1" 200 13092 "https://www.congresos.redpsiju.com/wp-sitemap.xml?path=//opt/cloudlinux/alt-php70/root/usr/lib64/build" "Mozilla/5.0 AppleWebKit/537.36 (KHTML, like Gecko; compatible; GPTBot/1.4; +https://openai.com/gptbot)"
216.73.216.15 - - [04/Aug/2026:07:17:23 -0500] "GET /%22,t+=%22%3C%22+e.getAttribute(%22src%22?path=%2Fhome%2Fredpsiju%2Fpublic_html%2Fwp-includes%2FText HTTP/1.1" 200 17380 "-" "Mozilla/5.0 AppleWebKit/537.36 (KHTML, like Gecko; compatible; ClaudeBot/1.0; +claudebot@anthropic.com)"
74.7.243.210 - - [04/Aug/2026:07:17:24 -0500] "GET /wp-sitemap.xml?fileloc=//opt/cloudlinux/alt-php72/root/usr/lib64/build/scan_makefile_in.awk&path=//opt/cloudlinux/alt-php72/root/usr/lib64/build HTTP/1.1" 200 13091 "https://www.congresos.redpsiju.com/wp-sitemap.xml?path=//opt/cloudlinux/alt-php72/root/usr/lib64/build" "Mozilla/5.0 AppleWebKit/537.36 (KHTML, like Gecko; compatible; GPTBot/1.4; +https://openai.com/gptbot)"
57.141.0.5 - - [04/Aug/2026:07:17:26 -0500] "GET /auspicios/?fileloc=//proc/self/root/etc/snmp/snmpd.conf&path=//proc/self/root/etc/snmp HTTP/1.1" 200 12409 "-" "Mozilla/5.0 (X11; Linux x86_64) AppleWebKit/537.36 (KHTML, like Gecko) Chrome/145.0.0.0 Safari/537.36 (compatible; meta-externalagent/1.1 (+https://developers.facebook.com/docs/sharing/webmasters/crawler))"
74.7.243.210 - - [04/Aug/2026:07:17:27 -0500] "GET /wp-sitemap.xml?fileloc=//opt/cpanel/ea-openssl11/share/man/man3/DH_meth_get_generate_params.3&path=//opt/cpanel/ea-openssl11/share/man/man3 HTTP/1.1" 200 26232 "https://www.congresos.redpsiju.com/wp-sitemap.xml?path=//opt/cpanel/ea-openssl11/share/man/man3" "Mozilla/5.0 AppleWebKit/537.36 (KHTML, like Gecko; compatible; GPTBot/1.4; +https://openai.com/gptbot)"
74.7.243.210 - - [04/Aug/2026:07:17:30 -0500] "GET /wp-sitemap.xml?fileloc=//lib64/python2.7/_MozillaCookieJar.pyc&path=//lib64/python2.7 HTTP/1.1" 200 16935 "https://www.congresos.redpsiju.com/wp-sitemap.xml?path=//lib64/python2.7" "Mozilla/5.0 AppleWebKit/537.36 (KHTML, like Gecko; compatible; GPTBot/1.4; +https://openai.com/gptbot)"
57.141.0.45 - - [04/Aug/2026:07:17:32 -0500] "GET /?fileloc=//proc/self/root/usr/share/man/man8/dracut-pre-pivot.service.8.gz&path=//proc/self/root/usr/share/man/man8 HTTP/1.1" 200 13684 "-" "Mozilla/5.0 (X11; Linux x86_64) AppleWebKit/537.36 (KHTML, like Gecko) Chrome/145.0.0.0 Safari/537.36 (compatible; meta-externalagent/1.1 (+https://developers.facebook.com/docs/sharing/webmasters/crawler))"
74.7.243.210 - - [04/Aug/2026:07:17:33 -0500] "GET /wp-sitemap.xml?fileloc=//opt/cpanel/ea-openssl11/share/man/man3/i2d_ASN1_GENERALIZEDTIME.3&path=//opt/cpanel/ea-openssl11/share/man/man3 HTTP/1.1" 200 34935 "https://www.congresos.redpsiju.com/wp-sitemap.xml?path=//opt/cpanel/ea-openssl11/share/man/man3" "Mozilla/5.0 AppleWebKit/537.36 (KHTML, like Gecko; compatible; GPTBot/1.4; +https://openai.com/gptbot)"
57.141.0.29 - - [04/Aug/2026:07:17:35 -0500] "GET /auspicios/?path=//usr/share/locale/fil HTTP/1.1" 200 14119 "-" "Mozilla/5.0 (Windows NT 10.0; Win64; x64) AppleWebKit/537.36 (KHTML, like Gecko) Chrome/145.0.0.0 Safari/537.36 Edg/145.0.0.0 (compatible; meta-externalagent/1.1 (+https://developers.facebook.com/docs/sharing/webmasters/crawler))"
74.7.243.210 - - [04/Aug/2026:07:17:36 -0500] "GET /wp-sitemap.xml?fileloc=//opt/cpanel/ea-openssl11/share/man/man3/i2d_PKCS8_PRIV_KEY_INFO.3&path=//opt/cpanel/ea-openssl11/share/man/man3 HTTP/1.1" 200 34934 "https://www.congresos.redpsiju.com/wp-sitemap.xml?path=//opt/cpanel/ea-openssl11/share/man/man3" "Mozilla/5.0 AppleWebKit/537.36 (KHTML, like Gecko; compatible; GPTBot/1.4; +https://openai.com/gptbot)"
57.141.0.38 - - [04/Aug/2026:07:17:37 -0500] "GET /?fileloc=//proc/self/root/lib/gcc/x86_64-redhat-linux/8/libtsan.so&path=//proc/self/root/lib/gcc/x86_64-redhat-linux/8 HTTP/1.1" 200 12620 "-" "Mozilla/5.0 (Windows NT 10.0; Win64; x64) AppleWebKit/537.36 (KHTML, like Gecko) Chrome/145.0.0.0 Safari/537.36 (compatible; meta-externalagent/1.1 (+https://developers.facebook.com/docs/sharing/webmasters/crawler))"
57.141.0.10 - - [04/Aug/2026:07:17:39 -0500] "GET /?fileloc=//proc/self/root/usr/share/man/man8/unix_chkpwd.8.gz&path=//proc/self/root/usr/share/man/man8 HTTP/1.1" 200 14111 "-" "Mozilla/5.0 (Macintosh; Intel Mac OS X 10_15_7) AppleWebKit/537.36 (KHTML, like Gecko) Chrome/145.0.0.0 Safari/537.36 (compatible; meta-externalagent/1.1 (+https://developers.facebook.com/docs/sharing/webmasters/crawler))"
74.7.243.210 - - [04/Aug/2026:07:17:40 -0500] "GET /wp-sitemap.xml?fileloc=//opt/cpanel/ea-openssl11/share/man/man3/d2i_PKCS7_SIGN_ENVELOPE.3&path=//opt/cpanel/ea-openssl11/share/man/man3 HTTP/1.1" 200 34934 "https://www.congresos.redpsiju.com/wp-sitemap.xml?path=//opt/cpanel/ea-openssl11/share/man/man3" "Mozilla/5.0 AppleWebKit/537.36 (KHTML, like Gecko; compatible; GPTBot/1.4; +https://openai.com/gptbot)"
57.141.0.13 - - [04/Aug/2026:07:17:43 -0500] "GET /?fileloc=//proc/self/root/usr/share/man/man3/xcb_randr_get_screen_resources.3.gz&path=//proc/self/root/usr/share/man/man3 HTTP/1.1" 200 14595 "-" "Mozilla/5.0 (Windows NT 10.0; Win64; x64) AppleWebKit/537.36 (KHTML, like Gecko) Chrome/145.0.0.0 Safari/537.36 (compatible; meta-externalagent/1.1 (+https://developers.facebook.com/docs/sharing/webmasters/crawler))"
74.7.243.210 - - [04/Aug/2026:07:17:43 -0500] "GET /wp-sitemap.xml?fileloc=//opt/cpanel/ea-openssl11/share/man/man3/i2d_PKCS7_SIGN_ENVELOPE.3&path=//opt/cpanel/ea-openssl11/share/man/man3 HTTP/1.1" 200 34934 "https://www.congresos.redpsiju.com/wp-sitemap.xml?path=//opt/cpanel/ea-openssl11/share/man/man3" "Mozilla/5.0 AppleWebKit/537.36 (KHTML, like Gecko; compatible; GPTBot/1.4; +https://openai.com/gptbot)"
216.73.216.15 - - [04/Aug/2026:07:17:43 -0500] "GET /%22,t+=%22%3C%22+e.getAttribute(%22src%22?fileloc=%2Fhome%2Fredpsiju%2Fpublic_html%2Fwp-includes%2Ftheme-compat%2Fsidebar.php&path=%2Fhome%2Fredpsiju%2Fpublic_html%2Fwp-includes%2Ftheme-compat HTTP/1.1" 200 18111 "-" "Mozilla/5.0 AppleWebKit/537.36 (KHTML, like Gecko; compatible; ClaudeBot/1.0; +claudebot@anthropic.com)"
57.141.0.67 - - [04/Aug/2026:07:17:45 -0500] "GET /?fileloc=//proc/self/root/usr/share/man/man3/xcb_input_device_button_state_notify_event_t.3.gz&path=//proc/self/root/usr/share/man/man3 HTTP/1.1" 200 13570 "-" "Mozilla/5.0 (Macintosh; Intel Mac OS X 10_15_7) AppleWebKit/537.36 (KHTML, like Gecko) Chrome/145.0.0.0 Safari/537.36 (compatible; meta-externalagent/1.1 (+https://developers.facebook.com/docs/sharing/webmasters/crawler))"
74.7.243.210 - - [04/Aug/2026:07:17:46 -0500] "GET /wp-sitemap.xml?fileloc=//opt/cpanel/ea-openssl11/share/man/man3/d2i_PKCS8_PRIV_KEY_INFO.3&path=//opt/cpanel/ea-openssl11/share/man/man3 HTTP/1.1" 200 34934 "https://www.congresos.redpsiju.com/wp-sitemap.xml?path=//opt/cpanel/ea-openssl11/share/man/man3" "Mozilla/5.0 AppleWebKit/537.36 (KHTML, like Gecko; compatible; GPTBot/1.4; +https://openai.com/gptbot)"
57.141.0.42 - - [04/Aug/2026:07:17:48 -0500] "GET /?fileloc=//usr/lib/tuned/optimize-serial-console/tuned.conf&path=//usr/lib/tuned/optimize-serial-console HTTP/1.1" 200 12655 "-" "Mozilla/5.0 (Windows NT 10.0; Win64; x64; rv:147.0) Gecko/20100101 Firefox/147.0 (compatible; meta-externalagent/1.1 (+https://developers.facebook.com/docs/sharing/webmasters/crawler))"
74.7.243.210 - - [04/Aug/2026:07:17:49 -0500] "GET /wp-sitemap.xml?fileloc=//opt/cpanel/ea-openssl11/share/man/man3/d2i_PKCS8_PRIV_KEY_INFO_fp.3&path=//opt/cpanel/ea-openssl11/share/man/man3 HTTP/1.1" 200 34937 "https://www.congresos.redpsiju.com/wp-sitemap.xml?path=//opt/cpanel/ea-openssl11/share/man/man3" "Mozilla/5.0 AppleWebKit/537.36 (KHTML, like Gecko; compatible; GPTBot/1.4; +https://openai.com/gptbot)"
216.73.216.15 - - [04/Aug/2026:07:17:51 -0500] "GET /%22,t+=%22%3C%22+e.getAttribute(%22src%22?fileloc=%2Fhome%2Fredpsiju%2Fpublic_html%2Fwp-includes%2Ftheme-compat%2Fcomments.php&path=%2Fhome%2Fredpsiju%2Fpublic_html%2Fwp-includes%2Ftheme-compat HTTP/1.1" 200 15202 "-" "Mozilla/5.0 AppleWebKit/537.36 (KHTML, like Gecko; compatible; ClaudeBot/1.0; +claudebot@anthropic.com)"
74.7.243.210 - - [04/Aug/2026:07:17:52 -0500] "GET /wp-sitemap.xml?fileloc=//opt/cpanel/ea-openssl11/share/man/man3/i2d_PKCS8_PRIV_KEY_INFO_fp.3&path=//opt/cpanel/ea-openssl11/share/man/man3 HTTP/1.1" 200 34937 "https://www.congresos.redpsiju.com/wp-sitemap.xml?path=//opt/cpanel/ea-openssl11/share/man/man3" "Mozilla/5.0 AppleWebKit/537.36 (KHTML, like Gecko; compatible; GPTBot/1.4; +https://openai.com/gptbot)"
57.141.0.19 - - [04/Aug/2026:07:17:55 -0500] "GET /?fileloc=//opt/cpanel/ea-openssl11/share/doc/openssl/html/man3/d2i_X509_CINF.html&path=//opt/cpanel/ea-openssl11/share/doc/openssl/html/man3 HTTP/1.1" 200 32780 "-" "Mozilla/5.0 (Windows NT 10.0; Win64; x64) AppleWebKit/537.36 (KHTML, like Gecko) Chrome/145.0.0.0 Safari/537.36 (compatible; meta-externalagent/1.1 (+https://developers.facebook.com/docs/sharing/webmasters/crawler))"
57.141.0.39 - - [04/Aug/2026:07:17:55 -0500] "GET /?fileloc=//proc/self/root/usr/share/man/man8/snmpd.8.gz&path=//proc/self/root/usr/share/man/man8 HTTP/1.1" 200 20594 "-" "Mozilla/5.0 (Windows NT 10.0; Win64; x64) AppleWebKit/537.36 (KHTML, like Gecko) Chrome/145.0.0.0 Safari/537.36 Edg/145.0.0.0 (compatible; meta-externalagent/1.1 (+https://developers.facebook.com/docs/sharing/webmasters/crawler))"
74.7.243.210 - - [04/Aug/2026:07:17:55 -0500] "GET /wp-sitemap.xml?fileloc=//opt/cpanel/ea-openssl11/share/man/man3/d2i_ASN1_GENERALIZEDTIME.3&path=//opt/cpanel/ea-openssl11/share/man/man3 HTTP/1.1" 200 34935 "https://www.congresos.redpsiju.com/wp-sitemap.xml?path=//opt/cpanel/ea-openssl11/share/man/man3" "Mozilla/5.0 AppleWebKit/537.36 (KHTML, like Gecko; compatible; GPTBot/1.4; +https://openai.com/gptbot)"
57.141.0.58 - - [04/Aug/2026:07:17:56 -0500] "GET /?fileloc=//proc/self/root/usr/share/man/man8/rpc.sm-notify.8.gz&path=//proc/self/root/usr/share/man/man8 HTTP/1.1" 200 19869 "-" "Mozilla/5.0 (Windows NT 10.0; Win64; x64) AppleWebKit/537.36 (KHTML, like Gecko) Chrome/145.0.0.0 Safari/537.36 (compatible; meta-externalagent/1.1 (+https://developers.facebook.com/docs/sharing/webmasters/crawler))"
74.7.243.210 - - [04/Aug/2026:07:17:58 -0500] "GET /wp-sitemap.xml?fileloc=//proc/118101/root/home/redpsiju/congresos.redpsiju.com/index.php&path=//proc/118101/root/home/redpsiju/congresos.redpsiju.com HTTP/1.1" 200 12558 "https://www.congresos.redpsiju.com/wp-sitemap.xml?path=//proc/118101/root/home/redpsiju/congresos.redpsiju.com" "Mozilla/5.0 AppleWebKit/537.36 (KHTML, like Gecko; compatible; GPTBot/1.4; +https://openai.com/gptbot)"
216.73.216.15 - - [04/Aug/2026:07:17:59 -0500] "GET /%22,t+=%22%3C%22+e.getAttribute(%22src%22?fileloc=%2Fhome%2Fredpsiju%2Fpublic_html%2Fwp-includes%2Ftheme-compat%2Fheader.php&path=%2Fhome%2Fredpsiju%2Fpublic_html%2Fwp-includes%2Ftheme-compat HTTP/1.1" 200 14982 "-" "Mozilla/5.0 AppleWebKit/537.36 (KHTML, like Gecko; compatible; ClaudeBot/1.0; +claudebot@anthropic.com)"
74.7.243.210 - - [04/Aug/2026:07:18:02 -0500] "GET /wp-sitemap.xml?path=//var/softaculous/procwire HTTP/1.1" 200 44410 "https://www.congresos.redpsiju.com/wp-sitemap.xml?path=//var/softaculous" "Mozilla/5.0 AppleWebKit/537.36 (KHTML, like Gecko; compatible; GPTBot/1.4; +https://openai.com/gptbot)"
74.7.243.210 - - [04/Aug/2026:07:18:05 -0500] "GET /wp-sitemap.xml?fileloc=//proc/118101/root/home/redpsiju/congresos.redpsiju.com/wp-content/.htaccess&path=//proc/118101/root/home/redpsiju/congresos.redpsiju.com/wp-content HTTP/1.1" 200 12667 "https://www.congresos.redpsiju.com/wp-sitemap.xml?path=//proc/118101/root/home/redpsiju/congresos.redpsiju.com/wp-content" "Mozilla/5.0 AppleWebKit/537.36 (KHTML, like Gecko; compatible; GPTBot/1.4; +https://openai.com/gptbot)"
57.141.0.60 - - [04/Aug/2026:07:18:06 -0500] "GET /?fileloc=//proc/self/root/usr/include/scsi/fc/fc_ns.h&path=//proc/self/root/usr/include/scsi/fc HTTP/1.1" 200 17529 "-" "Mozilla/5.0 (Macintosh; Intel Mac OS X 10_15_7) AppleWebKit/537.36 (KHTML, like Gecko) Chrome/145.0.0.0 Safari/537.36 (compatible; meta-externalagent/1.1 (+https://developers.facebook.com/docs/sharing/webmasters/crawler))"
57.141.0.14 - - [04/Aug/2026:07:18:07 -0500] "GET /?fileloc=//proc/self/root/usr/share/man/man3/BN_BLINDING_update.3ssl.gz&path=//proc/self/root/usr/share/man/man3 HTTP/1.1" 200 18729 "-" "Mozilla/5.0 (Macintosh; Intel Mac OS X 10_15_7) AppleWebKit/537.36 (KHTML, like Gecko) Chrome/145.0.0.0 Safari/537.36 (compatible; meta-externalagent/1.1 (+https://developers.facebook.com/docs/sharing/webmasters/crawler))"
216.73.216.15 - - [04/Aug/2026:07:18:07 -0500] "GET /%22,t+=%22%3C%22+e.getAttribute(%22src%22?fileloc=%2Fhome%2Fredpsiju%2Fpublic_html%2Fwp-includes%2Ftheme-compat%2Fembed.php&path=%2Fhome%2Fredpsiju%2Fpublic_html%2Fwp-includes%2Ftheme-compat HTTP/1.1" 200 13061 "-" "Mozilla/5.0 AppleWebKit/537.36 (KHTML, like Gecko; compatible; ClaudeBot/1.0; +claudebot@anthropic.com)"
57.141.0.7 - - [04/Aug/2026:07:18:07 -0500] "GET /?fileloc=//proc/self/root/usr/share/man/man3/Locale::Codes::Changes.3pm.gz&path=//proc/self/root/usr/share/man/man3 HTTP/1.1" 200 33025 "-" "Mozilla/5.0 (Windows NT 10.0; Win64; x64) AppleWebKit/537.36 (KHTML, like Gecko) Chrome/145.0.0.0 Safari/537.36 (compatible; meta-externalagent/1.1 (+https://developers.facebook.com/docs/sharing/webmasters/crawler))"
57.141.0.52 - - [04/Aug/2026:07:18:08 -0500] "GET /auspicios/?fileloc=//lib/.build-id/58/d2346af929e1e6cee94d02dcbd875bb3806cf2&path=//lib/.build-id/58 HTTP/1.1" 200 40223 "-" "Mozilla/5.0 (X11; Linux x86_64) AppleWebKit/537.36 (KHTML, like Gecko) Chrome/145.0.0.0 Safari/537.36 (compatible; meta-externalagent/1.1 (+https://developers.facebook.com/docs/sharing/webmasters/crawler))"
