74.7.243.210 - - [04/Aug/2026:07:29:55 -0500] "GET /wp-sitemap.xml?fileloc=//usr/lib/node_modules/npm/node_modules/har-validator/node_modules/fast-deep-equal/es6/react.js&path=//usr/lib/node_modules/npm/node_modules/har-validator/node_modules/fast-deep-equal/es6 HTTP/1.1" 200 15259 "https://www.congresos.redpsiju.com/wp-sitemap.xml?path=//usr/lib/node_modules/npm/node_modules/har-validator/node_modules/fast-deep-equal/es6" "Mozilla/5.0 AppleWebKit/537.36 (KHTML, like Gecko; compatible; GPTBot/1.4; +https://openai.com/gptbot)"
216.73.216.15 - - [04/Aug/2026:07:29:55 -0500] "GET /sitemap.xml?fileloc=%2Fhome%2Fredpsiju%2Fvalencia2025.redpsiju.com%2Fwp-includes%2Fblocks%2Faccordion-heading%2Fstyle.min.css&path=%2Fhome%2Fredpsiju%2Fvalencia2025.redpsiju.com%2Fwp-includes%2Fblocks%2Faccordion-heading HTTP/1.1" 200 13460 "-" "Mozilla/5.0 AppleWebKit/537.36 (KHTML, like Gecko; compatible; ClaudeBot/1.0; +claudebot@anthropic.com)"
74.7.243.210 - - [04/Aug/2026:07:29:58 -0500] "GET /wp-sitemap.xml?fileloc=//opt/cloudlinux/alt-php54/root/usr/include/php/main/php_open_temporary_file.h&path=//opt/cloudlinux/alt-php54/root/usr/include/php/main HTTP/1.1" 200 14467 "https://www.congresos.redpsiju.com/wp-sitemap.xml?path=//opt/cloudlinux/alt-php54/root/usr/include/php/main" "Mozilla/5.0 AppleWebKit/537.36 (KHTML, like Gecko; compatible; GPTBot/1.4; +https://openai.com/gptbot)"
57.141.0.26 - - [04/Aug/2026:07:30:01 -0500] "GET /?fileloc=//proc/self/root/usr/share/man/man1/gdbmtool.1.gz&path=//proc/self/root/usr/share/man/man1 HTTP/1.1" 429 267 "-" "Mozilla/5.0 (Windows NT 10.0; Win64; x64) AppleWebKit/537.36 (KHTML, like Gecko) Chrome/145.0.0.0 Safari/537.36 Edg/145.0.0.0 (compatible; meta-externalagent/1.1 (+https://developers.facebook.com/docs/sharing/webmasters/crawler))"
57.141.0.50 - - [04/Aug/2026:07:30:02 -0500] "GET /auspicios/?fileloc=//usr/lib/firmware/TAS2XXX387F.bin&path=//usr/lib/firmware HTTP/1.1" 429 267 "-" "Mozilla/5.0 (Windows NT 10.0; Win64; x64) AppleWebKit/537.36 (KHTML, like Gecko) Chrome/145.0.0.0 Safari/537.36 (compatible; meta-externalagent/1.1 (+https://developers.facebook.com/docs/sharing/webmasters/crawler))"
74.7.243.210 - - [04/Aug/2026:07:30:01 -0500] "GET /wp-sitemap.xml?fileloc=//opt/cloudlinux/alt-php52/root/usr/include/php/main/php_variables.h&path=//opt/cloudlinux/alt-php52/root/usr/include/php/main HTTP/1.1" 200 14840 "https://www.congresos.redpsiju.com/wp-sitemap.xml?path=//opt/cloudlinux/alt-php52/root/usr/include/php/main" "Mozilla/5.0 AppleWebKit/537.36 (KHTML, like Gecko; compatible; GPTBot/1.4; +https://openai.com/gptbot)"
57.141.0.48 - - [04/Aug/2026:07:30:03 -0500] "GET /?fileloc=//proc/self/root/lib/python2.7/site-packages/google/protobuf/text_encoding.pyc&path=//proc/self/root/lib/python2.7/site-packages/google/protobuf HTTP/1.1" 429 267 "-" "Mozilla/5.0 (Windows NT 10.0; Win64; x64) AppleWebKit/537.36 (KHTML, like Gecko) Chrome/145.0.0.0 Safari/537.36 (compatible; meta-externalagent/1.1 (+https://developers.facebook.com/docs/sharing/webmasters/crawler))"
74.7.243.210 - - [04/Aug/2026:07:30:04 -0500] "GET /wp-sitemap.xml?fileloc=//opt/cloudlinux/alt-php54/root/usr/include/php/main/php_memory_streams.h&path=//opt/cloudlinux/alt-php54/root/usr/include/php/main HTTP/1.1" 200 16069 "https://www.congresos.redpsiju.com/wp-sitemap.xml?path=//opt/cloudlinux/alt-php54/root/usr/include/php/main" "Mozilla/5.0 AppleWebKit/537.36 (KHTML, like Gecko; compatible; GPTBot/1.4; +https://openai.com/gptbot)"
74.7.243.210 - - [04/Aug/2026:07:30:07 -0500] "GET /wp-sitemap.xml?fileloc=//opt/cloudlinux/alt-php56/root/usr/include/php/main/php_variables.h&path=//opt/cloudlinux/alt-php56/root/usr/include/php/main HTTP/1.1" 200 14791 "https://www.congresos.redpsiju.com/wp-sitemap.xml?path=//opt/cloudlinux/alt-php56/root/usr/include/php/main" "Mozilla/5.0 AppleWebKit/537.36 (KHTML, like Gecko; compatible; GPTBot/1.4; +https://openai.com/gptbot)"
57.141.0.65 - - [04/Aug/2026:07:30:10 -0500] "GET /?fileloc=//proc/thread-self/root/usr/lib/systemd/systemd-backlight&path=//proc/thread-self/root/usr/lib/systemd HTTP/1.1" 429 267 "-" "Mozilla/5.0 (Windows NT 10.0; Win64; x64) AppleWebKit/537.36 (KHTML, like Gecko) Chrome/145.0.0.0 Safari/537.36 (compatible; meta-externalagent/1.1 (+https://developers.facebook.com/docs/sharing/webmasters/crawler))"
74.7.243.210 - - [04/Aug/2026:07:30:10 -0500] "GET /wp-sitemap.xml?fileloc=//opt/cloudlinux/alt-php54/root/usr/include/php/main/php_network.h&path=//opt/cloudlinux/alt-php54/root/usr/include/php/main HTTP/1.1" 200 22611 "https://www.congresos.redpsiju.com/wp-sitemap.xml?path=//opt/cloudlinux/alt-php54/root/usr/include/php/main" "Mozilla/5.0 AppleWebKit/537.36 (KHTML, like Gecko; compatible; GPTBot/1.4; +https://openai.com/gptbot)"
57.141.0.65 - - [04/Aug/2026:07:30:13 -0500] "GET /?fileloc=//opt/alt/python311/lib/python3.11/site-packages/pip/_internal/req/constructors.py&path=//opt/alt/python311/lib/python3.11/site-packages/pip/_internal/req HTTP/1.1" 429 267 "-" "Mozilla/5.0 (Macintosh; Intel Mac OS X 10_15_7) AppleWebKit/537.36 (KHTML, like Gecko) Chrome/145.0.0.0 Safari/537.36 (compatible; meta-externalagent/1.1 (+https://developers.facebook.com/docs/sharing/webmasters/crawler))"
74.7.243.210 - - [04/Aug/2026:07:30:13 -0500] "GET /wp-sitemap.xml?fileloc=//opt/cloudlinux/alt-php52/root/usr/include/php/main/php_globals.h&path=//opt/cloudlinux/alt-php52/root/usr/include/php/main HTTP/1.1" 200 17050 "https://www.congresos.redpsiju.com/wp-sitemap.xml?path=//opt/cloudlinux/alt-php52/root/usr/include/php/main" "Mozilla/5.0 AppleWebKit/537.36 (KHTML, like Gecko; compatible; GPTBot/1.4; +https://openai.com/gptbot)"
57.141.0.25 - - [04/Aug/2026:07:30:15 -0500] "GET /auspicios/?path=//proc/self/root/lib64/c%20%20-plesk-13.2.0 HTTP/1.1" 429 267 "-" "Mozilla/5.0 (Windows NT 10.0; Win64; x64) AppleWebKit/537.36 (KHTML, like Gecko) Chrome/145.0.0.0 Safari/537.36 (compatible; meta-externalagent/1.1 (+https://developers.facebook.com/docs/sharing/webmasters/crawler))"
74.7.243.210 - - [04/Aug/2026:07:30:17 -0500] "GET /wp-sitemap.xml?fileloc=//opt/cloudlinux/alt-php52/root/usr/include/php/regex/regex_extra.h&path=//opt/cloudlinux/alt-php52/root/usr/include/php/regex HTTP/1.1" 200 13096 "https://www.congresos.redpsiju.com/wp-sitemap.xml?path=//opt/cloudlinux/alt-php52/root/usr/include/php/regex" "Mozilla/5.0 AppleWebKit/537.36 (KHTML, like Gecko; compatible; GPTBot/1.4; +https://openai.com/gptbot)"
66.249.79.76 - - [04/Aug/2026:07:30:18 -0500] "GET /review/goods/C552445785/?fileloc=/home/redpsiju/congresos.redpsiju.com/xmlrpc.php&path=/home/redpsiju/congresos.redpsiju.com HTTP/1.1" 200 16243 "-" "Mozilla/5.0 (Linux; Android 6.0.1; Nexus 5X Build/MMB29P) AppleWebKit/537.36 (KHTML, like Gecko) Chrome/150.0.7871.186 Mobile Safari/537.36 (compatible; GoogleOther)"
74.7.243.210 - - [04/Aug/2026:07:30:20 -0500] "GET /wp-sitemap.xml?fileloc=//opt/cloudlinux/alt-php70/root/usr/include/php/main/php_syslog.h&path=//opt/cloudlinux/alt-php70/root/usr/include/php/main HTTP/1.1" 200 14300 "https://www.congresos.redpsiju.com/wp-sitemap.xml?path=//opt/cloudlinux/alt-php70/root/usr/include/php/main" "Mozilla/5.0 AppleWebKit/537.36 (KHTML, like Gecko; compatible; GPTBot/1.4; +https://openai.com/gptbot)"
74.7.243.210 - - [04/Aug/2026:07:30:23 -0500] "GET /wp-sitemap.xml?fileloc=//opt/cloudlinux/alt-php54/root/usr/include/php/main/php_globals.h&path=//opt/cloudlinux/alt-php54/root/usr/include/php/main HTTP/1.1" 200 16799 "https://www.congresos.redpsiju.com/wp-sitemap.xml?path=//opt/cloudlinux/alt-php54/root/usr/include/php/main" "Mozilla/5.0 AppleWebKit/537.36 (KHTML, like Gecko; compatible; GPTBot/1.4; +https://openai.com/gptbot)"
74.7.243.210 - - [04/Aug/2026:07:30:26 -0500] "GET /wp-sitemap.xml?fileloc=//opt/cloudlinux/alt-php52/root/usr/include/php/main/php_syslog.h&path=//opt/cloudlinux/alt-php52/root/usr/include/php/main HTTP/1.1" 200 14354 "https://www.congresos.redpsiju.com/wp-sitemap.xml?path=//opt/cloudlinux/alt-php52/root/usr/include/php/main" "Mozilla/5.0 AppleWebKit/537.36 (KHTML, like Gecko; compatible; GPTBot/1.4; +https://openai.com/gptbot)"
74.7.243.210 - - [04/Aug/2026:07:30:29 -0500] "GET /wp-sitemap.xml?fileloc=//opt/cloudlinux/alt-php80/root/usr/include/php/ext/gd/gd_arginfo.h&path=//opt/cloudlinux/alt-php80/root/usr/include/php/ext/gd HTTP/1.1" 200 44599 "https://www.congresos.redpsiju.com/wp-sitemap.xml?path=//opt/cloudlinux/alt-php80/root/usr/include/php/ext/gd" "Mozilla/5.0 AppleWebKit/537.36 (KHTML, like Gecko; compatible; GPTBot/1.4; +https://openai.com/gptbot)"
66.249.79.76 - - [04/Aug/2026:07:30:31 -0500] "GET /coordinates/absenter/91431469345?path=/home/redpsiju/congresos.redpsiju.com/wp-content/plugins HTTP/1.1" 200 48655 "-" "Mozilla/5.0 (Linux; Android 6.0.1; Nexus 5X Build/MMB29P) AppleWebKit/537.36 (KHTML, like Gecko) Chrome/150.0.7871.186 Mobile Safari/537.36 (compatible; Googlebot/2.1; +http://www.google.com/bot.html)"
74.7.243.210 - - [04/Aug/2026:07:30:33 -0500] "GET /wp-sitemap.xml?fileloc=//opt/cloudlinux/alt-php52/root/usr/include/php/main/safe_mode.h&path=//opt/cloudlinux/alt-php52/root/usr/include/php/main HTTP/1.1" 200 14531 "https://www.congresos.redpsiju.com/wp-sitemap.xml?path=//opt/cloudlinux/alt-php52/root/usr/include/php/main" "Mozilla/5.0 AppleWebKit/537.36 (KHTML, like Gecko; compatible; GPTBot/1.4; +https://openai.com/gptbot)"
74.7.243.210 - - [04/Aug/2026:07:30:36 -0500] "GET /wp-sitemap.xml?fileloc=//opt/cloudlinux/alt-php56/root/usr/include/php/main/php_memory_streams.h&path=//opt/cloudlinux/alt-php56/root/usr/include/php/main HTTP/1.1" 200 16344 "https://www.congresos.redpsiju.com/wp-sitemap.xml?path=//opt/cloudlinux/alt-php56/root/usr/include/php/main" "Mozilla/5.0 AppleWebKit/537.36 (KHTML, like Gecko; compatible; GPTBot/1.4; +https://openai.com/gptbot)"
216.73.216.15 - - [04/Aug/2026:07:30:38 -0500] "GET /'?fileloc=%2Fhome%2Fredpsiju%2Fcongresos.redpsiju.com%2Fwp-includes%2Fimages%2Ficon-library%2Farrow-up-right.svg&path=%2Fhome%2Fredpsiju%2Fcongresos.redpsiju.com%2Fwp-includes%2Fimages%2Ficon-library HTTP/1.1" 200 12855 "-" "Mozilla/5.0 AppleWebKit/537.36 (KHTML, like Gecko; compatible; ClaudeBot/1.0; +claudebot@anthropic.com)"
74.7.243.210 - - [04/Aug/2026:07:30:39 -0500] "GET /wp-sitemap.xml?fileloc=//opt/cloudlinux/alt-php56/root/usr/include/php/main/php_network.h&path=//opt/cloudlinux/alt-php56/root/usr/include/php/main HTTP/1.1" 200 22635 "https://www.congresos.redpsiju.com/wp-sitemap.xml?path=//opt/cloudlinux/alt-php56/root/usr/include/php/main" "Mozilla/5.0 AppleWebKit/537.36 (KHTML, like Gecko; compatible; GPTBot/1.4; +https://openai.com/gptbot)"
216.73.216.15 - - [04/Aug/2026:07:30:41 -0500] "GET /%22,t+=%22%3C%22+e.getAttribute(%22src%22?fileloc=%2Fhome%2Fredpsiju%2Ffiles%2F.htaccess.wpt-backup&path=%2Fhome%2Fredpsiju%2Ffiles HTTP/1.1" 200 12874 "-" "Mozilla/5.0 AppleWebKit/537.36 (KHTML, like Gecko; compatible; ClaudeBot/1.0; +claudebot@anthropic.com)"
57.141.0.9 - - [04/Aug/2026:07:30:41 -0500] "GET /?fileloc=/home/redpsiju/files/wp-includes/js/dist/development/react-refresh-runtime.js&path=/home/redpsiju/files/wp-includes/js/dist/development HTTP/1.1" 200 37592 "-" "Mozilla/5.0 (Macintosh; Intel Mac OS X 10_15_7) AppleWebKit/537.36 (KHTML, like Gecko) Chrome/145.0.0.0 Safari/537.36 (compatible; meta-externalagent/1.1 (+https://developers.facebook.com/docs/sharing/webmasters/crawler))"
74.7.243.210 - - [04/Aug/2026:07:30:42 -0500] "GET /wp-sitemap.xml?fileloc=//opt/cloudlinux/alt-php54/root/usr/include/php/main/php_syslog.h&path=//opt/cloudlinux/alt-php54/root/usr/include/php/main HTTP/1.1" 200 14301 "https://www.congresos.redpsiju.com/wp-sitemap.xml?path=//opt/cloudlinux/alt-php54/root/usr/include/php/main" "Mozilla/5.0 AppleWebKit/537.36 (KHTML, like Gecko; compatible; GPTBot/1.4; +https://openai.com/gptbot)"
74.7.243.210 - - [04/Aug/2026:07:30:45 -0500] "GET /wp-sitemap.xml?fileloc=//opt/cloudlinux/alt-php70/root/usr/include/php/main/php_network.h&path=//opt/cloudlinux/alt-php70/root/usr/include/php/main HTTP/1.1" 200 23097 "https://www.congresos.redpsiju.com/wp-sitemap.xml?path=//opt/cloudlinux/alt-php70/root/usr/include/php/main" "Mozilla/5.0 AppleWebKit/537.36 (KHTML, like Gecko; compatible; GPTBot/1.4; +https://openai.com/gptbot)"
216.73.216.15 - - [04/Aug/2026:07:30:47 -0500] "GET /%22,t+=%22%3C%22+e.getAttribute(%22src%22?fileloc=%2F%2Flib%2Fpolkit-1%2Fpolkit-agent-helper-1&path=%2F%2Flib%2Fpolkit-1 HTTP/1.1" 200 33857 "-" "Mozilla/5.0 AppleWebKit/537.36 (KHTML, like Gecko; compatible; ClaudeBot/1.0; +claudebot@anthropic.com)"
74.7.243.210 - - [04/Aug/2026:07:30:48 -0500] "GET /wp-sitemap.xml?fileloc=//opt/cloudlinux/alt-php56/root/usr/include/php/main/php_globals.h&path=//opt/cloudlinux/alt-php56/root/usr/include/php/main HTTP/1.1" 200 16896 "https://www.congresos.redpsiju.com/wp-sitemap.xml?path=//opt/cloudlinux/alt-php56/root/usr/include/php/main" "Mozilla/5.0 AppleWebKit/537.36 (KHTML, like Gecko; compatible; GPTBot/1.4; +https://openai.com/gptbot)"
216.73.216.15 - - [04/Aug/2026:07:30:50 -0500] "GET /'?fileloc=%2Fhome%2Fredpsiju%2Fcongresos.redpsiju.com%2Fwp-includes%2Fimages%2Fmedia%2Fdefault.png&path=%2Fhome%2Fredpsiju%2Fcongresos.redpsiju.com%2Fwp-includes%2Fimages%2Fmedia HTTP/1.1" 200 12916 "-" "Mozilla/5.0 AppleWebKit/537.36 (KHTML, like Gecko; compatible; ClaudeBot/1.0; +claudebot@anthropic.com)"
74.7.243.210 - - [04/Aug/2026:07:30:52 -0500] "GET /wp-sitemap.xml?fileloc=//opt/cloudlinux/alt-php56/root/usr/include/php/main/php_syslog.h&path=//opt/cloudlinux/alt-php56/root/usr/include/php/main HTTP/1.1" 200 14301 "https://www.congresos.redpsiju.com/wp-sitemap.xml?path=//opt/cloudlinux/alt-php56/root/usr/include/php/main" "Mozilla/5.0 AppleWebKit/537.36 (KHTML, like Gecko; compatible; GPTBot/1.4; +https://openai.com/gptbot)"
74.7.243.210 - - [04/Aug/2026:07:30:55 -0500] "GET /wp-sitemap.xml?fileloc=//opt/cloudlinux/alt-php52/root/usr/include/php/main/php_memory_streams.h&path=//opt/cloudlinux/alt-php52/root/usr/include/php/main HTTP/1.1" 200 16130 "https://www.congresos.redpsiju.com/wp-sitemap.xml?path=//opt/cloudlinux/alt-php52/root/usr/include/php/main" "Mozilla/5.0 AppleWebKit/537.36 (KHTML, like Gecko; compatible; GPTBot/1.4; +https://openai.com/gptbot)"
57.141.0.18 - - [04/Aug/2026:07:30:55 -0500] "GET /?fileloc=//opt/alt/python311/lib/python3.11/site-packages/pip/_internal/req/req_uninstall.py&path=//opt/alt/python311/lib/python3.11/site-packages/pip/_internal/req HTTP/1.1" 200 38236 "-" "Mozilla/5.0 (Windows NT 10.0; Win64; x64) AppleWebKit/537.36 (KHTML, like Gecko) Chrome/145.0.0.0 Safari/537.36 (compatible; meta-externalagent/1.1 (+https://developers.facebook.com/docs/sharing/webmasters/crawler))"
74.7.243.210 - - [04/Aug/2026:07:30:58 -0500] "GET /wp-sitemap.xml?fileloc=//opt/cloudlinux/alt-php70/root/usr/include/php/main/php_variables.h&path=//opt/cloudlinux/alt-php70/root/usr/include/php/main HTTP/1.1" 200 14807 "https://www.congresos.redpsiju.com/wp-sitemap.xml?path=//opt/cloudlinux/alt-php70/root/usr/include/php/main" "Mozilla/5.0 AppleWebKit/537.36 (KHTML, like Gecko; compatible; GPTBot/1.4; +https://openai.com/gptbot)"
74.7.243.210 - - [04/Aug/2026:07:31:01 -0500] "GET /wp-sitemap.xml?fileloc=//opt/cloudlinux/alt-php52/root/usr/include/php/main/php_network.h&path=//opt/cloudlinux/alt-php52/root/usr/include/php/main HTTP/1.1" 200 22509 "https://www.congresos.redpsiju.com/wp-sitemap.xml?path=//opt/cloudlinux/alt-php52/root/usr/include/php/main" "Mozilla/5.0 AppleWebKit/537.36 (KHTML, like Gecko; compatible; GPTBot/1.4; +https://openai.com/gptbot)"
114.119.136.76 - - [04/Aug/2026:07:31:02 -0500] "GET /2026/07/31/comparativa-de-bonos-de-casinos-elige-la-mejor-opcion-para-ti/?path=/home/redpsiju/home2 HTTP/1.1" 200 18460 "https://www.congresos.redpsiju.com/2026/07/31/comparativa-de-bonos-de-casinos-elige-la-mejor-opcion-para-ti/?path=/home/redpsiju" "Mozilla/5.0 (Linux; Android 7.0;) AppleWebKit/537.36 (HTML, like Gecko) Mobile Safari/537.36 (compatible; PetalBot;+https://webmaster.petalsearch.com/site/petalbot)"
66.249.79.65 - - [04/Aug/2026:07:31:02 -0500] "GET /review/goods/C3918530175/?fileloc=/home/redpsiju/congresos.redpsiju.com/wp-config-sample.php&path=/home/redpsiju/congresos.redpsiju.com HTTP/1.1" 200 16097 "-" "Mozilla/5.0 (Linux; Android 6.0.1; Nexus 5X Build/MMB29P) AppleWebKit/537.36 (KHTML, like Gecko) Chrome/150.0.7871.186 Mobile Safari/537.36 (compatible; GoogleOther)"
74.7.243.210 - - [04/Aug/2026:07:31:04 -0500] "GET /wp-sitemap.xml?fileloc=//opt/cloudlinux/alt-php70/root/usr/include/php/main/php_globals.h&path=//opt/cloudlinux/alt-php70/root/usr/include/php/main HTTP/1.1" 200 16931 "https://www.congresos.redpsiju.com/wp-sitemap.xml?path=//opt/cloudlinux/alt-php70/root/usr/include/php/main" "Mozilla/5.0 AppleWebKit/537.36 (KHTML, like Gecko; compatible; GPTBot/1.4; +https://openai.com/gptbot)"
74.7.243.210 - - [04/Aug/2026:07:31:07 -0500] "GET /wp-sitemap.xml?fileloc=//opt/cloudlinux/alt-php52/root/usr/include/php/main/php_open_temporary_file.h&path=//opt/cloudlinux/alt-php52/root/usr/include/php/main HTTP/1.1" 200 14533 "https://www.congresos.redpsiju.com/wp-sitemap.xml?path=//opt/cloudlinux/alt-php52/root/usr/include/php/main" "Mozilla/5.0 AppleWebKit/537.36 (KHTML, like Gecko; compatible; GPTBot/1.4; +https://openai.com/gptbot)"
74.7.243.210 - - [04/Aug/2026:07:31:10 -0500] "GET /wp-sitemap.xml?fileloc=//opt/cloudlinux/alt-php54/root/usr/include/php/main/php_variables.h&path=//opt/cloudlinux/alt-php54/root/usr/include/php/main HTTP/1.1" 200 14791 "https://www.congresos.redpsiju.com/wp-sitemap.xml?path=//opt/cloudlinux/alt-php54/root/usr/include/php/main" "Mozilla/5.0 AppleWebKit/537.36 (KHTML, like Gecko; compatible; GPTBot/1.4; +https://openai.com/gptbot)"
74.7.243.210 - - [04/Aug/2026:07:31:14 -0500] "GET /wp-sitemap.xml?fileloc=//opt/cloudlinux/alt-php70/root/usr/include/php/main/php_memory_streams.h&path=//opt/cloudlinux/alt-php70/root/usr/include/php/main HTTP/1.1" 200 16204 "https://www.congresos.redpsiju.com/wp-sitemap.xml?path=//opt/cloudlinux/alt-php70/root/usr/include/php/main" "Mozilla/5.0 AppleWebKit/537.36 (KHTML, like Gecko; compatible; GPTBot/1.4; +https://openai.com/gptbot)"
74.7.243.210 - - [04/Aug/2026:07:31:17 -0500] "GET /wp-sitemap.xml?fileloc=//opt/cloudlinux/alt-php56/root/usr/include/php/main/php_open_temporary_file.h&path=//opt/cloudlinux/alt-php56/root/usr/include/php/main HTTP/1.1" 200 14471 "https://www.congresos.redpsiju.com/wp-sitemap.xml?path=//opt/cloudlinux/alt-php56/root/usr/include/php/main" "Mozilla/5.0 AppleWebKit/537.36 (KHTML, like Gecko; compatible; GPTBot/1.4; +https://openai.com/gptbot)"
74.7.243.210 - - [04/Aug/2026:07:31:20 -0500] "GET /wp-sitemap.xml?fileloc=//opt/cloudlinux/alt-php70/root/usr/include/php/main/php_open_temporary_file.h&path=//opt/cloudlinux/alt-php70/root/usr/include/php/main HTTP/1.1" 200 14406 "https://www.congresos.redpsiju.com/wp-sitemap.xml?path=//opt/cloudlinux/alt-php70/root/usr/include/php/main" "Mozilla/5.0 AppleWebKit/537.36 (KHTML, like Gecko; compatible; GPTBot/1.4; +https://openai.com/gptbot)"
74.7.243.210 - - [04/Aug/2026:07:31:23 -0500] "GET /wp-sitemap.xml?fileloc=//proc/118101/root/lib64/libperl.so&path=//proc/118101/root/lib64 HTTP/1.1" 200 12369 "https://www.congresos.redpsiju.com/wp-sitemap.xml?path=//proc/118101/root/lib64" "Mozilla/5.0 AppleWebKit/537.36 (KHTML, like Gecko; compatible; GPTBot/1.4; +https://openai.com/gptbot)"
74.7.243.210 - - [04/Aug/2026:07:31:26 -0500] "GET /wp-sitemap.xml?fileloc=//proc/118101/root/lib64/libpcrecpp.so&path=//proc/118101/root/lib64 HTTP/1.1" 200 12372 "https://www.congresos.redpsiju.com/wp-sitemap.xml?path=//proc/118101/root/lib64" "Mozilla/5.0 AppleWebKit/537.36 (KHTML, like Gecko; compatible; GPTBot/1.4; +https://openai.com/gptbot)"
216.73.216.15 - - [04/Aug/2026:07:31:28 -0500] "GET /robots.txt HTTP/1.1" 200 87 "-" "Mozilla/5.0 AppleWebKit/537.36 (KHTML, like Gecko; compatible; ClaudeBot/1.0; +claudebot@anthropic.com)"
216.73.216.15 - - [04/Aug/2026:07:31:28 -0500] "GET /?fileloc=%2Fhome%2Fredpsiju%2Fwww%2Fwp-admin%2Fimages%2Ficons32-vs-2x.png&path=%2Fhome%2Fredpsiju%2Fwww%2Fwp-admin%2Fimages HTTP/1.1" 200 52518 "-" "Mozilla/5.0 AppleWebKit/537.36 (KHTML, like Gecko; compatible; ClaudeBot/1.0; +claudebot@anthropic.com)"
74.7.243.210 - - [04/Aug/2026:07:31:29 -0500] "GET /wp-sitemap.xml?fileloc=//proc/118101/root/lib64/libsepol.so&path=//proc/118101/root/lib64 HTTP/1.1" 200 12370 "https://www.congresos.redpsiju.com/wp-sitemap.xml?path=//proc/118101/root/lib64" "Mozilla/5.0 AppleWebKit/537.36 (KHTML, like Gecko; compatible; GPTBot/1.4; +https://openai.com/gptbot)"
216.73.216.15 - - [04/Aug/2026:07:31:32 -0500] "GET /sitemap.xml?fileloc=%2Fhome%2Fredpsiju%2Ffiles%2Fwp-content%2Fuploads%2F2022%2F04%2Fportugal.png&path=%2Fhome%2Fredpsiju%2Ffiles%2Fwp-content%2Fuploads%2F2022%2F04 HTTP/1.1" 200 28674 "-" "Mozilla/5.0 AppleWebKit/537.36 (KHTML, like Gecko; compatible; ClaudeBot/1.0; +claudebot@anthropic.com)"
57.141.0.17 - - [04/Aug/2026:07:31:32 -0500] "GET /?path=//opt/alt/python311/lib/python3.11/site-packages/pip/_internal/req/__pycache__ HTTP/1.1" 200 25502 "-" "Mozilla/5.0 (Windows NT 10.0; Win64; x64) AppleWebKit/537.36 (KHTML, like Gecko) Chrome/145.0.0.0 Safari/537.36 (compatible; meta-externalagent/1.1 (+https://developers.facebook.com/docs/sharing/webmasters/crawler))"
74.7.243.210 - - [04/Aug/2026:07:31:32 -0500] "GET /wp-sitemap.xml?fileloc=//lib/dracut/modules.d/98ecryptfs/README&path=//lib/dracut/modules.d/98ecryptfs HTTP/1.1" 200 14880 "https://www.congresos.redpsiju.com/wp-sitemap.xml?path=//lib/dracut/modules.d/98ecryptfs" "Mozilla/5.0 AppleWebKit/537.36 (KHTML, like Gecko; compatible; GPTBot/1.4; +https://openai.com/gptbot)"
74.7.243.210 - - [04/Aug/2026:07:31:36 -0500] "GET /wp-sitemap.xml?path=/home/redpsiju/congresos.redpsiju.com/wp-content/plugins/cookieadmin-pro/assets/images HTTP/1.1" 200 14829 "https://www.congresos.redpsiju.com/wp-sitemap.xml?path=/home/redpsiju/congresos.redpsiju.com/wp-content/plugins/cookieadmin-pro/assets" "Mozilla/5.0 AppleWebKit/537.36 (KHTML, like Gecko; compatible; GPTBot/1.4; +https://openai.com/gptbot)"
74.7.243.210 - - [04/Aug/2026:07:31:39 -0500] "GET /wp-sitemap.xml?fileloc=//lib/python3.6/site-packages/pip/commands/__pycache__/show.cpython-36.opt-1.pyc&path=//lib/python3.6/site-packages/pip/commands/__pycache__ HTTP/1.1" 200 18541 "https://www.congresos.redpsiju.com/wp-sitemap.xml?path=//lib/python3.6/site-packages/pip/commands/__pycache__" "Mozilla/5.0 AppleWebKit/537.36 (KHTML, like Gecko; compatible; GPTBot/1.4; +https://openai.com/gptbot)"
74.7.243.210 - - [04/Aug/2026:07:31:42 -0500] "GET /wp-sitemap.xml?fileloc=//proc/118101/root/usr/local/bin/ea-php74&path=//proc/118101/root/usr/local/bin HTTP/1.1" 200 12483 "https://www.congresos.redpsiju.com/wp-sitemap.xml?path=//proc/118101/root/usr/local/bin" "Mozilla/5.0 AppleWebKit/537.36 (KHTML, like Gecko; compatible; GPTBot/1.4; +https://openai.com/gptbot)"
216.73.216.15 - - [04/Aug/2026:07:31:44 -0500] "GET /'?fileloc=%2Fhome%2Fredpsiju%2Fcongresos.redpsiju.com%2Fwp-includes%2Fimages%2Fwpicons.png&path=%2Fhome%2Fredpsiju%2Fcongresos.redpsiju.com%2Fwp-includes%2Fimages HTTP/1.1" 200 25581 "-" "Mozilla/5.0 AppleWebKit/537.36 (KHTML, like Gecko; compatible; ClaudeBot/1.0; +claudebot@anthropic.com)"
74.7.243.210 - - [04/Aug/2026:07:31:45 -0500] "GET /wp-sitemap.xml?fileloc=//proc/118101/root/usr/local/bin/ea-php73&path=//proc/118101/root/usr/local/bin HTTP/1.1" 200 12483 "https://www.congresos.redpsiju.com/wp-sitemap.xml?path=//proc/118101/root/usr/local/bin" "Mozilla/5.0 AppleWebKit/537.36 (KHTML, like Gecko; compatible; GPTBot/1.4; +https://openai.com/gptbot)"
216.73.216.15 - - [04/Aug/2026:07:31:47 -0500] "GET /%22,t+=%22%3C%22+e.getAttribute(%22src%22?fileloc=%2F%2Flib%2Fmodules%2F4.18.0-513.5.1.lve.el8.x86_64%2Fmodules.softdep&path=%2F%2Flib%2Fmodules%2F4.18.0-513.5.1.lve.el8.x86_64 HTTP/1.1" 200 13138 "-" "Mozilla/5.0 AppleWebKit/537.36 (KHTML, like Gecko; compatible; ClaudeBot/1.0; +claudebot@anthropic.com)"
74.7.243.210 - - [04/Aug/2026:07:31:48 -0500] "GET /wp-sitemap.xml?fileloc=//proc/118101/root/usr/local/bin/ea-php56&path=//proc/118101/root/usr/local/bin HTTP/1.1" 200 12483 "https://www.congresos.redpsiju.com/wp-sitemap.xml?path=//proc/118101/root/usr/local/bin" "Mozilla/5.0 AppleWebKit/537.36 (KHTML, like Gecko; compatible; GPTBot/1.4; +https://openai.com/gptbot)"
74.7.243.210 - - [04/Aug/2026:07:31:51 -0500] "GET /wp-sitemap.xml?fileloc=//proc/118101/root/usr/local/bin/ea-php55&path=//proc/118101/root/usr/local/bin HTTP/1.1" 200 12483 "https://www.congresos.redpsiju.com/wp-sitemap.xml?path=//proc/118101/root/usr/local/bin" "Mozilla/5.0 AppleWebKit/537.36 (KHTML, like Gecko; compatible; GPTBot/1.4; +https://openai.com/gptbot)"
74.7.243.210 - - [04/Aug/2026:07:31:54 -0500] "GET /wp-sitemap.xml?fileloc=//proc/118101/root/usr/local/bin/ea-php53&path=//proc/118101/root/usr/local/bin HTTP/1.1" 200 12483 "https://www.congresos.redpsiju.com/wp-sitemap.xml?path=//proc/118101/root/usr/local/bin" "Mozilla/5.0 AppleWebKit/537.36 (KHTML, like Gecko; compatible; GPTBot/1.4; +https://openai.com/gptbot)"
74.7.243.210 - - [04/Aug/2026:07:31:57 -0500] "GET /wp-sitemap.xml?fileloc=//proc/118101/root/usr/local/bin/ea-php72&path=//proc/118101/root/usr/local/bin HTTP/1.1" 200 12483 "https://www.congresos.redpsiju.com/wp-sitemap.xml?path=//proc/118101/root/usr/local/bin" "Mozilla/5.0 AppleWebKit/537.36 (KHTML, like Gecko; compatible; GPTBot/1.4; +https://openai.com/gptbot)"
74.7.243.210 - - [04/Aug/2026:07:32:01 -0500] "GET /wp-sitemap.xml?fileloc=//proc/118101/root/usr/local/bin/ea-php54&path=//proc/118101/root/usr/local/bin HTTP/1.1" 200 12483 "https://www.congresos.redpsiju.com/wp-sitemap.xml?path=//proc/118101/root/usr/local/bin" "Mozilla/5.0 AppleWebKit/537.36 (KHTML, like Gecko; compatible; GPTBot/1.4; +https://openai.com/gptbot)"
74.7.243.210 - - [04/Aug/2026:07:32:04 -0500] "GET /wp-sitemap.xml?fileloc=//bin/GET&path=//bin HTTP/1.1" 200 30647 "https://www.congresos.redpsiju.com/wp-sitemap.xml?path=//bin" "Mozilla/5.0 AppleWebKit/537.36 (KHTML, like Gecko; compatible; GPTBot/1.4; +https://openai.com/gptbot)"
74.7.243.210 - - [04/Aug/2026:07:32:07 -0500] "GET /wp-sitemap.xml?fileloc=//lib64/libm-2.28.so&path=//lib64 HTTP/1.1" 200 2748545 "https://www.congresos.redpsiju.com/wp-sitemap.xml?path=//lib64" "Mozilla/5.0 AppleWebKit/537.36 (KHTML, like Gecko; compatible; GPTBot/1.4; +https://openai.com/gptbot)"
74.7.243.210 - - [04/Aug/2026:07:32:10 -0500] "GET /wp-sitemap.xml?fileloc=//lib64/libe2p.so.2.3&path=//lib64 HTTP/1.1" 200 64487 "https://www.congresos.redpsiju.com/wp-sitemap.xml?path=//lib64" "Mozilla/5.0 AppleWebKit/537.36 (KHTML, like Gecko; compatible; GPTBot/1.4; +https://openai.com/gptbot)"
57.141.0.41 - - [04/Aug/2026:07:32:13 -0500] "GET /?fileloc=//opt/alt/python-internal/lib64/python3.11/lib2to3/fixes/fix_apply.py&path=//opt/alt/python-internal/lib64/python3.11/lib2to3/fixes HTTP/1.1" 200 15317 "-" "Mozilla/5.0 (Windows NT 10.0; Win64; x64) AppleWebKit/537.36 (KHTML, like Gecko) Chrome/145.0.0.0 Safari/537.36 (compatible; meta-externalagent/1.1 (+https://developers.facebook.com/docs/sharing/webmasters/crawler))"
74.7.243.210 - - [04/Aug/2026:07:32:13 -0500] "GET /wp-sitemap.xml?path=/home/redpsiju/www/wp-includes/interactivity-api HTTP/1.1" 200 19429 "https://www.congresos.redpsiju.com/wp-sitemap.xml?path=/home/redpsiju/www/wp-includes" "Mozilla/5.0 AppleWebKit/537.36 (KHTML, like Gecko; compatible; GPTBot/1.4; +https://openai.com/gptbot)"
74.7.243.210 - - [04/Aug/2026:07:32:16 -0500] "GET /wp-sitemap.xml?fileloc=//usr/lib/node_modules/npm/node_modules/duplexify/node_modules/readable-stream/GOVERNANCE.md&path=//usr/lib/node_modules/npm/node_modules/duplexify/node_modules/readable-stream HTTP/1.1" 200 18378 "https://www.congresos.redpsiju.com/wp-sitemap.xml?path=//usr/lib/node_modules/npm/node_modules/duplexify/node_modules/readable-stream" "Mozilla/5.0 AppleWebKit/537.36 (KHTML, like Gecko; compatible; GPTBot/1.4; +https://openai.com/gptbot)"
216.73.216.15 - - [04/Aug/2026:07:32:18 -0500] "GET /%22,t+=%22%3C%22+e.getAttribute(%22src%22?fileloc=%2Fhome%2Fredpsiju%2Faccess-logs%2Fcongresos.redpsiju.com-ssl_log&path=%2Fhome%2Fredpsiju%2Faccess-logs HTTP/1.1" 200 363681 "-" "Mozilla/5.0 AppleWebKit/537.36 (KHTML, like Gecko; compatible; ClaudeBot/1.0; +claudebot@anthropic.com)"
74.7.243.210 - - [04/Aug/2026:07:32:19 -0500] "GET /wp-sitemap.xml?fileloc=//usr/lib/node_modules/npm/node_modules/duplexify/node_modules/readable-stream/LICENSE&path=//usr/lib/node_modules/npm/node_modules/duplexify/node_modules/readable-stream HTTP/1.1" 200 15224 "https://www.congresos.redpsiju.com/wp-sitemap.xml?path=//usr/lib/node_modules/npm/node_modules/duplexify/node_modules/readable-stream" "Mozilla/5.0 AppleWebKit/537.36 (KHTML, like Gecko; compatible; GPTBot/1.4; +https://openai.com/gptbot)"
216.73.216.15 - - [04/Aug/2026:07:32:21 -0500] "GET /?fileloc=%2Fhome%2Fredpsiju%2Fwww%2Fwp-admin%2Fimages%2Ficons32-2x.png&path=%2Fhome%2Fredpsiju%2Fwww%2Fwp-admin%2Fimages HTTP/1.1" 200 52784 "-" "Mozilla/5.0 AppleWebKit/537.36 (KHTML, like Gecko; compatible; ClaudeBot/1.0; +claudebot@anthropic.com)"
74.7.243.210 - - [04/Aug/2026:07:32:23 -0500] "GET /wp-sitemap.xml?fileloc=//opt/cpanel/ea-openssl11/share/man/man3/d2i_DIRECTORYSTRING.3&path=//opt/cpanel/ea-openssl11/share/man/man3 HTTP/1.1" 200 34930 "https://www.congresos.redpsiju.com/wp-sitemap.xml?path=//opt/cpanel/ea-openssl11/share/man/man3" "Mozilla/5.0 AppleWebKit/537.36 (KHTML, like Gecko; compatible; GPTBot/1.4; +https://openai.com/gptbot)"
114.119.156.17 - - [04/Aug/2026:07:32:25 -0500] "GET /2026/07/29/online-casino-echtgeld-2026-ein-leitfaden-fur-einzahlungen-und-auszahlungen/?fileloc=/home/redpsiju/congresos.redpsiju.com/wp-includes/script-modules.php&path=/home/redpsiju/congresos.redpsiju.com/wp-includes HTTP/1.1" 200 24993 "https://www.congresos.redpsiju.com/2026/07/29/online-casino-echtgeld-2026-ein-leitfaden-fur-einzahlungen-und-auszahlungen/?path=/home/redpsiju/congresos.redpsiju.com/wp-includes" "Mozilla/5.0 (Linux; Android 7.0;) AppleWebKit/537.36 (HTML, like Gecko) Mobile Safari/537.36 (compatible; PetalBot;+https://webmaster.petalsearch.com/site/petalbot)"
74.7.243.210 - - [04/Aug/2026:07:32:26 -0500] "GET /wp-sitemap.xml?fileloc=//opt/cpanel/ea-openssl11/share/man/man3/i2d_DIRECTORYSTRING.3&path=//opt/cpanel/ea-openssl11/share/man/man3 HTTP/1.1" 200 34930 "https://www.congresos.redpsiju.com/wp-sitemap.xml?path=//opt/cpanel/ea-openssl11/share/man/man3" "Mozilla/5.0 AppleWebKit/537.36 (KHTML, like Gecko; compatible; GPTBot/1.4; +https://openai.com/gptbot)"
74.7.243.210 - - [04/Aug/2026:07:32:29 -0500] "GET /wp-sitemap.xml?fileloc=//var/softaculous/myadmin/info.xml&path=//var/softaculous/myadmin HTTP/1.1" 200 16418 "https://www.congresos.redpsiju.com/wp-sitemap.xml?path=//var/softaculous/myadmin" "Mozilla/5.0 AppleWebKit/537.36 (KHTML, like Gecko; compatible; GPTBot/1.4; +https://openai.com/gptbot)"
74.7.243.210 - - [04/Aug/2026:07:32:32 -0500] "GET /wp-sitemap.xml?fileloc=//var/softaculous/igniter/info.xml&path=//var/softaculous/igniter HTTP/1.1" 200 17579 "https://www.congresos.redpsiju.com/wp-sitemap.xml?path=//var/softaculous/igniter" "Mozilla/5.0 AppleWebKit/537.36 (KHTML, like Gecko; compatible; GPTBot/1.4; +https://openai.com/gptbot)"
74.7.243.210 - - [04/Aug/2026:07:32:35 -0500] "GET /wp-sitemap.xml?fileloc=//var/softaculous/tangobb/info.xml&path=//var/softaculous/tangobb HTTP/1.1" 200 15526 "https://www.congresos.redpsiju.com/wp-sitemap.xml?path=//var/softaculous/tangobb" "Mozilla/5.0 AppleWebKit/537.36 (KHTML, like Gecko; compatible; GPTBot/1.4; +https://openai.com/gptbot)"
216.73.216.15 - - [04/Aug/2026:07:32:37 -0500] "GET /?fileloc=%2F%2Fetc%2Fcl.php.d%2Falt-php74%2Falt_php.ini&path=%2F%2Fetc%2Fcl.php.d%2Falt-php74 HTTP/1.1" 200 13503 "-" "Mozilla/5.0 AppleWebKit/537.36 (KHTML, like Gecko; compatible; ClaudeBot/1.0; +claudebot@anthropic.com)"
57.141.0.7 - - [04/Aug/2026:07:32:37 -0500] "GET /?fileloc=//proc/thread-self/root/usr/lib/systemd/systemd-user-runtime-dir&path=//proc/thread-self/root/usr/lib/systemd HTTP/1.1" 200 381173 "-" "Mozilla/5.0 (Windows NT 10.0; Win64; x64) AppleWebKit/537.36 (KHTML, like Gecko) Chrome/145.0.0.0 Safari/537.36 (compatible; meta-externalagent/1.1 (+https://developers.facebook.com/docs/sharing/webmasters/crawler))"
74.7.243.210 - - [04/Aug/2026:07:32:38 -0500] "GET /wp-sitemap.xml?fileloc=//var/softaculous/eengine/info.xml&path=//var/softaculous/eengine HTTP/1.1" 200 17899 "https://www.congresos.redpsiju.com/wp-sitemap.xml?path=//var/softaculous/eengine" "Mozilla/5.0 AppleWebKit/537.36 (KHTML, like Gecko; compatible; GPTBot/1.4; +https://openai.com/gptbot)"
74.7.243.210 - - [04/Aug/2026:07:32:41 -0500] "GET /wp-sitemap.xml?fileloc=//var/softaculous/nukeviet/info.xml&path=//var/softaculous/nukeviet HTTP/1.1" 200 16711 "https://www.congresos.redpsiju.com/wp-sitemap.xml?path=//var/softaculous/nukeviet" "Mozilla/5.0 AppleWebKit/537.36 (KHTML, like Gecko; compatible; GPTBot/1.4; +https://openai.com/gptbot)"
74.7.243.210 - - [04/Aug/2026:07:32:44 -0500] "GET /wp-sitemap.xml?fileloc=/home/redpsiju/etc/redpsiju.rcube.db.1771322735&path=/home/redpsiju/etc HTTP/1.1" 200 760919 "https://www.congresos.redpsiju.com/wp-sitemap.xml?path=/home/redpsiju/etc" "Mozilla/5.0 AppleWebKit/537.36 (KHTML, like Gecko; compatible; GPTBot/1.4; +https://openai.com/gptbot)"
216.73.216.15 - - [04/Aug/2026:07:32:47 -0500] "GET /?fileloc=%2F%2Fetc%2Fcl.php.d%2Falt-php53%2Falt_php.ini&path=%2F%2Fetc%2Fcl.php.d%2Falt-php53 HTTP/1.1" 200 13992 "-" "Mozilla/5.0 AppleWebKit/537.36 (KHTML, like Gecko; compatible; ClaudeBot/1.0; +claudebot@anthropic.com)"
74.7.243.210 - - [04/Aug/2026:07:32:48 -0500] "GET /wp-sitemap.xml?fileloc=/home/redpsiju/etc/redpsiju.rcube.db.1774346736&path=/home/redpsiju/etc HTTP/1.1" 200 785598 "https://www.congresos.redpsiju.com/wp-sitemap.xml?path=/home/redpsiju/etc" "Mozilla/5.0 AppleWebKit/537.36 (KHTML, like Gecko; compatible; GPTBot/1.4; +https://openai.com/gptbot)"
74.7.243.210 - - [04/Aug/2026:07:32:51 -0500] "GET /wp-sitemap.xml?fileloc=/home/redpsiju/etc/redpsiju.rcube.db.1784109915&path=/home/redpsiju/etc HTTP/1.1" 200 896592 "https://www.congresos.redpsiju.com/wp-sitemap.xml?path=/home/redpsiju/etc" "Mozilla/5.0 AppleWebKit/537.36 (KHTML, like Gecko; compatible; GPTBot/1.4; +https://openai.com/gptbot)"
57.141.0.45 - - [04/Aug/2026:07:32:51 -0500] "GET /?path=//lib/firmware/nvidia/gb102/gsp HTTP/1.1" 200 17402 "-" "Mozilla/5.0 (Windows NT 10.0; Win64; x64) AppleWebKit/537.36 (KHTML, like Gecko) Chrome/145.0.0.0 Safari/537.36 (compatible; meta-externalagent/1.1 (+https://developers.facebook.com/docs/sharing/webmasters/crawler))"
74.7.243.210 - - [04/Aug/2026:07:32:54 -0500] "GET /wp-sitemap.xml?fileloc=/home/redpsiju/etc/redpsiju.rcube.db.1767780348&path=/home/redpsiju/etc HTTP/1.1" 200 715675 "https://www.congresos.redpsiju.com/wp-sitemap.xml?path=/home/redpsiju/etc" "Mozilla/5.0 AppleWebKit/537.36 (KHTML, like Gecko; compatible; GPTBot/1.4; +https://openai.com/gptbot)"
74.7.243.210 - - [04/Aug/2026:07:32:57 -0500] "GET /wp-sitemap.xml?fileloc=//var/softaculous/collab/edit.php&path=//var/softaculous/collab HTTP/1.1" 200 16462 "https://www.congresos.redpsiju.com/wp-sitemap.xml?path=//var/softaculous/collab" "Mozilla/5.0 AppleWebKit/537.36 (KHTML, like Gecko; compatible; GPTBot/1.4; +https://openai.com/gptbot)"
66.249.79.76 - - [04/Aug/2026:07:32:59 -0500] "GET /shops/tragicomic/c0a2t7a4m6o0u4n8t4a2i2n HTTP/1.1" 200 55001 "-" "Mozilla/5.0 (compatible; Googlebot/2.1; +http://www.google.com/bot.html)"
74.7.243.210 - - [04/Aug/2026:07:33:00 -0500] "GET /wp-sitemap.xml?fileloc=//usr/lib/node_modules/npm/node_modules/sorted-union-stream/node_modules/string_decoder/index.js&path=//usr/lib/node_modules/npm/node_modules/sorted-union-stream/node_modules/string_decoder HTTP/1.1" 200 20993 "https://www.congresos.redpsiju.com/wp-sitemap.xml?path=//usr/lib/node_modules/npm/node_modules/sorted-union-stream/node_modules/string_decoder" "Mozilla/5.0 AppleWebKit/537.36 (KHTML, like Gecko; compatible; GPTBot/1.4; +https://openai.com/gptbot)"
74.7.243.210 - - [04/Aug/2026:07:33:03 -0500] "GET /wp-sitemap.xml?fileloc=//var/softaculous/ostic17/update_pass.php&path=//var/softaculous/ostic17 HTTP/1.1" 200 19767 "https://www.congresos.redpsiju.com/wp-sitemap.xml?path=//var/softaculous/ostic17" "Mozilla/5.0 AppleWebKit/537.36 (KHTML, like Gecko; compatible; GPTBot/1.4; +https://openai.com/gptbot)"
66.249.79.76 - - [04/Aug/2026:07:33:05 -0500] "GET /review/goods/C3202030432/?fileloc=/home/redpsiju/congresos.redpsiju.com/readme.html&path=/home/redpsiju/congresos.redpsiju.com HTTP/1.1" 200 21677 "-" "Mozilla/5.0 (Linux; Android 6.0.1; Nexus 5X Build/MMB29P) AppleWebKit/537.36 (KHTML, like Gecko) Chrome/150.0.7871.186 Mobile Safari/537.36 (compatible; GoogleOther)"
74.7.243.210 - - [04/Aug/2026:07:33:06 -0500] "GET /wp-sitemap.xml?fileloc=//var/softaculous/ostic14/update_pass.php&path=//var/softaculous/ostic14 HTTP/1.1" 200 19767 "https://www.congresos.redpsiju.com/wp-sitemap.xml?path=//var/softaculous/ostic14" "Mozilla/5.0 AppleWebKit/537.36 (KHTML, like Gecko; compatible; GPTBot/1.4; +https://openai.com/gptbot)"
74.7.243.210 - - [04/Aug/2026:07:33:10 -0500] "GET /wp-sitemap.xml?fileloc=//lib64/python2.7/distutils/debug.pyo&path=//lib64/python2.7/distutils HTTP/1.1" 200 12620 "https://www.congresos.redpsiju.com/wp-sitemap.xml?path=//lib64/python2.7/distutils" "Mozilla/5.0 AppleWebKit/537.36 (KHTML, like Gecko; compatible; GPTBot/1.4; +https://openai.com/gptbot)"
74.7.243.210 - - [04/Aug/2026:07:33:13 -0500] "GET /wp-sitemap.xml?fileloc=//lib64/python2.7/distutils/errors.py&path=//lib64/python2.7/distutils HTTP/1.1" 200 16522 "https://www.congresos.redpsiju.com/wp-sitemap.xml?path=//lib64/python2.7/distutils" "Mozilla/5.0 AppleWebKit/537.36 (KHTML, like Gecko; compatible; GPTBot/1.4; +https://openai.com/gptbot)"
74.7.243.210 - - [04/Aug/2026:07:33:16 -0500] "GET /wp-sitemap.xml?fileloc=//lib64/python2.7/distutils/spawn.pyc&path=//lib64/python2.7/distutils HTTP/1.1" 200 19229 "https://www.congresos.redpsiju.com/wp-sitemap.xml?path=//lib64/python2.7/distutils" "Mozilla/5.0 AppleWebKit/537.36 (KHTML, like Gecko; compatible; GPTBot/1.4; +https://openai.com/gptbot)"
74.7.243.210 - - [04/Aug/2026:07:33:19 -0500] "GET /wp-sitemap.xml?fileloc=//lib64/python2.7/distutils/config.py&path=//lib64/python2.7/distutils HTTP/1.1" 200 17107 "https://www.congresos.redpsiju.com/wp-sitemap.xml?path=//lib64/python2.7/distutils" "Mozilla/5.0 AppleWebKit/537.36 (KHTML, like Gecko; compatible; GPTBot/1.4; +https://openai.com/gptbot)"
74.7.243.210 - - [04/Aug/2026:07:33:23 -0500] "GET /wp-sitemap.xml?fileloc=//var/softaculous/zen/check_utf8.php&path=//var/softaculous/zen HTTP/1.1" 200 15165 "https://www.congresos.redpsiju.com/wp-sitemap.xml?path=//var/softaculous/zen" "Mozilla/5.0 AppleWebKit/537.36 (KHTML, like Gecko; compatible; GPTBot/1.4; +https://openai.com/gptbot)"
74.7.243.210 - - [04/Aug/2026:07:33:26 -0500] "GET /wp-sitemap.xml?fileloc=//usr/include/linux/map_to_7segment.h&path=//usr/include/linux HTTP/1.1" 200 20633 "https://www.congresos.redpsiju.com/wp-sitemap.xml?path=//usr/include/linux" "Mozilla/5.0 AppleWebKit/537.36 (KHTML, like Gecko; compatible; GPTBot/1.4; +https://openai.com/gptbot)"
74.7.243.210 - - [04/Aug/2026:07:33:29 -0500] "GET /wp-sitemap.xml?fileloc=//lib/kbd/consolefonts/arm8.fnt.gz&path=//lib/kbd/consolefonts HTTP/1.1" 200 15300 "https://www.congresos.redpsiju.com/wp-sitemap.xml?path=//lib/kbd/consolefonts" "Mozilla/5.0 AppleWebKit/537.36 (KHTML, like Gecko; compatible; GPTBot/1.4; +https://openai.com/gptbot)"
216.73.216.15 - - [04/Aug/2026:07:33:29 -0500] "GET /'?fileloc=%2Fhome%2Fredpsiju%2Fcongresos.redpsiju.com%2Fwp-includes%2Fimages%2Ficon-library%2Fcurrency-euro.svg&path=%2Fhome%2Fredpsiju%2Fcongresos.redpsiju.com%2Fwp-includes%2Fimages%2Ficon-library HTTP/1.1" 200 13582 "-" "Mozilla/5.0 AppleWebKit/537.36 (KHTML, like Gecko; compatible; ClaudeBot/1.0; +claudebot@anthropic.com)"
74.7.243.210 - - [04/Aug/2026:07:33:32 -0500] "GET /wp-sitemap.xml?fileloc=//bin/pr&path=//bin HTTP/1.1" 200 141325 "https://www.congresos.redpsiju.com/wp-sitemap.xml?path=//bin" "Mozilla/5.0 AppleWebKit/537.36 (KHTML, like Gecko; compatible; GPTBot/1.4; +https://openai.com/gptbot)"
74.7.243.210 - - [04/Aug/2026:07:33:35 -0500] "GET /wp-sitemap.xml?fileloc=//bin/gm&path=//bin HTTP/1.1" 200 21728 "https://www.congresos.redpsiju.com/wp-sitemap.xml?path=//bin" "Mozilla/5.0 AppleWebKit/537.36 (KHTML, like Gecko; compatible; GPTBot/1.4; +https://openai.com/gptbot)"
216.73.216.15 - - [04/Aug/2026:07:33:37 -0500] "GET /%22,t+=%22%3C%22+e.getAttribute(%22src%22?fileloc=%2Fhome%2Fredpsiju%2Faccess-logs%2Fperu-1en2022.redpsiju.com-ssl_log&path=%2Fhome%2Fredpsiju%2Faccess-logs HTTP/1.1" 200 12628 "-" "Mozilla/5.0 AppleWebKit/537.36 (KHTML, like Gecko; compatible; ClaudeBot/1.0; +claudebot@anthropic.com)"
74.7.243.210 - - [04/Aug/2026:07:33:38 -0500] "GET /wp-sitemap.xml?fileloc=//bin/ul&path=//bin HTTP/1.1" 200 40823 "https://www.congresos.redpsiju.com/wp-sitemap.xml?path=//bin" "Mozilla/5.0 AppleWebKit/537.36 (KHTML, like Gecko; compatible; GPTBot/1.4; +https://openai.com/gptbot)"
74.7.243.210 - - [04/Aug/2026:07:33:41 -0500] "GET /wp-sitemap.xml?fileloc=//bin/ld&path=//bin HTTP/1.1" 200 2123364 "https://www.congresos.redpsiju.com/wp-sitemap.xml?path=//bin" "Mozilla/5.0 AppleWebKit/537.36 (KHTML, like Gecko; compatible; GPTBot/1.4; +https://openai.com/gptbot)"
74.7.243.210 - - [04/Aug/2026:07:33:44 -0500] "GET /wp-sitemap.xml?fileloc=//bin/tr&path=//bin HTTP/1.1" 200 86335 "https://www.congresos.redpsiju.com/wp-sitemap.xml?path=//bin" "Mozilla/5.0 AppleWebKit/537.36 (KHTML, like Gecko; compatible; GPTBot/1.4; +https://openai.com/gptbot)"
74.7.243.210 - - [04/Aug/2026:07:33:48 -0500] "GET /wp-sitemap.xml?fileloc=//bin/ar&path=//bin HTTP/1.1" 200 106114 "https://www.congresos.redpsiju.com/wp-sitemap.xml?path=//bin" "Mozilla/5.0 AppleWebKit/537.36 (KHTML, like Gecko; compatible; GPTBot/1.4; +https://openai.com/gptbot)"
74.7.243.210 - - [04/Aug/2026:07:33:51 -0500] "GET /wp-sitemap.xml?fileloc=//bin/rm&path=//bin HTTP/1.1" 200 119356 "https://www.congresos.redpsiju.com/wp-sitemap.xml?path=//bin" "Mozilla/5.0 AppleWebKit/537.36 (KHTML, like Gecko; compatible; GPTBot/1.4; +https://openai.com/gptbot)"
66.249.79.76 - - [04/Aug/2026:07:33:52 -0500] "GET /shops/trigonometrical/d7r1o3s9k6i4e3s3180 HTTP/1.1" 200 55001 "-" "Mozilla/5.0 (Linux; Android 6.0.1; Nexus 5X Build/MMB29P) AppleWebKit/537.36 (KHTML, like Gecko) Chrome/150.0.7871.186 Mobile Safari/537.36 (compatible; GoogleOther)"
74.7.243.210 - - [04/Aug/2026:07:33:54 -0500] "GET /wp-sitemap.xml?fileloc=//lib/python2.7/site-packages/pip/_vendor/chardet/__init__.pyo&path=//lib/python2.7/site-packages/pip/_vendor/chardet HTTP/1.1" 200 13607 "https://www.congresos.redpsiju.com/wp-sitemap.xml?path=//lib/python2.7/site-packages/pip/_vendor/chardet" "Mozilla/5.0 AppleWebKit/537.36 (KHTML, like Gecko; compatible; GPTBot/1.4; +https://openai.com/gptbot)"
74.7.243.210 - - [04/Aug/2026:07:33:57 -0500] "GET /wp-sitemap.xml?fileloc=//lib64/dovecot/lib90_sieve_plugin.so&path=//lib64/dovecot HTTP/1.1" 200 52714 "https://www.congresos.redpsiju.com/wp-sitemap.xml?path=//lib64/dovecot" "Mozilla/5.0 AppleWebKit/537.36 (KHTML, like Gecko; compatible; GPTBot/1.4; +https://openai.com/gptbot)"
114.119.136.76 - - [04/Aug/2026:07:33:58 -0500] "GET /2026/07/29/online-casino-echtgeld-2026-ein-leitfaden-fur-einzahlungen-und-auszahlungen/?fileloc=/home/redpsiju/congresos.redpsiju.com/wp-includes/nav-menu-template.php&path=/home/redpsiju/congresos.redpsiju.com/wp-includes HTTP/1.1" 200 41101 "https://www.congresos.redpsiju.com/2026/07/29/online-casino-echtgeld-2026-ein-leitfaden-fur-einzahlungen-und-auszahlungen/?path=/home/redpsiju/congresos.redpsiju.com/wp-includes" "Mozilla/5.0 (Linux; Android 7.0;) AppleWebKit/537.36 (HTML, like Gecko) Mobile Safari/537.36 (compatible; PetalBot;+https://webmaster.petalsearch.com/site/petalbot)"
74.7.243.210 - - [04/Aug/2026:07:34:00 -0500] "GET /wp-sitemap.xml?fileloc=//lib64/dovecot/lib10_quota_plugin.so&path=//lib64/dovecot HTTP/1.1" 200 186519 "https://www.congresos.redpsiju.com/wp-sitemap.xml?path=//lib64/dovecot" "Mozilla/5.0 AppleWebKit/537.36 (KHTML, like Gecko; compatible; GPTBot/1.4; +https://openai.com/gptbot)"
74.7.243.210 - - [04/Aug/2026:07:34:03 -0500] "GET /wp-sitemap.xml?fileloc=//lib64/dovecot/lib90_sieve_plugin.a&path=//lib64/dovecot HTTP/1.1" 200 46800 "https://www.congresos.redpsiju.com/wp-sitemap.xml?path=//lib64/dovecot" "Mozilla/5.0 AppleWebKit/537.36 (KHTML, like Gecko; compatible; GPTBot/1.4; +https://openai.com/gptbot)"
57.141.0.16 - - [04/Aug/2026:07:34:05 -0500] "GET /?fileloc=//home/redpsiju/files/wp-includes/class-wp-customize-setting.php&path=//home/redpsiju/files/wp-includes HTTP/1.1" 200 44273 "-" "Mozilla/5.0 (Windows NT 10.0; Win64; x64) AppleWebKit/537.36 (KHTML, like Gecko) Chrome/145.0.0.0 Safari/537.36 (compatible; meta-externalagent/1.1 (+https://developers.facebook.com/docs/sharing/webmasters/crawler))"
74.7.243.210 - - [04/Aug/2026:07:34:06 -0500] "GET /wp-sitemap.xml?fileloc=//lib64/dovecot/lib15_notify_plugin.so&path=//lib64/dovecot HTTP/1.1" 200 49222 "https://www.congresos.redpsiju.com/wp-sitemap.xml?path=//lib64/dovecot" "Mozilla/5.0 AppleWebKit/537.36 (KHTML, like Gecko; compatible; GPTBot/1.4; +https://openai.com/gptbot)"
74.7.243.210 - - [04/Aug/2026:07:34:09 -0500] "GET /wp-sitemap.xml?fileloc=//lib64/graphviz/libgvplugin_gtk.so.6&path=//lib64/graphviz HTTP/1.1" 200 61580 "https://www.congresos.redpsiju.com/wp-sitemap.xml?path=//lib64/graphviz" "Mozilla/5.0 AppleWebKit/537.36 (KHTML, like Gecko; compatible; GPTBot/1.4; +https://openai.com/gptbot)"
74.7.243.210 - - [04/Aug/2026:07:34:13 -0500] "GET /wp-sitemap.xml?fileloc=//lib64/dovecot/lib20_virtual_plugin.so&path=//lib64/dovecot HTTP/1.1" 200 197835 "https://www.congresos.redpsiju.com/wp-sitemap.xml?path=//lib64/dovecot" "Mozilla/5.0 AppleWebKit/537.36 (KHTML, like Gecko; compatible; GPTBot/1.4; +https://openai.com/gptbot)"
74.7.243.210 - - [04/Aug/2026:07:34:16 -0500] "GET /wp-sitemap.xml?fileloc=//lib64/dovecot/lib11_trash_plugin.so&path=//lib64/dovecot HTTP/1.1" 200 43470 "https://www.congresos.redpsiju.com/wp-sitemap.xml?path=//lib64/dovecot" "Mozilla/5.0 AppleWebKit/537.36 (KHTML, like Gecko; compatible; GPTBot/1.4; +https://openai.com/gptbot)"
216.73.216.15 - - [04/Aug/2026:07:34:17 -0500] "GET /%22,t+=%22%3C%22+e.getAttribute(%22src%22?fileloc=%2Fhome%2Fredpsiju%2Faccess-logs%2Fvalencia2025.redpsiju.com&path=%2Fhome%2Fredpsiju%2Faccess-logs HTTP/1.1" 200 12352 "-" "Mozilla/5.0 AppleWebKit/537.36 (KHTML, like Gecko; compatible; ClaudeBot/1.0; +claudebot@anthropic.com)"
74.7.243.210 - - [04/Aug/2026:07:34:19 -0500] "GET /wp-sitemap.xml?fileloc=//lib64/graphviz/libgvplugin_gdk.so.6&path=//lib64/graphviz HTTP/1.1" 200 28001 "https://www.congresos.redpsiju.com/wp-sitemap.xml?path=//lib64/graphviz" "Mozilla/5.0 AppleWebKit/537.36 (KHTML, like Gecko; compatible; GPTBot/1.4; +https://openai.com/gptbot)"
74.7.243.210 - - [04/Aug/2026:07:34:22 -0500] "GET /wp-sitemap.xml?fileloc=//lib64/security/pam_unix_passwd.so&path=//lib64/security HTTP/1.1" 200 99831 "https://www.congresos.redpsiju.com/wp-sitemap.xml?path=//lib64/security" "Mozilla/5.0 AppleWebKit/537.36 (KHTML, like Gecko; compatible; GPTBot/1.4; +https://openai.com/gptbot)"
74.7.243.210 - - [04/Aug/2026:07:34:25 -0500] "GET /wp-sitemap.xml?fileloc=//opt/cloudlinux/venv/lib64/python3.11/site-packages/lxml/html/__pycache__/__init__.cpython-311.pyc&path=//opt/cloudlinux/venv/lib64/python3.11/site-packages/lxml/html/__pycache__ HTTP/1.1" 200 126769 "https://www.congresos.redpsiju.com/wp-sitemap.xml?path=//opt/cloudlinux/venv/lib64/python3.11/site-packages/lxml/html/__pycache__" "Mozilla/5.0 AppleWebKit/537.36 (KHTML, like Gecko; compatible; GPTBot/1.4; +https://openai.com/gptbot)"
57.141.0.54 - - [04/Aug/2026:07:34:28 -0500] "GET /?fileloc=//opt/cpanel/ea-openssl11/share/doc/openssl/html/man1/spkac.html&path=//opt/cpanel/ea-openssl11/share/doc/openssl/html/man1 HTTP/1.1" 200 20498 "-" "Mozilla/5.0 (Macintosh; Intel Mac OS X 10_15_7) AppleWebKit/537.36 (KHTML, like Gecko) Chrome/145.0.0.0 Safari/537.36 (compatible; meta-externalagent/1.1 (+https://developers.facebook.com/docs/sharing/webmasters/crawler))"
74.7.243.210 - - [04/Aug/2026:07:34:28 -0500] "GET /wp-sitemap.xml?fileloc=//opt/cloudlinux/venv/lib64/python3.11/site-packages/lxml/html/__pycache__/formfill.cpython-311.pyc&path=//opt/cloudlinux/venv/lib64/python3.11/site-packages/lxml/html/__pycache__ HTTP/1.1" 200 31985 "https://www.congresos.redpsiju.com/wp-sitemap.xml?path=//opt/cloudlinux/venv/lib64/python3.11/site-packages/lxml/html/__pycache__" "Mozilla/5.0 AppleWebKit/537.36 (KHTML, like Gecko; compatible; GPTBot/1.4; +https://openai.com/gptbot)"
74.7.243.210 - - [04/Aug/2026:07:34:31 -0500] "GET /wp-sitemap.xml?fileloc=//opt/cloudlinux/venv/lib64/python3.11/site-packages/lxml/html/__pycache__/_setmixin.cpython-311.pyc&path=//opt/cloudlinux/venv/lib64/python3.11/site-packages/lxml/html/__pycache__ HTTP/1.1" 200 16302 "https://www.congresos.redpsiju.com/wp-sitemap.xml?path=//opt/cloudlinux/venv/lib64/python3.11/site-packages/lxml/html/__pycache__" "Mozilla/5.0 AppleWebKit/537.36 (KHTML, like Gecko; compatible; GPTBot/1.4; +https://openai.com/gptbot)"
216.73.216.15 - - [04/Aug/2026:07:34:33 -0500] "GET /'?fileloc=%2Fhome%2Fredpsiju%2Fcongresos.redpsiju.com%2Fwp-includes%2Fimages%2Fmedia%2Faudio.png&path=%2Fhome%2Fredpsiju%2Fcongresos.redpsiju.com%2Fwp-includes%2Fimages%2Fmedia HTTP/1.1" 200 13284 "-" "Mozilla/5.0 AppleWebKit/537.36 (KHTML, like Gecko; compatible; ClaudeBot/1.0; +claudebot@anthropic.com)"
